000
CDUS43 KJKL 160530
CLIJKL

CLIMATE REPORT
NATIONAL WEATHER SERVICE JACKSON KY
130 AM EDT THU MAR 16 2017


...................................

...THE JACKSON KY CLIMATE SUMMARY FOR MARCH 15 2017...

CLIMATE NORMAL PERIOD 1981 TO 2010
CLIMATE RECORD PERIOD 1981 TO 2017


WEATHER ITEM   OBSERVED TIME   RECORD YEAR NORMAL DEPARTURE LAST
                VALUE   (LST)  VALUE       VALUE  FROM      YEAR
                                                  NORMAL
..................................................................
TEMPERATURE (F)
 YESTERDAY
  MAXIMUM         31    444 PM  81    1990  57    -26       80
  MINIMUM         16    724 AM   8    1993  37    -21       53
  AVERAGE         24                        47    -23       67

PRECIPITATION (IN)
  YESTERDAY        T             0.75 2012   0.14  -0.14     0.00
                                      1982
  MONTH TO DATE    1.84                      1.99  -0.15     1.19
  SINCE MAR 1      1.84                      1.99  -0.15     1.19
  SINCE JAN 1      9.41                      9.35   0.06    10.75

SNOWFALL (IN)
  YESTERDAY        0.2           1.1  1988   0.1    0.1      0.0
  MONTH TO DATE    0.2                       1.7   -1.5      2.8
  SINCE MAR 1      0.2                       1.7   -1.5      2.8
  SINCE JUL 1      4.8                      21.3  -16.5     32.4
  SNOW DEPTH       0

DEGREE DAYS
 HEATING
  YESTERDAY       41                        18     23        0
  MONTH TO DATE  323                       305     18      179
  SINCE MAR 1    323                       305     18      179
  SINCE JUL 1   2815                      3605   -790     2933

COOLING
  YESTERDAY        0                         0      0        2
  MONTH TO DATE    0                         0      0        7
  SINCE MAR 1      0                         0      0        7
  SINCE JAN 1      2                         0      2        7
..................................................................


WIND (MPH)
  HIGHEST WIND SPEED    17   HIGHEST WIND DIRECTION    NW (320)
  HIGHEST GUST SPEED    27   HIGHEST GUST DIRECTION     W (280)
  AVERAGE WIND SPEED     6.9


SKY COVER
  POSSIBLE SUNSHINE  MM
  AVERAGE SKY COVER 0.6


WEATHER CONDITIONS
 THE FOLLOWING WEATHER WAS RECORDED YESTERDAY.
  LIGHT SNOW
  FOG
  HAZE


RELATIVE HUMIDITY (PERCENT)
 HIGHEST    74           500 AM
 LOWEST     39           300 PM
 AVERAGE    57

..........................................................


THE JACKSON KY CLIMATE NORMALS FOR TODAY
                         NORMAL    RECORD    YEAR
 MAXIMUM TEMPERATURE (F)   58        78      2015
                                             1995
 MINIMUM TEMPERATURE (F)   37        18      1988


SUNRISE AND SUNSET
MARCH 16 2017.........SUNRISE   742 AM EDT   SUNSET   742 PM EDT
MARCH 17 2017.........SUNRISE   741 AM EDT   SUNSET   743 PM EDT


-  INDICATES NEGATIVE NUMBERS.
R  INDICATES RECORD WAS SET OR TIED.
MM INDICATES DATA IS MISSING.
T  INDICATES TRACE AMOUNT.




$$
