000
CDUS43 KJKL 190836 RRA
CLIJKL

CLIMATE REPORT
NATIONAL WEATHER SERVICE JACKSON KY
436 AM EDT TUE MAY 19 2015

...................................

...THE JACKSON KY CLIMATE SUMMARY FOR MAY 18 2015...

CLIMATE NORMAL PERIOD 1981 TO 2010
CLIMATE RECORD PERIOD 1981 TO 2015


WEATHER ITEM   OBSERVED TIME   RECORD YEAR NORMAL DEPARTURE LAST
                VALUE   (LST)  VALUE       VALUE  FROM      YEAR
                                                  NORMAL
..................................................................

TEMPERATURE (F)
 YESTERDAY
  MAXIMUM         78    457 PM  88    1996  75      3       66
                                      1982
  MINIMUM         65   1032 PM  41    2002  55     10       42
  AVERAGE         72                        65      7       54

PRECIPITATION (IN)
  YESTERDAY        0.37          2.18 1995   0.16   0.21     0.00
  MONTH TO DATE    1.17                      2.95  -1.78     1.21
  SINCE MAR 1     17.72                     10.90   6.82    12.15
  SINCE JAN 1     23.90                     18.26   5.64    19.77

SNOWFALL (IN)
  YESTERDAY        0.0           0.0  2002   0.0    0.0      0.0
                                      2001
  MONTH TO DATE    0.0                       0.0    0.0      0.0
  SINCE MAR 1      3.7                       3.9   -0.2     11.9
  SINCE JUL 1     29.1                      23.5    5.6     38.9
  SNOW DEPTH       0

DEGREE DAYS
 HEATING
  YESTERDAY        0                         3     -3       11
  MONTH TO DATE   22                        72    -50       73
  SINCE MAR 1    779                       893   -114      902
  SINCE JUL 1   4544                      4193    351     4503

 COOLING
  YESTERDAY        7                         3      4        0
  MONTH TO DATE  104                        43     61       74
  SINCE MAR 1    129                        89     40      113
  SINCE JAN 1    129                        89     40      113
..................................................................

WIND (MPH)
  HIGHEST WIND SPEED    14   HIGHEST WIND DIRECTION     W (280)
  HIGHEST GUST SPEED    23   HIGHEST GUST DIRECTION     W (290)
  AVERAGE WIND SPEED     1.2


SKY COVER
  POSSIBLE SUNSHINE  MM
  AVERAGE SKY COVER 0.6


WEATHER CONDITIONS
 THE FOLLOWING WEATHER WAS RECORDED YESTERDAY.
  THUNDERSTORM
  HEAVY RAIN
  RAIN
  LIGHT RAIN
  FOG
  FOG W/VISIBILITY <= 1/4 MILE
  HAZE


RELATIVE HUMIDITY (PERCENT)
 HIGHEST   100           800 PM
 LOWEST     69          1100 AM
 AVERAGE    85
..........................................................

THE JACKSON KY CLIMATE NORMALS FOR TODAY
                         NORMAL    RECORD    YEAR
 MAXIMUM TEMPERATURE (F)   75        88      1996
 MINIMUM TEMPERATURE (F)   55        36      2002


SUNRISE AND SUNSET
MAY 19 2015...........SUNRISE   621 AM EDT   SUNSET   839 PM EDT
MAY 20 2015...........SUNRISE   620 AM EDT   SUNSET   840 PM EDT


-  INDICATES NEGATIVE NUMBERS.
R  INDICATES RECORD WAS SET OR TIED.
MM INDICATES DATA IS MISSING.
T  INDICATES TRACE AMOUNT.
$$
