000
CDUS43 KJKL 170524
CLIJKL

CLIMATE REPORT
NATIONAL WEATHER SERVICE JACKSON KY
124 AM EDT SUN APR 17 2016


...................................

...THE JACKSON KY CLIMATE SUMMARY FOR APRIL 16 2016...

CLIMATE NORMAL PERIOD 1981 TO 2010
CLIMATE RECORD PERIOD 1981 TO 2016


WEATHER ITEM   OBSERVED TIME   RECORD YEAR NORMAL DEPARTURE LAST
                VALUE   (LST)  VALUE       VALUE  FROM      YEAR
                                                  NORMAL
..................................................................
TEMPERATURE (F)
 YESTERDAY
  MAXIMUM         76    352 PM  87    2002  68      8       68
  MINIMUM         52    630 AM  27    2014  47      5       54
  AVERAGE         64                        58      6       61

PRECIPITATION (IN)
  YESTERDAY        0.00          2.10 1998   0.12  -0.12     0.40
  MONTH TO DATE    0.74                      1.99  -1.25     9.11
  SINCE MAR 1      3.12                      6.11  -2.99    15.37
  SINCE JAN 1     12.68                     13.47  -0.79    21.55

SNOWFALL (IN)
  YESTERDAY        0.0           T    1996   0.1   -0.1      0.0
                                      1986
  MONTH TO DATE    0.1                       0.9   -0.8      0.0
  SINCE MAR 1      2.9                       3.8   -0.9      3.7
  SINCE JUL 1     32.5                      23.4    9.1     29.1
  SNOW DEPTH       0

DEGREE DAYS
 HEATING
  YESTERDAY        1                         9     -8        4
  MONTH TO DATE  205                       172     33       91
  SINCE MAR 1    544                       725   -181      639
  SINCE JUL 1   3298                      4025   -727     4404

COOLING
  YESTERDAY        0                         1     -1        0
  MONTH TO DATE    2                        16    -14       18
  SINCE MAR 1     10                        23    -13       18
  SINCE JAN 1     10                        23    -13       18
..................................................................


WIND (MPH)
  HIGHEST WIND SPEED     9   HIGHEST WIND DIRECTION    SE (140)
  HIGHEST GUST SPEED    16   HIGHEST GUST DIRECTION     E (90)
  AVERAGE WIND SPEED     3.4


SKY COVER
  POSSIBLE SUNSHINE  MM
  AVERAGE SKY COVER 0.0


WEATHER CONDITIONS
 THE FOLLOWING WEATHER WAS RECORDED YESTERDAY.
  NO SIGNIFICANT WEATHER WAS OBSERVED.


RELATIVE HUMIDITY (PERCENT)
 HIGHEST    41           700 AM
 LOWEST     17           600 PM
 AVERAGE    29

..........................................................


THE JACKSON KY CLIMATE NORMALS FOR TODAY
                         NORMAL    RECORD    YEAR
 MAXIMUM TEMPERATURE (F)   69        86      2002
 MINIMUM TEMPERATURE (F)   47        28      2001


SUNRISE AND SUNSET
APRIL 17 2016.........SUNRISE   655 AM EDT   SUNSET   811 PM EDT
APRIL 18 2016.........SUNRISE   654 AM EDT   SUNSET   812 PM EDT


-  INDICATES NEGATIVE NUMBERS.
R  INDICATES RECORD WAS SET OR TIED.
MM INDICATES DATA IS MISSING.
T  INDICATES TRACE AMOUNT.

$$
