000
CDUS43 KJKL 062119
CLIJKL

CLIMATE REPORT
NATIONAL WEATHER SERVICE JACKSON KY
419 PM EST SAT JAN 6 2018

...................................

...THE JACKSON KY CLIMATE SUMMARY FOR JANUARY 6 2018...
VALID TODAY AS OF 0400 PM LOCAL TIME.

CLIMATE NORMAL PERIOD 1981 TO 2010
CLIMATE RECORD PERIOD 1981 TO 2018

WEATHER ITEM   OBSERVED TIME   RECORD YEAR NORMAL DEPARTURE LAST
                VALUE   (LST)  VALUE       VALUE  FROM      YEAR
                                                  NORMAL
..................................................................
TEMPERATURE (F)
 TODAY
  MAXIMUM         21    253 PM  68    1998  43    -22       22
  MINIMUM          2    606 AM  -3    2014  27    -25       13
  AVERAGE         12                        35    -23       18

PRECIPITATION (IN)
  TODAY            0.00          2.04 1995   0.12  -0.12     0.01
  MONTH TO DATE    0.01                      0.70  -0.69     0.79
  SINCE DEC 1      3.29                      4.88  -1.59     6.95
  SINCE JAN 1      0.01                      0.70  -0.69     0.79

SNOWFALL (IN)
  TODAY            0.0           8.5  1996   0.2   -0.2      0.2
  MONTH TO DATE    0.1                       1.2   -1.1      2.4
  SINCE DEC 1      1.1                       6.1   -5.0      2.7
  SINCE JUL 1      1.1                       6.7   -5.6      2.7
  SNOW DEPTH       0

DEGREE DAYS
 HEATING
  TODAY           53                        30     23       47
  MONTH TO DATE  300                       180    120      153
  SINCE DEC 1   1180                      1014    166      950
  SINCE JUL 1   1902                      1814     88     1476

 COOLING
  TODAY            0                         0      0        0
  MONTH TO DATE    0                         0      0        0
  SINCE DEC 1      0                         1     -1        0
  SINCE JAN 1      0                         0      0        0
..................................................................

WIND (MPH)
  HIGHEST WIND SPEED     8   HIGHEST WIND DIRECTION     W (290)
  HIGHEST GUST SPEED    13   HIGHEST GUST DIRECTION    NW (300)
  AVERAGE WIND SPEED     2.6

SKY COVER
  POSSIBLE SUNSHINE  MM
  AVERAGE SKY COVER 0.1

WEATHER CONDITIONS
 THE FOLLOWING WEATHER WAS RECORDED TODAY.
  HAZE

RELATIVE HUMIDITY (PERCENT)
 HIGHEST    72           500 AM
 LOWEST     41           300 PM
 AVERAGE    57
..........................................................

THE JACKSON KY CLIMATE NORMALS FOR TOMORROW
                         NORMAL    RECORD    YEAR
 MAXIMUM TEMPERATURE (F)   43        71      2008
 MINIMUM TEMPERATURE (F)   27        -7      2014

SUNRISE AND SUNSET
JANUARY  6 2018.......SUNRISE   749 AM EST   SUNSET   530 PM EST
JANUARY  7 2018.......SUNRISE   749 AM EST   SUNSET   531 PM EST

-  INDICATES NEGATIVE NUMBERS.
R  INDICATES RECORD WAS SET OR TIED.
MM INDICATES DATA IS MISSING.
T  INDICATES TRACE AMOUNT.

$$

TAB
