000
CDUS43 KJKL 110847
CLIJKL

CLIMATE REPORT
NATIONAL WEATHER SERVICE JACKSON KY
447 AM EDT MON AUG 11 2014

...................................

...THE JACKSON KY CLIMATE SUMMARY FOR AUGUST 10 2014...

CLIMATE NORMAL PERIOD 1981 TO 2010
CLIMATE RECORD PERIOD 1981 TO 2014


WEATHER ITEM   OBSERVED TIME   RECORD YEAR NORMAL DEPARTURE LAST
                VALUE   (LST)  VALUE       VALUE  FROM      YEAR
                                                  NORMAL
..................................................................

TEMPERATURE (F)
 YESTERDAY
  MAXIMUM         78    250 PM  95    2010  85     -7       81
  MINIMUM         69    622 AM  54    1989  66      3       69
  AVERAGE         74                        75     -1       75

PRECIPITATION (IN)
  YESTERDAY        1.30R         0.76 2013   0.14   1.16     0.76
  MONTH TO DATE    3.63                      1.39   2.24     2.06
  SINCE JUN 1     12.52                     10.74   1.78    15.04
  SINCE JAN 1     33.38                     31.25   2.13    35.24

SNOWFALL (IN)
  YESTERDAY        0.0                       0.0    0.0      0.0
  MONTH TO DATE    0.0                       0.0    0.0      0.0
  SINCE JUN 1      0.0                       0.0    0.0      0.0
  SINCE JUL 1      0.0                       0.0    0.0      0.0
  SNOW DEPTH       0

DEGREE DAYS
 HEATING
  YESTERDAY        0                         0      0        0
  MONTH TO DATE    0                         0      0        0
  SINCE JUN 1      3                        12     -9        0
  SINCE JUL 1      3                         0      3        0

 COOLING
  YESTERDAY        9                        10     -1       10
  MONTH TO DATE   73                       100    -27       86
  SINCE JUN 1    609                       644    -35      583
  SINCE JAN 1    800                       780     20      731
..................................................................

WIND (MPH)
  HIGHEST WIND SPEED     7   HIGHEST WIND DIRECTION    SE (140)
  HIGHEST GUST SPEED    11   HIGHEST GUST DIRECTION     E (100)
  AVERAGE WIND SPEED     1.5


SKY COVER
  POSSIBLE SUNSHINE  MM
  AVERAGE SKY COVER 0.9


WEATHER CONDITIONS
 THE FOLLOWING WEATHER WAS RECORDED YESTERDAY.
  THUNDERSTORM
  HEAVY RAIN
  RAIN
  LIGHT RAIN
  FOG
  FOG W/VISIBILITY <= 1/4 MILE


RELATIVE HUMIDITY (PERCENT)
 HIGHEST    97           100 AM
 LOWEST     76           300 PM
 AVERAGE    87
..........................................................

THE JACKSON KY CLIMATE NORMALS FOR TODAY
                         NORMAL    RECORD    YEAR
 MAXIMUM TEMPERATURE (F)   85        97      2010
 MINIMUM TEMPERATURE (F)   66        55      2008


SUNRISE AND SUNSET
AUGUST 11 2014........SUNRISE   646 AM EDT   SUNSET   831 PM EDT
AUGUST 12 2014........SUNRISE   646 AM EDT   SUNSET   829 PM EDT


-  INDICATES NEGATIVE NUMBERS.
R  INDICATES RECORD WAS SET OR TIED.
MM INDICATES DATA IS MISSING.
T  INDICATES TRACE AMOUNT.
$$
