000
CDUS43 KJKL 080534
CLIJKL

CLIMATE REPORT
NATIONAL WEATHER SERVICE JACKSON KY
125 AM EDT THU JUN 8 2017

...................................

...THE JACKSON KY CLIMATE SUMMARY FOR JUNE 7 2017...

CLIMATE NORMAL PERIOD 1981 TO 2010
CLIMATE RECORD PERIOD 1981 TO 2017

WEATHER ITEM   OBSERVED TIME   RECORD YEAR NORMAL DEPARTURE LAST
                VALUE   (LST)  VALUE       VALUE  FROM      YEAR
                                                  NORMAL
..................................................................
TEMPERATURE (F)
 YESTERDAY
  MAXIMUM         70    437 PM  90    1988  80    -10       79
  MINIMUM         54    613 AM  44    1998  60     -6       61
  AVERAGE         62                        70     -8       70

PRECIPITATION (IN)
  YESTERDAY        0.00          1.48 1994   0.16  -0.16     0.03
  MONTH TO DATE    1.35                      1.17   0.18     1.44
  SINCE JUN 1      1.35                      1.17   0.18     1.44
  SINCE JAN 1     24.77                     21.68   3.09    24.24

SNOWFALL (IN)
  YESTERDAY        0.0                       0.0    0.0      0.0
  MONTH TO DATE    0.0                       0.0    0.0      0.0
  SINCE JUN 1      0.0                       0.0    0.0      0.0
  SINCE JUL 1      4.8                      23.5  -18.7     32.5
  SNOW DEPTH       0

DEGREE DAYS
 HEATING
  YESTERDAY        3                         1      2        0
  MONTH TO DATE    3                         7     -4        0
  SINCE JUN 1      3                         7     -4        0
  SINCE JUL 1   3212                      4229  -1017     3454

 COOLING
  YESTERDAY        0                         6     -6        5
  MONTH TO DATE   26                        37    -11       64
  SINCE JUN 1     26                        37    -11       64
  SINCE JAN 1    225                       173     52      205
..................................................................

WIND (MPH)
  HIGHEST WIND SPEED     7   HIGHEST WIND DIRECTION    NW (330)
  HIGHEST GUST SPEED    13   HIGHEST GUST DIRECTION    NW (320)
  AVERAGE WIND SPEED     0.0

SKY COVER
  POSSIBLE SUNSHINE  MM
  AVERAGE SKY COVER 0.4

WEATHER CONDITIONS
 THE FOLLOWING WEATHER WAS RECORDED YESTERDAY.
  NO SIGNIFICANT WEATHER WAS OBSERVED.

RELATIVE HUMIDITY (PERCENT)
 HIGHEST    93           600 AM
 LOWEST     59           400 PM
 AVERAGE    76
..........................................................

THE JACKSON KY CLIMATE NORMALS FOR TODAY
                         NORMAL    RECORD    YEAR
 MAXIMUM TEMPERATURE (F)   80        92      2011
 MINIMUM TEMPERATURE (F)   61        50      1983

SUNRISE AND SUNSET
JUNE  8 2017..........SUNRISE   612 AM EDT   SUNSET   853 PM EDT
JUNE  9 2017..........SUNRISE   612 AM EDT   SUNSET   854 PM EDT

-  INDICATES NEGATIVE NUMBERS.
R  INDICATES RECORD WAS SET OR TIED.
MM INDICATES DATA IS MISSING.
T  INDICATES TRACE AMOUNT.

$$

SHALLENBERGER
