000
CDUS43 KJKL 140539
CLIJKL

CLIMATE REPORT
NATIONAL WEATHER SERVICE JACKSON KY
1239 AM EST SUN DEC 14 2014
...................................

...THE JACKSON KY CLIMATE SUMMARY FOR DECEMBER 13 2014...

CLIMATE NORMAL PERIOD 1981 TO 2010
CLIMATE RECORD PERIOD 1981 TO 2014

WEATHER ITEM   OBSERVED TIME   RECORD YEAR NORMAL DEPARTURE LAST
                VALUE   (LST)  VALUE       VALUE  FROM      YEAR
                                                  NORMAL
..................................................................
TEMPERATURE (F)
 YESTERDAY
  MAXIMUM         37    421 PM  67    1984  46     -9       46
  MINIMUM         30    109 AM  13    1982  31     -1       22
  AVERAGE         34                        38     -4       34

PRECIPITATION (IN)
  YESTERDAY        0.00          1.35 1991   0.13  -0.13      T
  MONTH TO DATE    1.56                      1.84  -0.28     4.34
  SINCE DEC 1      1.56                      1.84  -0.28     4.34
  SINCE JAN 1     52.95                     46.00   6.95    53.97

SNOWFALL (IN)
  YESTERDAY        0.0                       0.1   -0.1      0.0
  MONTH TO DATE    T                         1.5   -1.5      1.1
  SINCE DEC 1      T                         1.5   -1.5      1.1
  SINCE JUL 1      1.2                       2.1   -0.9      4.0
  SNOW DEPTH       0

DEGREE DAYS
 HEATING
  YESTERDAY       31                        27      4       31
  MONTH TO DATE  314                       321     -7      327
  SINCE DEC 1    314                       321     -7      327
  SINCE JUL 1   1304                      1121    183     1214

 COOLING
  YESTERDAY        0                         0      0        0
  MONTH TO DATE    0                         0      0        0
  SINCE DEC 1      0                         0      0        0
  SINCE JAN 1   1165                      1154     11     1069
..................................................................

WIND (MPH)
  HIGHEST WIND SPEED     9   HIGHEST WIND DIRECTION     W (250)
  HIGHEST GUST SPEED    15   HIGHEST GUST DIRECTION     W (270)
  AVERAGE WIND SPEED     2.9

SKY COVER
  POSSIBLE SUNSHINE  MM
  AVERAGE SKY COVER 0.9

WEATHER CONDITIONS
 THE FOLLOWING WEATHER WAS RECORDED YESTERDAY.
  NO SIGNIFICANT WEATHER WAS OBSERVED.

RELATIVE HUMIDITY (PERCENT)
 HIGHEST    89           600 AM
 LOWEST     61          1200 AM
 AVERAGE    75
..........................................................

THE JACKSON KY CLIMATE NORMALS FOR TODAY
                         NORMAL    RECORD    YEAR
 MAXIMUM TEMPERATURE (F)   46        72      1984
 MINIMUM TEMPERATURE (F)   30         8      2010

SUNRISE AND SUNSET
DECEMBER 14 2014......SUNRISE   740 AM EST   SUNSET   516 PM EST
DECEMBER 15 2014......SUNRISE   741 AM EST   SUNSET   516 PM EST

-  INDICATES NEGATIVE NUMBERS.
R  INDICATES RECORD WAS SET OR TIED.
MM INDICATES DATA IS MISSING.
T  INDICATES TRACE AMOUNT.

$$
