000
CDUS43 KJKL 211040
CLIJKL

CLIMATE REPORT
NATIONAL WEATHER SERVICE JACKSON KY
540 AM EST WED JAN 21 2015

...................................

...THE JACKSON KY CLIMATE SUMMARY FOR JANUARY 20 2015...

CLIMATE NORMAL PERIOD 1981 TO 2010
CLIMATE RECORD PERIOD 1981 TO 2015


WEATHER ITEM   OBSERVED TIME   RECORD YEAR NORMAL DEPARTURE LAST
                VALUE   (LST)  VALUE       VALUE  FROM      YEAR
                                                  NORMAL
..................................................................

TEMPERATURE (F)
 YESTERDAY
  MAXIMUM         60    213 PM  66    1988  43     17       55
  MINIMUM         39    732 AM -18    1985  27     12       36
  AVERAGE         50                        35     15       46

PRECIPITATION (IN)
  YESTERDAY        0.00          0.50 2010   0.12  -0.12     0.00
  MONTH TO DATE    1.37                      2.30  -0.93     2.55
  SINCE DEC 1      3.86                      6.48  -2.62     9.64
  SINCE JAN 1      1.37                      2.30  -0.93     2.55

SNOWFALL (IN)
  YESTERDAY        0.0           3.0  2001   0.3   -0.3      0.0
  MONTH TO DATE    0.7                       4.4   -3.7      5.7
  SINCE DEC 1      0.7                       9.3   -8.6      7.1
  SINCE JUL 1      1.9                       9.9   -8.0     10.0
  SNOW DEPTH       0

DEGREE DAYS
 HEATING
  YESTERDAY       15                        30    -15       19
  MONTH TO DATE  631                       600     31      641
  SINCE DEC 1   1386                      1434    -48     1399
  SINCE JUL 1   2376                      2234    142     2286

 COOLING
  YESTERDAY        0                         0      0        0
  MONTH TO DATE    0                         0      0        0
  SINCE DEC 1      0                         1     -1        0
  SINCE JAN 1      0                         0      0        0
..................................................................

WIND (MPH)
  HIGHEST WIND SPEED    10   HIGHEST WIND DIRECTION    NW (300)
  HIGHEST GUST SPEED    16   HIGHEST GUST DIRECTION     W (260)
  AVERAGE WIND SPEED     3.9


SKY COVER
  POSSIBLE SUNSHINE  MM
  AVERAGE SKY COVER 0.1


WEATHER CONDITIONS
 THE FOLLOWING WEATHER WAS RECORDED YESTERDAY.
  NO SIGNIFICANT WEATHER WAS OBSERVED.


RELATIVE HUMIDITY (PERCENT)
 HIGHEST    59           400 AM
 LOWEST     33           200 PM
 AVERAGE    46
..........................................................

THE JACKSON KY CLIMATE NORMALS FOR TODAY
                         NORMAL    RECORD    YEAR
 MAXIMUM TEMPERATURE (F)   43        65      1999
 MINIMUM TEMPERATURE (F)   27       -18      1985


SUNRISE AND SUNSET
JANUARY 21 2015.......SUNRISE   745 AM EST   SUNSET   545 PM EST
JANUARY 22 2015.......SUNRISE   744 AM EST   SUNSET   546 PM EST


-  INDICATES NEGATIVE NUMBERS.
R  INDICATES RECORD WAS SET OR TIED.
MM INDICATES DATA IS MISSING.
T  INDICATES TRACE AMOUNT.
$$
