000
CDUS43 KJKL 230637
CLIJKL

CLIMATE REPORT
NATIONAL WEATHER SERVICE JACKSON KY
137 AM EST MON FEB 23 2015

...................................

...THE JACKSON KY CLIMATE SUMMARY FOR FEBRUARY 22 2015...

CLIMATE NORMAL PERIOD 1981 TO 2010
CLIMATE RECORD PERIOD 1981 TO 2015

WEATHER ITEM   OBSERVED TIME   RECORD YEAR NORMAL DEPARTURE LAST
                VALUE   (LST)  VALUE       VALUE  FROM      YEAR
                                                  NORMAL
..................................................................
TEMPERATURE (F)
 YESTERDAY
  MAXIMUM         38    124 AM  71    1992  50    -12       64
  MINIMUM         30   1159 PM  17    1999  31     -1       37
  AVERAGE         34                        40     -6       51

PRECIPITATION (IN)
  YESTERDAY        0.05          1.21 2003   0.14  -0.09     0.00
  MONTH TO DATE    4.04                      2.93   1.11     4.33
  SINCE DEC 1      8.65                     10.72  -2.07    14.57
  SINCE JAN 1      6.16                      6.54  -0.38     7.48

SNOWFALL (IN)
  YESTERDAY        0.0           3.3  1987   0.2   -0.2      0.0
  MONTH TO DATE   20.9                       5.8   15.1      7.5
  SINCE DEC 1     23.6                      17.8    5.8     22.9
  SINCE JUL 1     24.8                      18.4    6.4     25.8
  SNOW DEPTH       6

DEGREE DAYS
 HEATING
  YESTERDAY       31                        24      7       14
  MONTH TO DATE  816                       593    223      623
  SINCE DEC 1   2540                      2359    181     2520
  SINCE JUL 1   3530                      3159    371     3407

 COOLING
  YESTERDAY        0                         0      0        0
  MONTH TO DATE    0                         0      0        0
  SINCE DEC 1      0                         1     -1        0
  SINCE JAN 1      0                         0      0        0
..................................................................

WIND (MPH)
  HIGHEST WIND SPEED     8   HIGHEST WIND DIRECTION     N (10)
  HIGHEST GUST SPEED    14   HIGHEST GUST DIRECTION     N (20)
  AVERAGE WIND SPEED     2.5

SKY COVER
  POSSIBLE SUNSHINE  MM
  AVERAGE SKY COVER 1.0

WEATHER CONDITIONS
 THE FOLLOWING WEATHER WAS RECORDED YESTERDAY.
  LIGHT RAIN
  FOG
  FOG W/VISIBILITY <= 1/4 MILE

RELATIVE HUMIDITY (PERCENT)
 HIGHEST   100           500 AM
 LOWEST     78           900 PM
 AVERAGE    89
..........................................................

THE JACKSON KY CLIMATE NORMALS FOR TODAY
                         NORMAL    RECORD    YEAR
 MAXIMUM TEMPERATURE (F)   50        79      1996
 MINIMUM TEMPERATURE (F)   32        15      2009
                                             1989

SUNRISE AND SUNSET
FEBRUARY 23 2015......SUNRISE   713 AM EST   SUNSET   621 PM EST
FEBRUARY 24 2015......SUNRISE   712 AM EST   SUNSET   622 PM EST

-  INDICATES NEGATIVE NUMBERS.
R  INDICATES RECORD WAS SET OR TIED.
MM INDICATES DATA IS MISSING.
T  INDICATES TRACE AMOUNT.

$$

GEOGERIAN
