401
CDUS43 KJKL 242123
CLIJKL

CLIMATE REPORT
NATIONAL WEATHER SERVICE JACKSON KY
423 PM EST THU NOV 24 2016

...................................

...THE JACKSON KY CLIMATE SUMMARY FOR NOVEMBER 24 2016...
VALID TODAY AS OF 0400 PM LOCAL TIME.

CLIMATE NORMAL PERIOD 1981 TO 2010
CLIMATE RECORD PERIOD 1981 TO 2016

WEATHER ITEM   OBSERVED TIME   RECORD YEAR NORMAL DEPARTURE LAST
                VALUE   (LST)  VALUE       VALUE  FROM      YEAR
                                                  NORMAL
..................................................................
TEMPERATURE (F)
 TODAY
  MAXIMUM         63    334 PM  70    2014  54      9       58
                                      2001
  MINIMUM         54    919 AM  17    2013  37     17       33
  AVERAGE         59                        45     14       46

PRECIPITATION (IN)
  TODAY            T             0.66 2008   0.14  -0.14     0.00
  MONTH TO DATE    0.41                      3.12  -2.71     0.93
  SINCE SEP 1      3.24                      9.77  -6.53     5.42
  SINCE JAN 1     44.23                     43.32   0.91    51.20

SNOWFALL (IN)
  TODAY            0.0           T    2013   0.0    0.0      0.0
                                      2012
                                      2003
  MONTH TO DATE    0.0                       0.3   -0.3       T
  SINCE SEP 1      0.0                       0.4   -0.4       T
  SINCE JUL 1      0.0                       0.4   -0.4       T
  SNOW DEPTH       0

DEGREE DAYS
 HEATING
  TODAY            6                        20    -14       19
  MONTH TO DATE  302                       376    -74      298
  SINCE SEP 1    424                       671   -247      539
  SINCE JUL 1    424                       673   -249      539

 COOLING
  TODAY            0                         0      0        0
  MONTH TO DATE   22                         0     22       15
  SINCE SEP 1    348                       172    176      212
  SINCE JAN 1   1580                      1150    430     1263
..................................................................

WIND (MPH)
  HIGHEST WIND SPEED     9   HIGHEST WIND DIRECTION     W (280)
  HIGHEST GUST SPEED    13   HIGHEST GUST DIRECTION     W (280)
  AVERAGE WIND SPEED     3.5

SKY COVER
  POSSIBLE SUNSHINE  MM
  AVERAGE SKY COVER 0.9

WEATHER CONDITIONS
 THE FOLLOWING WEATHER WAS RECORDED TODAY.
  LIGHT RAIN

RELATIVE HUMIDITY (PERCENT)
 HIGHEST    86          1200 PM
 LOWEST     43          1200 AM
 AVERAGE    65
..........................................................

THE JACKSON KY CLIMATE NORMALS FOR TOMORROW
                         NORMAL    RECORD    YEAR
 MAXIMUM TEMPERATURE (F)   53        73      2010
                                             1990
 MINIMUM TEMPERATURE (F)   36        15      2005

SUNRISE AND SUNSET
NOVEMBER 24 2016......SUNRISE   723 AM EST   SUNSET   517 PM EST
NOVEMBER 25 2016......SUNRISE   724 AM EST   SUNSET   517 PM EST

-  INDICATES NEGATIVE NUMBERS.
R  INDICATES RECORD WAS SET OR TIED.
MM INDICATES DATA IS MISSING.
T  INDICATES TRACE AMOUNT.

$$

TAB
