000
CDUS43 KJKL 092020
CLIJKL

CLIMATE REPORT
NATIONAL WEATHER SERVICE JACKSON KY
420 PM EDT SAT JUL 9 2016

...................................

...THE LONDON KY CLIMATE SUMMARY FOR JULY 9 2016...
VALID TODAY AS OF 0400 PM LOCAL TIME.

CLIMATE NORMAL PERIOD 1981 TO 2010
CLIMATE RECORD PERIOD 1954 TO 2016

WEATHER ITEM   OBSERVED TIME   RECORD YEAR NORMAL DEPARTURE LAST
                VALUE   (LST)  VALUE       VALUE  FROM      YEAR
                                                  NORMAL
..................................................................
TEMPERATURE (F)
 TODAY
  MAXIMUM         85    259 PM 101    1988  87     -2       90
  MINIMUM         67    535 AM  53    1961  66      1       71
  AVERAGE         76                        76      0       81

PRECIPITATION (IN)
  TODAY            0.00          1.50 1975   0.13  -0.13     0.05
  MONTH TO DATE    4.64                      1.21   3.43     6.53
  SINCE JUN 1      6.97                      5.61   1.36    11.50

SNOWFALL (IN)
  TODAY           MM
  MONTH TO DATE   MM
  SINCE JUN 1     MM
  SINCE JUL 1     MM
  SNOW DEPTH      MM

DEGREE DAYS
 HEATING
  TODAY            0                         0      0        0
  MONTH TO DATE    0                         0      0        0
  SINCE JUN 1      2                         9     -7        2
  SINCE JUL 1      0                         0      0        0

 COOLING
  TODAY           11                        11      0       16
  MONTH TO DATE  110                        99     11       93
  SINCE JUN 1    409                       342     67      400
  SINCE JAN 1    511                       456     55      594
..................................................................

WIND (MPH)
  HIGHEST WIND SPEED    15   HIGHEST WIND DIRECTION     W (290)
  HIGHEST GUST SPEED    20   HIGHEST GUST DIRECTION     W (290)
  AVERAGE WIND SPEED     6.8

SKY COVER
  POSSIBLE SUNSHINE  MM
  AVERAGE SKY COVER 0.3

WEATHER CONDITIONS
 THE FOLLOWING WEATHER WAS RECORDED TODAY.
  NO SIGNIFICANT WEATHER WAS OBSERVED.

RELATIVE HUMIDITY (PERCENT)
 HIGHEST    90          1200 AM
 LOWEST     48           200 PM
 AVERAGE    69
..........................................................

THE LONDON KY CLIMATE NORMALS FOR TOMORROW
                         NORMAL    RECORD    YEAR
 MAXIMUM TEMPERATURE (F)   87        97      1988
 MINIMUM TEMPERATURE (F)   66        45      1961

SUNRISE AND SUNSET
JULY  9 2016..........SUNRISE   625 AM EDT   SUNSET   858 PM EDT
JULY 10 2016..........SUNRISE   625 AM EDT   SUNSET   858 PM EDT

-  INDICATES NEGATIVE NUMBERS.
R  INDICATES RECORD WAS SET OR TIED.
MM INDICATES DATA IS MISSING.
T  INDICATES TRACE AMOUNT.

$$

TAB
