000
CDUS43 KJKL 140526
CLIJKL

CLIMATE REPORT
NATIONAL WEATHER SERVICE JACKSON KY
1226 AM EST MON NOV 14 2016


...................................

...THE JACKSON KY CLIMATE SUMMARY FOR NOVEMBER 13 2016...

CLIMATE NORMAL PERIOD 1981 TO 2010
CLIMATE RECORD PERIOD 1981 TO 2016


WEATHER ITEM   OBSERVED TIME   RECORD YEAR NORMAL DEPARTURE LAST
                VALUE   (LST)  VALUE       VALUE  FROM      YEAR
                                                  NORMAL
..................................................................
TEMPERATURE (F)
 YESTERDAY
  MAXIMUM         62    245 PM  78    1989  59      3       56
  MINIMUM         32    724 AM  16    1986  40     -8       40
  AVERAGE         47                        49     -2       48

PRECIPITATION (IN)
  YESTERDAY        0.00          0.62 1993   0.12  -0.12     0.00
  MONTH TO DATE    0.14                      1.60  -1.46     0.49
  SINCE SEP 1      2.97                      8.25  -5.28     4.98
  SINCE JAN 1     43.96                     41.80   2.16    50.76

SNOWFALL (IN)
  YESTERDAY        0.0           0.4  1995   0.0    0.0      0.0
  MONTH TO DATE    0.0                       0.1   -0.1      0.0
  SINCE SEP 1      0.0                       0.2   -0.2      0.0
  SINCE JUL 1      0.0                       0.2   -0.2      0.0
  SNOW DEPTH       0

DEGREE DAYS
 HEATING
  YESTERDAY       18                        16      2       17
  MONTH TO DATE  131                       178    -47      113
  SINCE SEP 1    253                       473   -220      354
  SINCE JUL 1    253                       475   -222      354

COOLING
  YESTERDAY        0                         0      0        0
  MONTH TO DATE   20                         0     20       15
  SINCE SEP 1    346                       172    174      212
  SINCE JAN 1   1578                      1150    428     1263
..................................................................


WIND (MPH)
  HIGHEST WIND SPEED     6   HIGHEST WIND DIRECTION     W (280)
  HIGHEST GUST SPEED     9   HIGHEST GUST DIRECTION    SE (130)
  AVERAGE WIND SPEED     2.0


SKY COVER
  POSSIBLE SUNSHINE  MM
  AVERAGE SKY COVER 0.0


WEATHER CONDITIONS
 THE FOLLOWING WEATHER WAS RECORDED YESTERDAY.
  NO SIGNIFICANT WEATHER WAS OBSERVED.


RELATIVE HUMIDITY (PERCENT)
 HIGHEST    64           700 AM
 LOWEST     23           300 PM
 AVERAGE    44

..........................................................


THE JACKSON KY CLIMATE NORMALS FOR TODAY
                         NORMAL    RECORD    YEAR
 MAXIMUM TEMPERATURE (F)   58        81      1993
 MINIMUM TEMPERATURE (F)   40        13      1986


SUNRISE AND SUNSET
NOVEMBER 14 2016......SUNRISE   713 AM EST   SUNSET   523 PM EST
NOVEMBER 15 2016......SUNRISE   714 AM EST   SUNSET   522 PM EST


-  INDICATES NEGATIVE NUMBERS.
R  INDICATES RECORD WAS SET OR TIED.
MM INDICATES DATA IS MISSING.
T  INDICATES TRACE AMOUNT.




$$
