238
CDUS43 KJKL 270620
CLIJKL

CLIMATE REPORT
NATIONAL WEATHER SERVICE JACKSON KY
120 AM EST WED JAN 27 2016

...................................

...THE JACKSON KY CLIMATE SUMMARY FOR JANUARY 26 2016...

CLIMATE NORMAL PERIOD 1981 TO 2010
CLIMATE RECORD PERIOD 1981 TO 2016

WEATHER ITEM   OBSERVED TIME   RECORD YEAR NORMAL DEPARTURE LAST
                VALUE   (LST)  VALUE       VALUE  FROM      YEAR
                                                  NORMAL
..................................................................
TEMPERATURE (F)
 YESTERDAY
  MAXIMUM         49    601 AM  63    2012  44      5       42
                                      2004
  MINIMUM         32   1159 PM   6    1985  27      5       24
  AVERAGE         41                        35      6       33

PRECIPITATION (IN)
  YESTERDAY        0.02          0.89 2011   0.12  -0.10     0.07
  MONTH TO DATE    3.29                      3.00   0.29     2.01
  SINCE DEC 1      7.93                      7.18   0.75     4.50
  SINCE JAN 1      3.29                      3.00   0.29     2.01

SNOWFALL (IN)
  YESTERDAY        0.0           3.1  2011   0.3   -0.3      0.2
  MONTH TO DATE   21.4                       5.8   15.6      2.4
  SINCE DEC 1     21.4                      10.7   10.7      2.4
  SINCE JUL 1     21.4                      11.3   10.1      3.6
  SNOW DEPTH       8

DEGREE DAYS
 HEATING
  YESTERDAY       24                        30     -6       32
  MONTH TO DATE  865                       780     85      800
  SINCE DEC 1   1293                      1614   -321     1555
  SINCE JUL 1   1891                      2414   -523     2545

 COOLING
  YESTERDAY        0                         0      0        0
  MONTH TO DATE    0                         0      0        0
  SINCE DEC 1      2                         1      1        0
  SINCE JAN 1      0                         0      0        0
..................................................................

WIND (MPH)
  HIGHEST WIND SPEED    12   HIGHEST WIND DIRECTION    NW (310)
  HIGHEST GUST SPEED    20   HIGHEST GUST DIRECTION     S (190)
  AVERAGE WIND SPEED     5.6

SKY COVER
  POSSIBLE SUNSHINE  MM
  AVERAGE SKY COVER 1.0

WEATHER CONDITIONS
 THE FOLLOWING WEATHER WAS RECORDED YESTERDAY.
  LIGHT RAIN
  FOG
  FOG W/VISIBILITY <= 1/4 MILE

RELATIVE HUMIDITY (PERCENT)
 HIGHEST    92          1200 PM
 LOWEST     42          1200 AM
 AVERAGE    67

..........................................................

THE JACKSON KY CLIMATE NORMALS FOR TODAY
                         NORMAL    RECORD    YEAR
 MAXIMUM TEMPERATURE (F)   44        71      1999
 MINIMUM TEMPERATURE (F)   27         1      1986

SUNRISE AND SUNSET
JANUARY 27 2016.......SUNRISE   741 AM EST   SUNSET   551 PM EST
JANUARY 28 2016.......SUNRISE   740 AM EST   SUNSET   552 PM EST

-  INDICATES NEGATIVE NUMBERS.
R  INDICATES RECORD WAS SET OR TIED.
MM INDICATES DATA IS MISSING.
T  INDICATES TRACE AMOUNT.

$$
