000
CDUS43 KJKL 262118
CLIJKL

CLIMATE REPORT
NATIONAL WEATHER SERVICE JACKSON KY
419 PM EST SUN NOV 26 2017

...................................

...THE JACKSON KY CLIMATE SUMMARY FOR NOVEMBER 26 2017...
VALID TODAY AS OF 0400 PM LOCAL TIME.

CLIMATE NORMAL PERIOD 1981 TO 2010
CLIMATE RECORD PERIOD 1981 TO 2017

WEATHER ITEM   OBSERVED TIME   RECORD YEAR NORMAL DEPARTURE LAST
                VALUE   (LST)  VALUE       VALUE  FROM      YEAR
                                                  NORMAL
..................................................................
TEMPERATURE (F)
 TODAY
  MAXIMUM         52    317 PM  74    1990  53     -1       43
  MINIMUM         36    802 AM  17    1991  36      0       33
  AVERAGE         44                        44      0       38

PRECIPITATION (IN)
  TODAY            0.00          1.07 2007   0.14  -0.14     0.00
  MONTH TO DATE    1.27                      3.39  -2.12     0.41
  SINCE SEP 1      9.89                     10.04  -0.15     3.24
  SINCE JAN 1     48.21                     43.59   4.62    44.23

SNOWFALL (IN)
  TODAY            0.0           0.3  2013   0.1   -0.1      0.0
                                      2009
                                      2002
  MONTH TO DATE    0.0                       0.4   -0.4      0.0
  SINCE SEP 1      T                         0.5   -0.5      0.0
  SINCE JUL 1      T                         0.5   -0.5      0.0
  SNOW DEPTH       0

DEGREE DAYS
 HEATING
  TODAY           21                        21      0       27
  MONTH TO DATE  435                       417     18      352
  SINCE SEP 1    669                       712    -43      474
  SINCE JUL 1    669                       714    -45      474

 COOLING
  TODAY            0                         0      0        0
  MONTH TO DATE    5                         0      5       22
  SINCE SEP 1    198                       172     26      348
  SINCE JAN 1   1200                      1150     50     1580
..................................................................

WIND (MPH)
  HIGHEST WIND SPEED     9   HIGHEST WIND DIRECTION    NW (330)
  HIGHEST GUST SPEED    15   HIGHEST GUST DIRECTION    NW (320)
  AVERAGE WIND SPEED     3.6

SKY COVER
  POSSIBLE SUNSHINE  MM
  AVERAGE SKY COVER 0.0

WEATHER CONDITIONS
 THE FOLLOWING WEATHER WAS RECORDED TODAY.
  NO SIGNIFICANT WEATHER WAS OBSERVED.

RELATIVE HUMIDITY (PERCENT)
 HIGHEST    70           600 AM
 LOWEST     32           400 PM
 AVERAGE    51
..........................................................

THE JACKSON KY CLIMATE NORMALS FOR TOMORROW
                         NORMAL    RECORD    YEAR
 MAXIMUM TEMPERATURE (F)   52        79      1990
 MINIMUM TEMPERATURE (F)   36        20      2013

SUNRISE AND SUNSET
NOVEMBER 26 2017......SUNRISE   725 AM EST   SUNSET   516 PM EST
NOVEMBER 27 2017......SUNRISE   726 AM EST   SUNSET   516 PM EST

-  INDICATES NEGATIVE NUMBERS.
R  INDICATES RECORD WAS SET OR TIED.
MM INDICATES DATA IS MISSING.
T  INDICATES TRACE AMOUNT.

$$

TAB
