000
CDUS43 KJKL 092021
CLIJKL

CLIMATE REPORT
NATIONAL WEATHER SERVICE JACKSON KY
421 PM EDT TUE AUG 9 2016

...................................

...THE JACKSON KY CLIMATE SUMMARY FOR AUGUST 9 2016...
VALID TODAY AS OF 0400 PM LOCAL TIME.

CLIMATE NORMAL PERIOD 1981 TO 2010
CLIMATE RECORD PERIOD 1981 TO 2016

WEATHER ITEM   OBSERVED TIME   RECORD YEAR NORMAL DEPARTURE LAST
                VALUE   (LST)  VALUE       VALUE  FROM      YEAR
                                                  NORMAL
..................................................................
TEMPERATURE (F)
 TODAY
  MAXIMUM         89    259 PM  96    2007  85      4       84
  MINIMUM         72    619 AM  51    1989  66      6       67
  AVERAGE         81                        75      6       76

PRECIPITATION (IN)
  TODAY            T             1.57 2014   0.13  -0.13     0.00
  MONTH TO DATE    2.18                      1.25   0.93     2.33
  SINCE JUN 1     13.54                     10.60   2.94    18.62
  SINCE JAN 1     36.34                     31.11   5.23    43.09

SNOWFALL (IN)
  TODAY            0.0                       0.0    0.0      0.0
  MONTH TO DATE    0.0                       0.0    0.0      0.0
  SINCE JUN 1      0.0                       0.0    0.0      0.0
  SINCE JUL 1      0.0                       0.0    0.0      0.0
  SNOW DEPTH       0

DEGREE DAYS
 HEATING
  TODAY            0                         0      0        0
  MONTH TO DATE    0                         0      0        0
  SINCE JUN 1      1                        12    -11        9
  SINCE JUL 1      0                         0      0        0

 COOLING
  TODAY           16                        10      6       11
  MONTH TO DATE  118                        90     28       82
  SINCE JUN 1    805                       634    171      681
  SINCE JAN 1    946                       770    176      885
..................................................................

WIND (MPH)
  HIGHEST WIND SPEED     7   HIGHEST WIND DIRECTION    SE (130)
  HIGHEST GUST SPEED    10   HIGHEST GUST DIRECTION     S (160)
  AVERAGE WIND SPEED     2.6

SKY COVER
  POSSIBLE SUNSHINE  MM
  AVERAGE SKY COVER 0.5

WEATHER CONDITIONS
 THE FOLLOWING WEATHER WAS RECORDED TODAY.
  LIGHT RAIN

RELATIVE HUMIDITY (PERCENT)
 HIGHEST    93          1200 AM
 LOWEST     63          1200 PM
 AVERAGE    78
..........................................................

THE JACKSON KY CLIMATE NORMALS FOR TOMORROW
                         NORMAL    RECORD    YEAR
 MAXIMUM TEMPERATURE (F)   85        95      2010
 MINIMUM TEMPERATURE (F)   66        54      1989

SUNRISE AND SUNSET
AUGUST  9 2016........SUNRISE   644 AM EDT   SUNSET   832 PM EDT
AUGUST 10 2016........SUNRISE   645 AM EDT   SUNSET   831 PM EDT

-  INDICATES NEGATIVE NUMBERS.
R  INDICATES RECORD WAS SET OR TIED.
MM INDICATES DATA IS MISSING.
T  INDICATES TRACE AMOUNT.

$$

TAB
