490
CDUS43 KJKL 100536
CLIJKL

CLIMATE REPORT
NATIONAL WEATHER SERVICE JACKSON KY
1228 AM EST FRI FEB 10 2017

...................................

...THE JACKSON KY CLIMATE SUMMARY FOR FEBRUARY 9 2017...

CLIMATE NORMAL PERIOD 1981 TO 2010
CLIMATE RECORD PERIOD 1981 TO 2017

WEATHER ITEM   OBSERVED TIME   RECORD YEAR NORMAL DEPARTURE LAST
                VALUE   (LST)  VALUE       VALUE  FROM      YEAR
                                                  NORMAL
..................................................................
TEMPERATURE (F)
 YESTERDAY
  MAXIMUM         36   1224 AM  72    2001  46    -10       26
  MINIMUM         21   1159 PM   4    1989  29     -8       19
  AVERAGE         29                        37     -8       23

PRECIPITATION (IN)
  YESTERDAY        T             2.04 1994   0.13  -0.13     0.02
  MONTH TO DATE    1.26                      1.20   0.06     2.07
  SINCE DEC 1     12.13                      8.99   3.14    10.00
  SINCE JAN 1      5.97                      4.81   1.16     5.36

SNOWFALL (IN)
  YESTERDAY        T             2.0  2011   0.3   -0.3      0.6
  MONTH TO DATE    T                         2.6   -2.6      1.4
  SINCE DEC 1      4.6                      14.6  -10.0     22.8
  SINCE JUL 1      4.6                      15.2  -10.6     22.8
  SNOW DEPTH       0

DEGREE DAYS
 HEATING
  YESTERDAY       36                        28      8       42
  MONTH TO DATE  203                       256    -53      214
  SINCE DEC 1   1698                      2022   -324     1628
  SINCE JUL 1   2224                      2822   -598     2226

 COOLING
  YESTERDAY        0                         0      0        0
  MONTH TO DATE    0                         0      0        0
  SINCE DEC 1      0                         1     -1        2
  SINCE JAN 1      0                         0      0        0
..................................................................

WIND (MPH)
  HIGHEST WIND SPEED    20   HIGHEST WIND DIRECTION     W (290)
  HIGHEST GUST SPEED    29   HIGHEST GUST DIRECTION     N (340)
  AVERAGE WIND SPEED     8.2

SKY COVER
  POSSIBLE SUNSHINE  MM
  AVERAGE SKY COVER 0.7

WEATHER CONDITIONS
 THE FOLLOWING WEATHER WAS RECORDED YESTERDAY.
  LIGHT SNOW
  FOG

RELATIVE HUMIDITY (PERCENT)
 HIGHEST    92          1200 AM
 LOWEST     46           500 PM
 AVERAGE    69
..........................................................

THE JACKSON KY CLIMATE NORMALS FOR TODAY
                         NORMAL    RECORD    YEAR
 MAXIMUM TEMPERATURE (F)   46        67      2009
                                             1993
 MINIMUM TEMPERATURE (F)   29        11      1982

SUNRISE AND SUNSET
FEBRUARY 10 2017......SUNRISE   728 AM EST   SUNSET   607 PM EST
FEBRUARY 11 2017......SUNRISE   727 AM EST   SUNSET   609 PM EST

-  INDICATES NEGATIVE NUMBERS.
R  INDICATES RECORD WAS SET OR TIED.
MM INDICATES DATA IS MISSING.
T  INDICATES TRACE AMOUNT.

$$

SHALLENBERGER
