000
CDUS43 KJKL 190530
CLIJKL

CLIMATE REPORT
NATIONAL WEATHER SERVICE JACKSON KY
130 AM EDT TUE AUG 19 2014

...................................

...THE JACKSON KY CLIMATE SUMMARY FOR AUGUST 18 2014...

CLIMATE NORMAL PERIOD 1981 TO 2010
CLIMATE RECORD PERIOD 1981 TO 2014

WEATHER ITEM   OBSERVED TIME   RECORD YEAR NORMAL DEPARTURE LAST
                VALUE   (LST)  VALUE       VALUE  FROM      YEAR
                                                  NORMAL
..................................................................
TEMPERATURE (F)
 YESTERDAY
  MAXIMUM         81    420 PM 101    1988  84     -3       74
  MINIMUM         69   1159 PM  56    1981  65      4       63
  AVERAGE         75                        75      0       69

PRECIPITATION (IN)
  YESTERDAY        0.91          1.49 2010   0.11   0.80     0.17
  MONTH TO DATE    5.01                      2.35   2.66     7.44
  SINCE JUN 1     13.90                     11.70   2.20    20.42
  SINCE JAN 1     34.76                     32.21   2.55    40.62

SNOWFALL (IN)
  YESTERDAY        0.0                       0.0    0.0      0.0
  MONTH TO DATE    0.0                       0.0    0.0      0.0
  SINCE JUN 1      0.0                       0.0    0.0      0.0
  SINCE JUL 1      0.0                       0.0    0.0      0.0
  SNOW DEPTH       0

DEGREE DAYS
 HEATING
  YESTERDAY        0                         0      0        0
  MONTH TO DATE    0                         0      0        2
  SINCE JUN 1      3                        12     -9        2
  SINCE JUL 1      3                         0      3        2

 COOLING
  YESTERDAY       10                        10      0        4
  MONTH TO DATE  122                       180    -58      120
  SINCE JUN 1    658                       724    -66      617
  SINCE JAN 1    849                       860    -11      765
..................................................................

WIND (MPH)
  HIGHEST WIND SPEED     9   HIGHEST WIND DIRECTION    SW (240)
  HIGHEST GUST SPEED    18   HIGHEST GUST DIRECTION     W (280)
  AVERAGE WIND SPEED     1.6

SKY COVER
  POSSIBLE SUNSHINE  MM
  AVERAGE SKY COVER 0.8

WEATHER CONDITIONS
 THE FOLLOWING WEATHER WAS RECORDED YESTERDAY.
  THUNDERSTORM
  HEAVY RAIN
  RAIN
  LIGHT RAIN
  FOG
  FOG W/VISIBILITY <= 1/4 MILE

RELATIVE HUMIDITY (PERCENT)
 HIGHEST    97           500 AM
 LOWEST     69           500 PM
 AVERAGE    83
..........................................................

THE JACKSON KY CLIMATE NORMALS FOR TODAY
                         NORMAL    RECORD    YEAR
 MAXIMUM TEMPERATURE (F)   84        95      2007
 MINIMUM TEMPERATURE (F)   65        55      1992

SUNRISE AND SUNSET
AUGUST 19 2014........SUNRISE   652 AM EDT   SUNSET   821 PM EDT
AUGUST 20 2014........SUNRISE   653 AM EDT   SUNSET   819 PM EDT

-  INDICATES NEGATIVE NUMBERS.
R  INDICATES RECORD WAS SET OR TIED.
MM INDICATES DATA IS MISSING.
T  INDICATES TRACE AMOUNT.

$$

GEOGERIAN
