000
CDUS43 KJKL 040550
CLIJKL

CLIMATE REPORT
NATIONAL WEATHER SERVICE JACKSON KY
150 AM EDT FRI APR 4 2014
...................................

...THE JACKSON KY CLIMATE SUMMARY FOR APRIL 3 2014...

CLIMATE NORMAL PERIOD 1981 TO 2010
CLIMATE RECORD PERIOD 1981 TO 2014

WEATHER ITEM   OBSERVED TIME   RECORD YEAR NORMAL DEPARTURE LAST
                VALUE   (LST)  VALUE       VALUE  FROM      YEAR
                                                  NORMAL
..................................................................
TEMPERATURE (F)
 YESTERDAY
  MAXIMUM         81    251 PM  84    2012  64     17       53
  MINIMUM         57    513 AM  26    1992  43     14       30
  AVERAGE         69                        54     15       42

PRECIPITATION (IN)
  YESTERDAY        1.62R         1.06 2000   0.12   1.50     0.00
  MONTH TO DATE    1.65                      0.37   1.28     0.04
  SINCE MAR 1      7.16                      4.49   2.67     4.67
  SINCE JAN 1     14.78                     11.85   2.93    12.31

SNOWFALL (IN)
  YESTERDAY        0.0                       0.1   -0.1      0.0
  MONTH TO DATE    0.0                       0.2   -0.2      0.0
  SINCE MAR 1     10.9                       3.1    7.8     10.7
  SINCE JUL 1     37.9                      22.7   15.2     20.0
  SNOW DEPTH       0

DEGREE DAYS
 HEATING
  YESTERDAY        0                        12    -12       23
  MONTH TO DATE    0                        38    -38       65
  SINCE MAR 1    667                       591     76      850
  SINCE JUL 1   4268                      3891    377     4076

 COOLING
  YESTERDAY        4                         1      3        0
  MONTH TO DATE    6                         3      3        0
  SINCE MAR 1      6                        10     -4        0
  SINCE JAN 1      6                        10     -4        0
..................................................................

WIND (MPH)
  HIGHEST WIND SPEED    16   HIGHEST WIND DIRECTION     S (180)
  HIGHEST GUST SPEED    26   HIGHEST GUST DIRECTION     S (180)
  AVERAGE WIND SPEED     3.3

SKY COVER
  POSSIBLE SUNSHINE  MM
  AVERAGE SKY COVER 0.5

WEATHER CONDITIONS
 THE FOLLOWING WEATHER WAS RECORDED YESTERDAY.
  THUNDERSTORM
  HEAVY RAIN
  RAIN
  LIGHT RAIN
  FOG

RELATIVE HUMIDITY (PERCENT)
 HIGHEST    90           900 PM
 LOWEST     39           200 PM
 AVERAGE    65
..........................................................

THE JACKSON KY CLIMATE NORMALS FOR TODAY
                         NORMAL    RECORD    YEAR
 MAXIMUM TEMPERATURE (F)   65        86      1986
 MINIMUM TEMPERATURE (F)   43        26      1987

SUNRISE AND SUNSET
APRIL  4 2014.........SUNRISE   714 AM EDT   SUNSET   759 PM EDT
APRIL  5 2014.........SUNRISE   713 AM EDT   SUNSET   800 PM EDT

-  INDICATES NEGATIVE NUMBERS.
R  INDICATES RECORD WAS SET OR TIED.
MM INDICATES DATA IS MISSING.
T  INDICATES TRACE AMOUNT.

$$
