000
CDUS43 KJKL 210938
CLIJKL

CLIMATE REPORT
NATIONAL WEATHER SERVICE JACKSON KY
538 AM EDT TUE OCT 21 2014

...................................

...THE JACKSON KY CLIMATE SUMMARY FOR OCTOBER 20 2014...

CLIMATE NORMAL PERIOD 1981 TO 2010
CLIMATE RECORD PERIOD 1981 TO 2014


WEATHER ITEM   OBSERVED TIME   RECORD YEAR NORMAL DEPARTURE LAST
                VALUE   (LST)  VALUE       VALUE  FROM      YEAR
                                                  NORMAL
..................................................................

TEMPERATURE (F)
 YESTERDAY
  MAXIMUM         58    433 PM  81    2005  67     -9       60
  MINIMUM         40    658 AM  31    1992  47     -7       35
  AVERAGE         49                        57     -8       48

PRECIPITATION (IN)
  YESTERDAY        0.01          0.67 1984   0.10  -0.09     0.00
  MONTH TO DATE    6.43                      1.99   4.44     1.22
  SINCE SEP 1      8.78                      5.45   3.33     2.49
  SINCE JAN 1     47.08                     39.00   8.08    45.71

SNOWFALL (IN)
  YESTERDAY        0.0                       0.0    0.0      0.0
  MONTH TO DATE    0.0                       0.0    0.0      0.0
  SINCE SEP 1      0.0                       0.0    0.0      0.0
  SINCE JUL 1      0.0                       0.0    0.0      0.0
  SNOW DEPTH       0

DEGREE DAYS
 HEATING
  YESTERDAY       16                         9      7       17
  MONTH TO DATE  140                       133      7       80
  SINCE SEP 1    173                       183    -10      108
  SINCE JUL 1    176                       185     -9      110

 COOLING
  YESTERDAY        0                         1     -1        0
  MONTH TO DATE   17                        26     -9       42
  SINCE SEP 1    162                       169     -7      173
  SINCE JAN 1   1163                      1147     16     1068
..................................................................

WIND (MPH)
  HIGHEST WIND SPEED     7   HIGHEST WIND DIRECTION     S (160)
  HIGHEST GUST SPEED    10   HIGHEST GUST DIRECTION     S (170)
  AVERAGE WIND SPEED     1.1


SKY COVER
  POSSIBLE SUNSHINE  MM
  AVERAGE SKY COVER 0.3


WEATHER CONDITIONS
 THE FOLLOWING WEATHER WAS RECORDED YESTERDAY.
  LIGHT RAIN


RELATIVE HUMIDITY (PERCENT)
 HIGHEST    92           700 AM
 LOWEST     71          1100 AM
 AVERAGE    82
..........................................................

THE JACKSON KY CLIMATE NORMALS FOR TODAY
                         NORMAL    RECORD    YEAR
 MAXIMUM TEMPERATURE (F)   67        83      2007
 MINIMUM TEMPERATURE (F)   47        33      2006


SUNRISE AND SUNSET
OCTOBER 21 2014.......SUNRISE   747 AM EDT   SUNSET   648 PM EDT
OCTOBER 22 2014.......SUNRISE   748 AM EDT   SUNSET   647 PM EDT


-  INDICATES NEGATIVE NUMBERS.
R  INDICATES RECORD WAS SET OR TIED.
MM INDICATES DATA IS MISSING.
T  INDICATES TRACE AMOUNT.
$$
