522
CDUS43 KJKL 260530
CLIJKL

CLIMATE REPORT
NATIONAL WEATHER SERVICE JACKSON KY
130 AM EDT WED APR 26 2017

...................................

...THE JACKSON KY CLIMATE SUMMARY FOR APRIL 25 2017...

CLIMATE NORMAL PERIOD 1981 TO 2010
CLIMATE RECORD PERIOD 1981 TO 2017

WEATHER ITEM   OBSERVED TIME   RECORD YEAR NORMAL DEPARTURE LAST
                VALUE   (LST)  VALUE       VALUE  FROM      YEAR
                                                  NORMAL
..................................................................
TEMPERATURE (F)
 YESTERDAY
  MAXIMUM         76    313 PM  89    2009  71      5       82
                                      1990
  MINIMUM         52    429 AM  35    1995  50      2       58
                                      1988
                                      1983
  AVERAGE         64                        60      4       70

PRECIPITATION (IN)
  YESTERDAY        0.00          1.23 1993   0.14  -0.14     0.00
  MONTH TO DATE    3.97                      3.15   0.82     1.18
  SINCE MAR 1      8.39                      7.27   1.12     3.56
  SINCE JAN 1     15.96                     14.63   1.33    13.12

SNOWFALL (IN)
  YESTERDAY        0.0           0.0  2002   0.0    0.0      0.0
  MONTH TO DATE    0.0                       1.0   -1.0      0.1
  SINCE MAR 1      0.2                       3.9   -3.7      2.9
  SINCE JUL 1      4.8                      23.5  -18.7     32.5
  SNOW DEPTH       0

DEGREE DAYS
 HEATING
  YESTERDAY        1                         7     -6        0
  MONTH TO DATE  121                       240   -119      218
  SINCE MAR 1    629                       793   -164      557
  SINCE JUL 1   3121                      4093   -972     3311

 COOLING
  YESTERDAY        0                         2     -2        5
  MONTH TO DATE   52                        31     21       32
  SINCE MAR 1     58                        38     20       40
  SINCE JAN 1     60                        38     22       40
..................................................................

WIND (MPH)
  HIGHEST WIND SPEED     8   HIGHEST WIND DIRECTION    SE (140)
  HIGHEST GUST SPEED    13   HIGHEST GUST DIRECTION    SE (140)
  AVERAGE WIND SPEED     1.9

SKY COVER
  POSSIBLE SUNSHINE  MM
  AVERAGE SKY COVER 0.6

WEATHER CONDITIONS
 THE FOLLOWING WEATHER WAS RECORDED YESTERDAY.
  NO SIGNIFICANT WEATHER WAS OBSERVED.

RELATIVE HUMIDITY (PERCENT)
 HIGHEST   100           400 AM
 LOWEST     57           300 PM
 AVERAGE    79
..........................................................

THE JACKSON KY CLIMATE NORMALS FOR TODAY
                         NORMAL    RECORD    YEAR
 MAXIMUM TEMPERATURE (F)   71        90      1986
 MINIMUM TEMPERATURE (F)   50        39      2002

SUNRISE AND SUNSET
APRIL 26 2017.........SUNRISE   644 AM EDT   SUNSET   819 PM EDT
APRIL 27 2017.........SUNRISE   642 AM EDT   SUNSET   820 PM EDT

-  INDICATES NEGATIVE NUMBERS.
R  INDICATES RECORD WAS SET OR TIED.
MM INDICATES DATA IS MISSING.
T  INDICATES TRACE AMOUNT.

$$

GEOGERIAN
