000
CDUS43 KJKL 040530
CLIJKL

CLIMATE REPORT
NATIONAL WEATHER SERVICE JACKSON KY
130 AM EDT WED OCT 4 2017


...................................

...THE JACKSON KY CLIMATE SUMMARY FOR OCTOBER 3 2017...

CLIMATE NORMAL PERIOD 1981 TO 2010
CLIMATE RECORD PERIOD 1981 TO 2017


WEATHER ITEM   OBSERVED TIME   RECORD YEAR NORMAL DEPARTURE LAST
                VALUE   (LST)  VALUE       VALUE  FROM      YEAR
                                                  NORMAL
..................................................................
TEMPERATURE (F)
 YESTERDAY
  MAXIMUM         80    304 PM  86    2005  72      8       74
  MINIMUM         52    501 AM  33    2003  52      0       54
  AVERAGE         66                        62      4       64

PRECIPITATION (IN)
  YESTERDAY        0.00          1.03 1995   0.10  -0.10     0.00
  MONTH TO DATE    0.00                      0.30  -0.30      T
  SINCE SEP 1      3.33                      3.76  -0.43     1.32
  SINCE JAN 1     41.65                     37.31   4.34    42.31

SNOWFALL (IN)
  YESTERDAY        0.0                       0.0    0.0      0.0
  MONTH TO DATE    0.0                       0.0    0.0      0.0
  SINCE SEP 1      0.0                       0.0    0.0      0.0
  SINCE JUL 1      0.0                       0.0    0.0      0.0
  SNOW DEPTH       0

DEGREE DAYS
 HEATING
  YESTERDAY        0                         5     -5        1
  MONTH TO DATE    8                        15     -7       10
  SINCE SEP 1     42                        65    -23       26
  SINCE JUL 1     42                        67    -25       26

COOLING
  YESTERDAY        1                         2     -1        0
  MONTH TO DATE    1                         6     -5        0
  SINCE SEP 1    135                       149    -14      248
  SINCE JAN 1   1137                      1127     10     1480
..................................................................


WIND (MPH)
  HIGHEST WIND SPEED     7   HIGHEST WIND DIRECTION    SE (140)
  HIGHEST GUST SPEED    10   HIGHEST GUST DIRECTION    SE (140)
  AVERAGE WIND SPEED     2.1


SKY COVER
  POSSIBLE SUNSHINE  MM
  AVERAGE SKY COVER 0.0


WEATHER CONDITIONS
 THE FOLLOWING WEATHER WAS RECORDED YESTERDAY.
  NO SIGNIFICANT WEATHER WAS OBSERVED.


RELATIVE HUMIDITY (PERCENT)
 HIGHEST    89           500 AM
 LOWEST     32           400 PM
 AVERAGE    61

..........................................................


THE JACKSON KY CLIMATE NORMALS FOR TODAY
                         NORMAL    RECORD    YEAR
 MAXIMUM TEMPERATURE (F)   72        86      2005
 MINIMUM TEMPERATURE (F)   51        31      1987


SUNRISE AND SUNSET
OCTOBER  4 2017.......SUNRISE   732 AM EDT   SUNSET   711 PM EDT
OCTOBER  5 2017.......SUNRISE   733 AM EDT   SUNSET   710 PM EDT


-  INDICATES NEGATIVE NUMBERS.
R  INDICATES RECORD WAS SET OR TIED.
MM INDICATES DATA IS MISSING.
T  INDICATES TRACE AMOUNT.




$$
