000
CDUS43 KJKL 170523
CLIJKL

CLIMATE REPORT
NATIONAL WEATHER SERVICE JACKSON KY
1222 AM EST WED DEC 17 2014

...................................

...THE JACKSON KY CLIMATE SUMMARY FOR DECEMBER 16 2014...

CLIMATE NORMAL PERIOD 1981 TO 2010
CLIMATE RECORD PERIOD 1981 TO 2014

WEATHER ITEM   OBSERVED TIME   RECORD YEAR NORMAL DEPARTURE LAST
                VALUE   (LST)  VALUE       VALUE  FROM      YEAR
                                                  NORMAL
..................................................................
TEMPERATURE (F)
 YESTERDAY
  MAXIMUM         52   1220 PM  67    2001  46      6       47
  MINIMUM         41   1159 PM  -4    1989  30     11       29
  AVERAGE         47                        38      9       38

PRECIPITATION (IN)
  YESTERDAY        0.05          2.03 2000   0.14  -0.09      T
  MONTH TO DATE    1.62                      2.26  -0.64     4.66
  SINCE DEC 1      1.62                      2.26  -0.64     4.66
  SINCE JAN 1     53.01                     46.42   6.59    54.29

SNOWFALL (IN)
  YESTERDAY        0.0                       0.2   -0.2       T
  MONTH TO DATE    T                         2.0   -2.0      1.2
  SINCE DEC 1      T                         2.0   -2.0      1.2
  SINCE JUL 1      1.2                       2.6   -1.4      4.1
  SNOW DEPTH       0

DEGREE DAYS
 HEATING
  YESTERDAY       18                        27     -9       27
  MONTH TO DATE  377                       402    -25      408
  SINCE DEC 1    377                       402    -25      408
  SINCE JUL 1   1367                      1202    165     1295

 COOLING
  YESTERDAY        0                         0      0        0
  MONTH TO DATE    0                         0      0        0
  SINCE DEC 1      0                         0      0        0
  SINCE JAN 1   1165                      1154     11     1069
..................................................................

WIND (MPH)
  HIGHEST WIND SPEED    17   HIGHEST WIND DIRECTION     W (250)
  HIGHEST GUST SPEED    28   HIGHEST GUST DIRECTION     W (270)
  AVERAGE WIND SPEED     6.8

SKY COVER
  POSSIBLE SUNSHINE  MM
  AVERAGE SKY COVER 0.9

WEATHER CONDITIONS
 THE FOLLOWING WEATHER WAS RECORDED YESTERDAY.
  RAIN
  LIGHT RAIN

RELATIVE HUMIDITY (PERCENT)
 HIGHEST    93           300 AM
 LOWEST     59          1200 PM
 AVERAGE    76
..........................................................

THE JACKSON KY CLIMATE NORMALS FOR TODAY
                         NORMAL    RECORD    YEAR
 MAXIMUM TEMPERATURE (F)   45        69      2006
 MINIMUM TEMPERATURE (F)   30         4      1989

SUNRISE AND SUNSET
DECEMBER 17 2014......SUNRISE   742 AM EST   SUNSET   517 PM EST
DECEMBER 18 2014......SUNRISE   743 AM EST   SUNSET   517 PM EST

-  INDICATES NEGATIVE NUMBERS.
R  INDICATES RECORD WAS SET OR TIED.
MM INDICATES DATA IS MISSING.
T  INDICATES TRACE AMOUNT.

$$

GEOGERIAN
