728
CDUS43 KJKL 190525
CLIJKL

CLIMATE REPORT
NATIONAL WEATHER SERVICE JACKSON KY
125 AM EDT TUE APR 19 2016

...................................

...THE JACKSON KY CLIMATE SUMMARY FOR APRIL 18 2016...

CLIMATE NORMAL PERIOD 1981 TO 2010
CLIMATE RECORD PERIOD 1981 TO 2016

WEATHER ITEM   OBSERVED TIME   RECORD YEAR NORMAL DEPARTURE LAST
                VALUE   (LST)  VALUE       VALUE  FROM      YEAR
                                                  NORMAL
..................................................................
TEMPERATURE (F)
 YESTERDAY
  MAXIMUM         86    320 PM  88    2002  69     17       82
                                      1985
  MINIMUM         54    635 AM  28    1983  48      6       58
  AVERAGE         70                        58     12       70

PRECIPITATION (IN)
  YESTERDAY        0.00          1.37 1998   0.12  -0.12     0.00
  MONTH TO DATE    0.74                      2.23  -1.49     9.11
  SINCE MAR 1      3.12                      6.35  -3.23    15.37
  SINCE JAN 1     12.68                     13.71  -1.03    21.55

SNOWFALL (IN)
  YESTERDAY        0.0           0.1  1983   0.0    0.0      0.0
  MONTH TO DATE    0.1                       0.9   -0.8      0.0
  SINCE MAR 1      2.9                       3.8   -0.9      3.7
  SINCE JUL 1     32.5                      23.4    9.1     29.1
  SNOW DEPTH       0

DEGREE DAYS
 HEATING
  YESTERDAY        0                         8     -8        0
  MONTH TO DATE  205                       188     17       91
  SINCE MAR 1    544                       741   -197      639
  SINCE JUL 1   3298                      4041   -743     4404

 COOLING
  YESTERDAY        5                         1      4        5
  MONTH TO DATE   10                        18     -8       25
  SINCE MAR 1     18                        25     -7       25
  SINCE JAN 1     18                        25     -7       25
..................................................................

WIND (MPH)
  HIGHEST WIND SPEED     9   HIGHEST WIND DIRECTION    NW (330)
  HIGHEST GUST SPEED    16   HIGHEST GUST DIRECTION    NW (320)
  AVERAGE WIND SPEED     2.6

SKY COVER
  POSSIBLE SUNSHINE  MM
  AVERAGE SKY COVER 0.0

WEATHER CONDITIONS
 THE FOLLOWING WEATHER WAS RECORDED YESTERDAY.
  NO SIGNIFICANT WEATHER WAS OBSERVED.

RELATIVE HUMIDITY (PERCENT)
 HIGHEST    43           700 AM
 LOWEST     15           400 PM
 AVERAGE    29
..........................................................

THE JACKSON KY CLIMATE NORMALS FOR TODAY
                         NORMAL    RECORD    YEAR
 MAXIMUM TEMPERATURE (F)   69        89      2002
 MINIMUM TEMPERATURE (F)   48        24      1983

SUNRISE AND SUNSET
APRIL 19 2016.........SUNRISE   652 AM EDT   SUNSET   813 PM EDT
APRIL 20 2016.........SUNRISE   651 AM EDT   SUNSET   814 PM EDT

-  INDICATES NEGATIVE NUMBERS.
R  INDICATES RECORD WAS SET OR TIED.
MM INDICATES DATA IS MISSING.
T  INDICATES TRACE AMOUNT.

$$

GEOGERIAN
