000
CDUS43 KJKL 180917
CLIJKL

CLIMATE REPORT
NATIONAL WEATHER SERVICE JACKSON KY
517 AM EDT MON MAY 18 2015

...................................

...THE JACKSON KY CLIMATE SUMMARY FOR MAY 17 2015...

CLIMATE NORMAL PERIOD 1981 TO 2010
CLIMATE RECORD PERIOD 1981 TO 2015


WEATHER ITEM   OBSERVED TIME   RECORD YEAR NORMAL DEPARTURE LAST
                VALUE   (LST)  VALUE       VALUE  FROM      YEAR
                                                  NORMAL
..................................................................

TEMPERATURE (F)
 YESTERDAY
  MAXIMUM         81    311 PM  87    1986  75      6       62
  MINIMUM         65    434 AM  35    1983  55     10       38
  AVERAGE         73                        65      8       50

PRECIPITATION (IN)
  YESTERDAY        T             1.45 1995   0.18  -0.18     0.00
  MONTH TO DATE    0.80                      2.79  -1.99     1.21
  SINCE MAR 1     17.35                     10.74   6.61    12.15
  SINCE JAN 1     23.53                     18.10   5.43    19.77

SNOWFALL (IN)
  YESTERDAY        0.0           0.0         0.0    0.0      0.0
  MONTH TO DATE    0.0                       0.0    0.0      0.0
  SINCE MAR 1      3.7                       3.9   -0.2     11.9
  SINCE JUL 1     29.1                      23.5    5.6     38.9
  SNOW DEPTH       0


DEGREE DAYS
 HEATING
  YESTERDAY        0                         3     -3       15
  MONTH TO DATE   22                        69    -47       62
  SINCE MAR 1    779                       890   -111      891
  SINCE JUL 1   4544                      4190    354     4492

 COOLING
  YESTERDAY        8                         3      5        0
  MONTH TO DATE   97                        40     57       74
  SINCE MAR 1    122                        86     36      113
  SINCE JAN 1    122                        86     36      113
..................................................................

WIND (MPH)
  HIGHEST WIND SPEED     8   HIGHEST WIND DIRECTION     S (170)
  HIGHEST GUST SPEED    15   HIGHEST GUST DIRECTION    SE (150)
  AVERAGE WIND SPEED     1.9


SKY COVER
  POSSIBLE SUNSHINE  MM
  AVERAGE SKY COVER 0.5


WEATHER CONDITIONS
 THE FOLLOWING WEATHER WAS RECORDED YESTERDAY.
  LIGHT RAIN


RELATIVE HUMIDITY (PERCENT)
 HIGHEST    90           900 PM
 LOWEST     64           600 PM
 AVERAGE    77
..........................................................

THE JACKSON KY CLIMATE NORMALS FOR TODAY
                         NORMAL    RECORD    YEAR
 MAXIMUM TEMPERATURE (F)   75        88      1996
                                             1982
 MINIMUM TEMPERATURE (F)   55        41      2002


SUNRISE AND SUNSET
MAY 18 2015...........SUNRISE   622 AM EDT   SUNSET   838 PM EDT
MAY 19 2015...........SUNRISE   621 AM EDT   SUNSET   839 PM EDT


-  INDICATES NEGATIVE NUMBERS.
R  INDICATES RECORD WAS SET OR TIED.
MM INDICATES DATA IS MISSING.
T  INDICATES TRACE AMOUNT.
$$
