454
CDUS43 KJKL 190546
CLIJKL

CLIMATE REPORT
NATIONAL WEATHER SERVICE JACKSON KY
146 AM EDT THU MAY 19 2016

...................................

...THE JACKSON KY CLIMATE SUMMARY FOR MAY 18 2016...

CLIMATE NORMAL PERIOD 1981 TO 2010
CLIMATE RECORD PERIOD 1981 TO 2016

WEATHER ITEM   OBSERVED TIME   RECORD YEAR NORMAL DEPARTURE LAST
                VALUE   (LST)  VALUE       VALUE  FROM      YEAR
                                                  NORMAL
..................................................................
TEMPERATURE (F)
 YESTERDAY
  MAXIMUM         56    624 PM  88    1996  75    -19       78
                                      1982
  MINIMUM         49    742 AM  41    2002  55     -6       65
  AVERAGE         53                        65    -12       72

PRECIPITATION (IN)
  YESTERDAY        0.08          2.18 1995   0.16  -0.08     0.37
  MONTH TO DATE    5.63                      2.95   2.68     1.17
  SINCE MAR 1     11.83                     10.90   0.93    17.72
  SINCE JAN 1     21.39                     18.26   3.13    23.90

SNOWFALL (IN)
  YESTERDAY        0.0                       0.0    0.0      0.0
  MONTH TO DATE    0.0                       0.0    0.0      0.0
  SINCE MAR 1      2.9                       3.9   -1.0      3.7
  SINCE JUL 1     32.5                      23.5    9.0     29.1
  SNOW DEPTH       0

DEGREE DAYS
 HEATING
  YESTERDAY       12                         3      9        0
  MONTH TO DATE  119                        72     47       22
  SINCE MAR 1    682                       893   -211      779
  SINCE JUL 1   3436                      4193   -757     4544

 COOLING
  YESTERDAY        0                         3     -3        7
  MONTH TO DATE   22                        43    -21      104
  SINCE MAR 1     76                        89    -13      129
  SINCE JAN 1     76                        89    -13      129
..................................................................

WIND (MPH)
  HIGHEST WIND SPEED     6   HIGHEST WIND DIRECTION    NE (60)
  HIGHEST GUST SPEED    12   HIGHEST GUST DIRECTION     N (20)
  AVERAGE WIND SPEED     0.3

SKY COVER
  POSSIBLE SUNSHINE  MM
  AVERAGE SKY COVER 1.0

WEATHER CONDITIONS
 THE FOLLOWING WEATHER WAS RECORDED YESTERDAY.
  RAIN
  LIGHT RAIN
  FOG
  HAZE

RELATIVE HUMIDITY (PERCENT)
 HIGHEST   100           300 AM
 LOWEST     83           500 PM
 AVERAGE    92

..........................................................

THE JACKSON KY CLIMATE NORMALS FOR TODAY
                         NORMAL    RECORD    YEAR
 MAXIMUM TEMPERATURE (F)   75        88      1996
 MINIMUM TEMPERATURE (F)   55        36      2002

SUNRISE AND SUNSET
MAY 19 2016...........SUNRISE   620 AM EDT   SUNSET   840 PM EDT
MAY 20 2016...........SUNRISE   620 AM EDT   SUNSET   840 PM EDT

-  INDICATES NEGATIVE NUMBERS.
R  INDICATES RECORD WAS SET OR TIED.
MM INDICATES DATA IS MISSING.
T  INDICATES TRACE AMOUNT.

$$
