000
CDUS43 KJKL 110526
CLIJKL

CLIMATE REPORT
NATIONAL WEATHER SERVICE JACKSON KY
126 AM EDT SUN SEP 11 2016

...................................

...THE JACKSON KY CLIMATE SUMMARY FOR SEPTEMBER 10 2016...

CLIMATE NORMAL PERIOD 1981 TO 2010
CLIMATE RECORD PERIOD 1981 TO 2016

WEATHER ITEM   OBSERVED TIME   RECORD YEAR NORMAL DEPARTURE LAST
                VALUE   (LST)  VALUE       VALUE  FROM      YEAR
                                                  NORMAL
..................................................................
TEMPERATURE (F)
 YESTERDAY
  MAXIMUM         89    402 PM  93    2002  80      9       76
                                      1983
  MINIMUM         67   1159 PM  48    1998  60      7       65
  AVERAGE         78                        70      8       71

PRECIPITATION (IN)
  YESTERDAY        0.17          0.63 1985   0.12   0.05     0.16
  MONTH TO DATE    0.17                      1.08  -0.91     0.35
  SINCE SEP 1      0.17                      1.08  -0.91     0.35
  SINCE JAN 1     41.16                     34.63   6.53    46.13

SNOWFALL (IN)
  YESTERDAY        0.0                       0.0    0.0      0.0
  MONTH TO DATE    0.0                       0.0    0.0      0.0
  SINCE SEP 1      0.0                       0.0    0.0      0.0
  SINCE JUL 1      0.0                       0.0    0.0      0.0
  SNOW DEPTH       0

DEGREE DAYS
 HEATING
  YESTERDAY        0                         1     -1        0
  MONTH TO DATE    0                         2     -2        0
  SINCE SEP 1      0                         2     -2        0
  SINCE JUL 1      0                         4     -4        0

 COOLING
  YESTERDAY       13                         6      7        6
  MONTH TO DATE   95                        69     26      120
  SINCE SEP 1     95                        69     26      120
  SINCE JAN 1   1327                      1047    280     1171
..................................................................

WIND (MPH)
  HIGHEST WIND SPEED    21   HIGHEST WIND DIRECTION    NW (300)
  HIGHEST GUST SPEED    33   HIGHEST GUST DIRECTION    NW (310)
  AVERAGE WIND SPEED     2.2

SKY COVER
  POSSIBLE SUNSHINE  MM
  AVERAGE SKY COVER 0.2

WEATHER CONDITIONS
 THE FOLLOWING WEATHER WAS RECORDED YESTERDAY.
  HEAVY RAIN
  LIGHT RAIN
  FOG

RELATIVE HUMIDITY (PERCENT)
 HIGHEST    93          1000 PM
 LOWEST     46           300 PM
 AVERAGE    70

..........................................................

THE JACKSON KY CLIMATE NORMALS FOR TODAY
                         NORMAL    RECORD    YEAR
 MAXIMUM TEMPERATURE (F)   80        92      1983
 MINIMUM TEMPERATURE (F)   60        47      1993

SUNRISE AND SUNSET
SEPTEMBER 11 2016.....SUNRISE   712 AM EDT   SUNSET   746 PM EDT
SEPTEMBER 12 2016.....SUNRISE   713 AM EDT   SUNSET   745 PM EDT

-  INDICATES NEGATIVE NUMBERS.
R  INDICATES RECORD WAS SET OR TIED.
MM INDICATES DATA IS MISSING.
T  INDICATES TRACE AMOUNT.

$$
