000
CDUS43 KJKL 120520
CLIJKL

CLIMATE REPORT
NATIONAL WEATHER SERVICE JACKSON KY
119 AM EDT TUE SEP 12 2017

...................................

...THE JACKSON KY CLIMATE SUMMARY FOR SEPTEMBER 11 2017...

CLIMATE NORMAL PERIOD 1981 TO 2010
CLIMATE RECORD PERIOD 1981 TO 2017


WEATHER ITEM   OBSERVED TIME   RECORD YEAR NORMAL DEPARTURE LAST
                VALUE   (LST)  VALUE       VALUE  FROM      YEAR
                                                  NORMAL
..................................................................
TEMPERATURE (F)
 YESTERDAY
  MAXIMUM         63    159 PM  92    1983  80    -17       78
  MINIMUM         55    727 AM  47    1993  60     -5       62
  AVERAGE         59                        70    -11       70

PRECIPITATION (IN)
  YESTERDAY        0.04          1.89 2007   0.12  -0.08      T
  MONTH TO DATE    2.59                      1.20   1.39     0.17
  SINCE SEP 1      2.59                      1.20   1.39     0.17
  SINCE JAN 1     40.91                     34.75   6.16    41.16

SNOWFALL (IN)
  YESTERDAY        0.0                       0.0    0.0      0.0
  MONTH TO DATE    0.0                       0.0    0.0      0.0
  SINCE SEP 1      0.0                       0.0    0.0      0.0
  SINCE JUL 1      0.0                       0.0    0.0      0.0
  SNOW DEPTH       0

DEGREE DAYS
 HEATING
  YESTERDAY        6                         1      5        0
  MONTH TO DATE   26                         3     23        0
  SINCE SEP 1     26                         3     23        0
  SINCE JUL 1     26                         5     21        0

 COOLING
  YESTERDAY        0                         6     -6        5
  MONTH TO DATE   13                        75    -62      100
  SINCE SEP 1     13                        75    -62      100
  SINCE JAN 1   1015                      1053    -38     1332
..................................................................


WIND (MPH)
  HIGHEST WIND SPEED     7   HIGHEST WIND DIRECTION    NE (60)
  HIGHEST GUST SPEED    14   HIGHEST GUST DIRECTION    NE (50)
  AVERAGE WIND SPEED     1.6


SKY COVER
  POSSIBLE SUNSHINE  MM
  AVERAGE SKY COVER 0.1


WEATHER CONDITIONS
 THE FOLLOWING WEATHER WAS RECORDED YESTERDAY.
  LIGHT RAIN


RELATIVE HUMIDITY (PERCENT)
 HIGHEST    93          1100 PM
 LOWEST     67           100 PM
 AVERAGE    80

..........................................................


THE JACKSON KY CLIMATE NORMALS FOR TODAY
                         NORMAL    RECORD    YEAR
 MAXIMUM TEMPERATURE (F)   79        91      1999
 MINIMUM TEMPERATURE (F)   60        50      1992


SUNRISE AND SUNSET
SEPTEMBER 12 2017.....SUNRISE   713 AM EDT   SUNSET   745 PM EDT
SEPTEMBER 13 2017.....SUNRISE   714 AM EDT   SUNSET   744 PM EDT


-  INDICATES NEGATIVE NUMBERS.
R  INDICATES RECORD WAS SET OR TIED.
MM INDICATES DATA IS MISSING.
T  INDICATES TRACE AMOUNT.




$$
