000
CDUS43 KJKL 190536
CLIJKL

CLIMATE REPORT
NATIONAL WEATHER SERVICE JACKSON KY
136 AM EDT SAT JUL 19 2014

...................................

...THE JACKSON KY CLIMATE SUMMARY FOR JULY 18 2014...

CLIMATE NORMAL PERIOD 1981 TO 2010
CLIMATE RECORD PERIOD 1981 TO 2014

WEATHER ITEM   OBSERVED TIME   RECORD YEAR NORMAL DEPARTURE LAST
                VALUE   (LST)  VALUE       VALUE  FROM      YEAR
                                                  NORMAL
..................................................................
TEMPERATURE (F)
 YESTERDAY
  MAXIMUM         66    310 PM  94    1986  85    -19       89
  MINIMUM         61   1032 AM  55    2009  66     -5       68
  AVERAGE         64                        76    -12       79

PRECIPITATION (IN)
  YESTERDAY        0.57          0.74 1999   0.16   0.41     0.00
  MONTH TO DATE    2.69                      2.67   0.02     4.62
  SINCE JUN 1      5.81                      7.37  -1.56    10.98
  SINCE JAN 1     26.67                     27.88  -1.21    31.18

SNOWFALL (IN)
  YESTERDAY        0.0                       0.0    0.0      0.0
  MONTH TO DATE    0.0                       0.0    0.0      0.0
  SINCE JUN 1      0.0                       0.0    0.0      0.0
  SINCE JUL 1      0.0                       0.0    0.0      0.0
  SNOW DEPTH       0

DEGREE DAYS
 HEATING
  YESTERDAY        1                         0      1        0
  MONTH TO DATE    1                         0      1        0
  SINCE JUN 1      1                        12    -11        0
  SINCE JUL 1      1                         0      1        0

 COOLING
  YESTERDAY        0                        10    -10       14
  MONTH TO DATE  165                       186    -21      177
  SINCE JUN 1    452                       409     43      401
  SINCE JAN 1    643                       545     98      549
..................................................................

WIND (MPH)
  HIGHEST WIND SPEED     7   HIGHEST WIND DIRECTION     W (290)
  HIGHEST GUST SPEED     9   HIGHEST GUST DIRECTION    NE (40)
  AVERAGE WIND SPEED     0.7

SKY COVER
  POSSIBLE SUNSHINE  MM
  AVERAGE SKY COVER 0.6

WEATHER CONDITIONS
 THE FOLLOWING WEATHER WAS RECORDED YESTERDAY.
  RAIN
  LIGHT RAIN
  FOG
  FOG W/VISIBILITY <= 1/4 MILE

RELATIVE HUMIDITY (PERCENT)
 HIGHEST   100           900 PM
 LOWEST     56          1200 AM
 AVERAGE    78
..........................................................

THE JACKSON KY CLIMATE NORMALS FOR TODAY
                         NORMAL    RECORD    YEAR
 MAXIMUM TEMPERATURE (F)   85        94      1986
 MINIMUM TEMPERATURE (F)   66        54      2009

SUNRISE AND SUNSET
JULY 19 2014..........SUNRISE   627 AM EDT   SUNSET   852 PM EDT
JULY 20 2014..........SUNRISE   627 AM EDT   SUNSET   851 PM EDT

-  INDICATES NEGATIVE NUMBERS.
R  INDICATES RECORD WAS SET OR TIED.
MM INDICATES DATA IS MISSING.
T  INDICATES TRACE AMOUNT.

$$

SHALLENBERGER
