000
CDUS43 KJKL 200527
CLIJKL

CLIMATE REPORT
NATIONAL WEATHER SERVICE JACKSON KY
127 AM EDT SAT JUN 20 2015

...................................

...THE JACKSON KY CLIMATE SUMMARY FOR JUNE 19 2015...

CLIMATE NORMAL PERIOD 1981 TO 2010
CLIMATE RECORD PERIOD 1981 TO 2015

WEATHER ITEM   OBSERVED TIME   RECORD YEAR NORMAL DEPARTURE LAST
                VALUE   (LST)  VALUE       VALUE  FROM      YEAR
                                                  NORMAL
..................................................................
TEMPERATURE (F)
 YESTERDAY
  MAXIMUM         82    223 PM  93    1994  83     -1       91
  MINIMUM         68    655 AM  55    2008  64      4       68
                                      1999
                                      1985
  AVERAGE         75                        73      2       80

PRECIPITATION (IN)
  YESTERDAY        0.01          1.66 1991   0.15  -0.14     0.07
  MONTH TO DATE    3.54                      3.08   0.46     1.28
  SINCE JUN 1      3.54                      3.08   0.46     1.28
  SINCE JAN 1     28.01                     23.59   4.42    22.14

SNOWFALL (IN)
  YESTERDAY        0.0                       0.0    0.0      0.0
  MONTH TO DATE    0.0                       0.0    0.0      0.0
  SINCE JUN 1      0.0                       0.0    0.0      0.0
  SINCE JUL 1     29.1                      23.5    5.6     38.9
  SNOW DEPTH       0

DEGREE DAYS
 HEATING
  YESTERDAY        0                         0      0        0
  MONTH TO DATE    9                         9      0        0
  SINCE JUN 1      9                         9      0        0
  SINCE JUL 1   4575                      4231    344     4509

 COOLING
  YESTERDAY       10                         8      2       15
  MONTH TO DATE  174                       122     52      158
  SINCE JUN 1    174                       122     52      158
  SINCE JAN 1    378                       258    120      349
..................................................................

WIND (MPH)
  HIGHEST WIND SPEED    13   HIGHEST WIND DIRECTION    NW (310)
  HIGHEST GUST SPEED    17   HIGHEST GUST DIRECTION    NW (330)
  AVERAGE WIND SPEED     1.8

SKY COVER
  POSSIBLE SUNSHINE  MM
  AVERAGE SKY COVER 0.4

WEATHER CONDITIONS
 THE FOLLOWING WEATHER WAS RECORDED YESTERDAY.
  THUNDERSTORM
  LIGHT RAIN
  FOG
  HAZE

RELATIVE HUMIDITY (PERCENT)
 HIGHEST    97           800 PM
 LOWEST     74           200 PM
 AVERAGE    86
..........................................................

THE JACKSON KY CLIMATE NORMALS FOR TODAY
                         NORMAL    RECORD    YEAR
 MAXIMUM TEMPERATURE (F)   83        94      1994
 MINIMUM TEMPERATURE (F)   64        52      1985

SUNRISE AND SUNSET
JUNE 20 2015..........SUNRISE   612 AM EDT   SUNSET   858 PM EDT
JUNE 21 2015..........SUNRISE   612 AM EDT   SUNSET   858 PM EDT

-  INDICATES NEGATIVE NUMBERS.
R  INDICATES RECORD WAS SET OR TIED.
MM INDICATES DATA IS MISSING.
T  INDICATES TRACE AMOUNT.

$$

ABE
