000
CDUS43 KJKL 090524
CLIJKL

CLIMATE REPORT
NATIONAL WEATHER SERVICE JACKSON KY
1225 AM EST TUE DEC 9 2014

...................................

...THE JACKSON KY CLIMATE SUMMARY FOR DECEMBER 8 2014...

CLIMATE NORMAL PERIOD 1981 TO 2010
CLIMATE RECORD PERIOD 1981 TO 2014

WEATHER ITEM   OBSERVED TIME   RECORD YEAR NORMAL DEPARTURE LAST
                VALUE   (LST)  VALUE       VALUE  FROM      YEAR
                                                  NORMAL
..................................................................
TEMPERATURE (F)
 YESTERDAY
  MAXIMUM         46    453 PM  67    1987  48     -2       40
  MINIMUM         35    835 AM  10    2006  32      3       27
  AVERAGE         41                        40      1       34

PRECIPITATION (IN)
  YESTERDAY        0.00          1.53 2009   0.14  -0.14     0.64
  MONTH TO DATE    1.53                      1.12   0.41     4.09
  SINCE DEC 1      1.53                      1.12   0.41     4.09
  SINCE JAN 1     52.92                     45.28   7.64    53.72

SNOWFALL (IN)
  YESTERDAY        0.0                       0.1   -0.1      0.1
  MONTH TO DATE    0.0                       0.8   -0.8      0.1
  SINCE DEC 1      0.0                       0.8   -0.8      0.1
  SINCE JUL 1      1.2                       1.4   -0.2      3.0
  SNOW DEPTH       0

DEGREE DAYS
 HEATING
  YESTERDAY       24                        25     -1       31
  MONTH TO DATE  165                       191    -26      161
  SINCE DEC 1    165                       191    -26      161
  SINCE JUL 1   1155                       991    164     1048

 COOLING
  YESTERDAY        0                         0      0        0
  MONTH TO DATE    0                         0      0        0
  SINCE DEC 1      0                         0      0        0
  SINCE JAN 1   1165                      1154     11     1069
..................................................................

WIND (MPH)
  HIGHEST WIND SPEED     9   HIGHEST WIND DIRECTION     E (70)
  HIGHEST GUST SPEED    15   HIGHEST GUST DIRECTION     E (80)
  AVERAGE WIND SPEED     2.3

SKY COVER
  POSSIBLE SUNSHINE  MM
  AVERAGE SKY COVER 0.3

WEATHER CONDITIONS
 THE FOLLOWING WEATHER WAS RECORDED YESTERDAY.
  NO SIGNIFICANT WEATHER WAS OBSERVED.

RELATIVE HUMIDITY (PERCENT)
 HIGHEST    75          1200 AM
 LOWEST     45           500 PM
 AVERAGE    60
..........................................................

THE JACKSON KY CLIMATE NORMALS FOR TODAY
                         NORMAL    RECORD    YEAR
 MAXIMUM TEMPERATURE (F)   48        69      2007
 MINIMUM TEMPERATURE (F)   32         7      1995

SUNRISE AND SUNSET
DECEMBER  9 2014......SUNRISE   736 AM EST   SUNSET   515 PM EST
DECEMBER 10 2014......SUNRISE   737 AM EST   SUNSET   515 PM EST

-  INDICATES NEGATIVE NUMBERS.
R  INDICATES RECORD WAS SET OR TIED.
MM INDICATES DATA IS MISSING.
T  INDICATES TRACE AMOUNT.

$$

GREIF
