000
CDUS43 KJKL 070540
CLIJKL

CLIMATE REPORT
NATIONAL WEATHER SERVICE JACKSON KY
139 AM EDT SUN SEP 7 2014


...................................

...THE JACKSON KY CLIMATE SUMMARY FOR SEPTEMBER 6 2014...

CLIMATE NORMAL PERIOD 1981 TO 2010
CLIMATE RECORD PERIOD 1981 TO 2014


WEATHER ITEM   OBSERVED TIME   RECORD YEAR NORMAL DEPARTURE LAST
                VALUE   (LST)  VALUE       VALUE  FROM      YEAR
                                                  NORMAL
..................................................................
TEMPERATURE (F)
 YESTERDAY
  MAXIMUM         87    106 PM  95    1998  81      6       80
  MINIMUM         68   1159 PM  47    1984  62      6       60
  AVERAGE         78                        71      7       70

PRECIPITATION (IN)
  YESTERDAY        0.09          0.55 2011   0.11  -0.02     0.00
  MONTH TO DATE    1.48                      0.64   0.84     0.02
  SINCE SEP 1      1.48                      0.64   0.84     0.02
  SINCE JAN 1     39.78                     34.19   5.59    43.24

SNOWFALL (IN)
  YESTERDAY        0.0                       0.0    0.0      0.0
  MONTH TO DATE    0.0                       0.0    0.0      0.0
  SINCE SEP 1      0.0                       0.0    0.0      0.0
  SINCE JUL 1      0.0                       0.0    0.0      0.0
  SNOW DEPTH       0

DEGREE DAYS
 HEATING
  YESTERDAY        0                         0      0        0
  MONTH TO DATE    0                         0      0        0
  SINCE SEP 1      0                         0      0        0
  SINCE JUL 1      3                         2      1        2

COOLING
  YESTERDAY       13                         7      6        5
  MONTH TO DATE   71                        44     27       40
  SINCE SEP 1     71                        44     27       40
  SINCE JAN 1   1072                      1022     50      935
..................................................................


WIND (MPH)
  HIGHEST WIND SPEED    18   HIGHEST WIND DIRECTION    NW (330)
  HIGHEST GUST SPEED    33   HIGHEST GUST DIRECTION    NW (330)
  AVERAGE WIND SPEED     1.1


SKY COVER
  POSSIBLE SUNSHINE  MM
  AVERAGE SKY COVER 0.3


WEATHER CONDITIONS
 THE FOLLOWING WEATHER WAS RECORDED YESTERDAY.
  THUNDERSTORM
  RAIN
  LIGHT RAIN
  FOG


RELATIVE HUMIDITY (PERCENT)
 HIGHEST   100           900 PM
 LOWEST     65           100 PM
 AVERAGE    83

..........................................................


THE JACKSON KY CLIMATE NORMALS FOR TODAY
                         NORMAL    RECORD    YEAR
 MAXIMUM TEMPERATURE (F)   81        94      1990
 MINIMUM TEMPERATURE (F)   61        47      1988


SUNRISE AND SUNSET
SEPTEMBER  7 2014.....SUNRISE   708 AM EDT   SUNSET   753 PM EDT
SEPTEMBER  8 2014.....SUNRISE   709 AM EDT   SUNSET   752 PM EDT


-  INDICATES NEGATIVE NUMBERS.
R  INDICATES RECORD WAS SET OR TIED.
MM INDICATES DATA IS MISSING.
T  INDICATES TRACE AMOUNT.

$$
