000
CDUS43 KJKL 160528
CLIJKL

CLIMATE REPORT
NATIONAL WEATHER SERVICE JACKSON KY
128 AM EDT SAT MAY 16 2015

...................................

...THE JACKSON KY CLIMATE SUMMARY FOR MAY 15 2015...

CLIMATE NORMAL PERIOD 1981 TO 2010
CLIMATE RECORD PERIOD 1981 TO 2015


WEATHER ITEM   OBSERVED TIME   RECORD YEAR NORMAL DEPARTURE LAST
                VALUE   (LST)  VALUE       VALUE  FROM      YEAR
                                                  NORMAL
..................................................................
TEMPERATURE (F)
 YESTERDAY
  MAXIMUM         83    427 PM  88    1998  74      9       69
  MINIMUM         63   1011 AM  37    1997  54      9       49
  AVERAGE         73                        64      9       59

PRECIPITATION (IN)
  YESTERDAY        0.22          1.67 2010   0.18   0.04     0.36
  MONTH TO DATE    0.39                      2.44  -2.05     1.15
  SINCE MAR 1     16.94                     10.39   6.55    12.09
  SINCE JAN 1     23.12                     17.75   5.37    19.71

SNOWFALL (IN)
  YESTERDAY        0.0           T    2006   0.0    0.0      0.0
  MONTH TO DATE    0.0                       0.0    0.0      0.0
  SINCE MAR 1      3.7                       3.9   -0.2     11.9
  SINCE JUL 1     29.1                      23.5    5.6     38.9
  SNOW DEPTH       0

DEGREE DAYS
 HEATING
  YESTERDAY        0                         3     -3        6
  MONTH TO DATE   22                        63    -41       33
  SINCE MAR 1    779                       884   -105      862
  SINCE JUL 1   4544                      4184    360     4463

 COOLING
  YESTERDAY        8                         3      5        0
  MONTH TO DATE   82                        34     48       74
  SINCE MAR 1    107                        80     27      113
  SINCE JAN 1    107                        80     27      113
..................................................................

WIND (MPH)
  HIGHEST WIND SPEED    13   HIGHEST WIND DIRECTION     S (170)
  HIGHEST GUST SPEED    19   HIGHEST GUST DIRECTION     S (170)
  AVERAGE WIND SPEED     2.0

SKY COVER
  POSSIBLE SUNSHINE  MM
  AVERAGE SKY COVER 0.4

WEATHER CONDITIONS
 THE FOLLOWING WEATHER WAS RECORDED YESTERDAY.
  THUNDERSTORM
  HEAVY RAIN
  RAIN
  LIGHT RAIN
  FOG

RELATIVE HUMIDITY (PERCENT)
 HIGHEST    73          1200 PM
 LOWEST     51           400 PM
 AVERAGE    62

..........................................................

THE JACKSON KY CLIMATE NORMALS FOR TODAY
                         NORMAL    RECORD    YEAR
 MAXIMUM TEMPERATURE (F)   75        85      1991
                                             1986
 MINIMUM TEMPERATURE (F)   55        32      1997

SUNRISE AND SUNSET
MAY 16 2015...........SUNRISE   623 AM EDT   SUNSET   836 PM EDT
MAY 17 2015...........SUNRISE   622 AM EDT   SUNSET   837 PM EDT

-  INDICATES NEGATIVE NUMBERS.
R  INDICATES RECORD WAS SET OR TIED.
MM INDICATES DATA IS MISSING.
T  INDICATES TRACE AMOUNT.

$$
