000
CDUS43 KJKL 120540
CLIJKL

CLIMATE REPORT
NATIONAL WEATHER SERVICE JACKSON KY
140 AM EDT FRI SEP 12 2014

...................................

...THE JACKSON KY CLIMATE SUMMARY FOR SEPTEMBER 11 2014...

CLIMATE NORMAL PERIOD 1981 TO 2010
CLIMATE RECORD PERIOD 1981 TO 2014

WEATHER ITEM   OBSERVED TIME   RECORD YEAR NORMAL DEPARTURE LAST
                VALUE   (LST)  VALUE       VALUE  FROM      YEAR
                                                  NORMAL
..................................................................
TEMPERATURE (F)
 YESTERDAY
  MAXIMUM         79    214 PM  92    1983  80     -1       86
  MINIMUM         67   1159 PM  47    1993  60      7       69
  AVERAGE         73                        70      3       78

PRECIPITATION (IN)
  YESTERDAY        0.64          1.89 2007   0.12   0.52     0.23
  MONTH TO DATE    2.14                      1.20   0.94     0.27
  SINCE SEP 1      2.14                      1.20   0.94     0.27
  SINCE JAN 1     40.44                     34.75   5.69    43.49

SNOWFALL (IN)
  YESTERDAY        0.0                       0.0    0.0      0.0
  MONTH TO DATE    0.0                       0.0    0.0      0.0
  SINCE SEP 1      0.0                       0.0    0.0      0.0
  SINCE JUL 1      0.0                       0.0    0.0      0.0
  SNOW DEPTH       0

DEGREE DAYS
 HEATING
  YESTERDAY        0                         1     -1        0
  MONTH TO DATE    0                         3     -3        0
  SINCE SEP 1      0                         3     -3        0
  SINCE JUL 1      3                         5     -2        2

 COOLING
  YESTERDAY        8                         6      2       13
  MONTH TO DATE  107                        75     32       97
  SINCE SEP 1    107                        75     32       97
  SINCE JAN 1   1108                      1053     55      992
..................................................................

WIND (MPH)
  HIGHEST WIND SPEED    12   HIGHEST WIND DIRECTION    NW (310)
  HIGHEST GUST SPEED    18   HIGHEST GUST DIRECTION    NW (310)
  AVERAGE WIND SPEED     2.7

SKY COVER
  POSSIBLE SUNSHINE  MM
  AVERAGE SKY COVER 0.8

WEATHER CONDITIONS
 THE FOLLOWING WEATHER WAS RECORDED YESTERDAY.
  HEAVY RAIN
  RAIN
  LIGHT RAIN
  FOG

RELATIVE HUMIDITY (PERCENT)
 HIGHEST    97           800 AM
 LOWEST     73          1200 AM
 AVERAGE    85
..........................................................

THE JACKSON KY CLIMATE NORMALS FOR TODAY
                         NORMAL    RECORD    YEAR
 MAXIMUM TEMPERATURE (F)   79        91      1999
 MINIMUM TEMPERATURE (F)   60        50      1992

SUNRISE AND SUNSET
SEPTEMBER 12 2014.....SUNRISE   713 AM EDT   SUNSET   746 PM EDT
SEPTEMBER 13 2014.....SUNRISE   713 AM EDT   SUNSET   744 PM EDT

-  INDICATES NEGATIVE NUMBERS.
R  INDICATES RECORD WAS SET OR TIED.
MM INDICATES DATA IS MISSING.
T  INDICATES TRACE AMOUNT.

$$

SHALLENBERGER
