000
CDUS43 KJKL 040539
CLIJKL

CLIMATE REPORT
NATIONAL WEATHER SERVICE JACKSON KY
138 AM EDT SAT NOV 4 2017


...................................

...THE JACKSON KY CLIMATE SUMMARY FOR NOVEMBER 3 2017...

CLIMATE NORMAL PERIOD 1981 TO 2010
CLIMATE RECORD PERIOD 1981 TO 2017


WEATHER ITEM   OBSERVED TIME   RECORD YEAR NORMAL DEPARTURE LAST
                VALUE   (LST)  VALUE       VALUE  FROM      YEAR
                                                  NORMAL
..................................................................
TEMPERATURE (F)
 YESTERDAY
  MAXIMUM         66    349 PM  81    2003  63      3       78
  MINIMUM         56   1159 PM  23    1991  43     13       59
  AVERAGE         61                        53      8       69

PRECIPITATION (IN)
  YESTERDAY        0.08          1.47 1998   0.13  -0.05     0.03
  MONTH TO DATE    0.08                      0.38  -0.30     0.03
  SINCE SEP 1      8.70                      7.03   1.67     2.86
  SINCE JAN 1     47.02                     40.58   6.44    43.85

SNOWFALL (IN)
  YESTERDAY        0.0           T    1999   0.0    0.0      0.0
                                      1997
                                      1995
  MONTH TO DATE    0.0                       0.0    0.0      0.0
  SINCE SEP 1      T                         0.1   -0.1      0.0
  SINCE JUL 1      T                         0.1   -0.1      0.0
  SNOW DEPTH       0

DEGREE DAYS
 HEATING
  YESTERDAY        4                        12     -8        0
  MONTH TO DATE   16                        36    -20        0
  SINCE SEP 1    250                       331    -81      122
  SINCE JUL 1    250                       333    -83      122

COOLING
  YESTERDAY        0                         0      0        4
  MONTH TO DATE    0                         0      0       20
  SINCE SEP 1    193                       172     21      346
  SINCE JAN 1   1195                      1150     45     1578
..................................................................


WIND (MPH)
  HIGHEST WIND SPEED     6   HIGHEST WIND DIRECTION     N (350)
  HIGHEST GUST SPEED    11   HIGHEST GUST DIRECTION     N (360)
  AVERAGE WIND SPEED     1.1


SKY COVER
  POSSIBLE SUNSHINE  MM
  AVERAGE SKY COVER 0.9


WEATHER CONDITIONS
 THE FOLLOWING WEATHER WAS RECORDED YESTERDAY.
  RAIN
  LIGHT RAIN
  FOG


RELATIVE HUMIDITY (PERCENT)
 HIGHEST   100          1200 PM
 LOWEST     73          1200 AM
 AVERAGE    87

..........................................................


THE JACKSON KY CLIMATE NORMALS FOR TODAY
                         NORMAL    RECORD    YEAR
 MAXIMUM TEMPERATURE (F)   62        82      2003
 MINIMUM TEMPERATURE (F)   43        20      1991


SUNRISE AND SUNSET
NOVEMBER  4 2017......SUNRISE   802 AM EDT   SUNSET   631 PM EDT
NOVEMBER  5 2017......SUNRISE   703 AM EST   SUNSET   531 PM EST


-  INDICATES NEGATIVE NUMBERS.
R  INDICATES RECORD WAS SET OR TIED.
MM INDICATES DATA IS MISSING.
T  INDICATES TRACE AMOUNT.




$$
