000
CDUS43 KJKL 240555
CLIJKL

CLIMATE REPORT
NATIONAL WEATHER SERVICE JACKSON KY
155 AM EDT FRI JUL 24 2015
...................................

...THE JACKSON KY CLIMATE SUMMARY FOR JULY 23 2015...

CLIMATE NORMAL PERIOD 1981 TO 2010
CLIMATE RECORD PERIOD 1981 TO 2015

WEATHER ITEM   OBSERVED TIME   RECORD YEAR NORMAL DEPARTURE LAST
                VALUE   (LST)  VALUE       VALUE  FROM      YEAR
                                                  NORMAL
..................................................................
TEMPERATURE (F)
 YESTERDAY
  MAXIMUM         82    314 PM  93    1983  85     -3       87
  MINIMUM         66    447 AM  61    2007  66      0       67
                                      2003
                                      1981
  AVERAGE         74                        75     -1       77

PRECIPITATION (IN)
  YESTERDAY        0.00          0.97 1991   0.16  -0.16     0.55
  MONTH TO DATE    8.82                      3.44   5.38     4.28
  SINCE JUN 1     16.24                      8.14   8.10     7.40
  SINCE JAN 1     40.71                     28.65  12.06    28.26

SNOWFALL (IN)
  YESTERDAY        0.0                       0.0    0.0      0.0
  MONTH TO DATE    0.0                       0.0    0.0      0.0
  SINCE JUN 1      0.0                       0.0    0.0      0.0
  SINCE JUL 1      0.0                       0.0    0.0      0.0
  SNOW DEPTH       0

DEGREE DAYS
 HEATING
  YESTERDAY        0                         0      0        0
  MONTH TO DATE    0                         0      0        1
  SINCE JUN 1      9                        12     -3        1
  SINCE JUL 1      0                         0      0        1

 COOLING
  YESTERDAY        9                        10     -1       12
  MONTH TO DATE  229                       236     -7      220
  SINCE JUN 1    503                       459     44      507
  SINCE JAN 1    707                       595    112      698
..................................................................

WIND (MPH)
  HIGHEST WIND SPEED     5   HIGHEST WIND DIRECTION     E (70)
  HIGHEST GUST SPEED     8   HIGHEST GUST DIRECTION     E (80)
  AVERAGE WIND SPEED     0.1

SKY COVER
  POSSIBLE SUNSHINE  MM
  AVERAGE SKY COVER 0.6

WEATHER CONDITIONS
 THE FOLLOWING WEATHER WAS RECORDED YESTERDAY.
  NO SIGNIFICANT WEATHER WAS OBSERVED.

RELATIVE HUMIDITY (PERCENT)
 HIGHEST    78           300 AM
 LOWEST     58           500 PM
 AVERAGE    68
..........................................................

THE JACKSON KY CLIMATE NORMALS FOR TODAY
                         NORMAL    RECORD    YEAR
 MAXIMUM TEMPERATURE (F)   85        93      1987
                                             1986
 MINIMUM TEMPERATURE (F)   66        56      2008

SUNRISE AND SUNSET
JULY 24 2015..........SUNRISE   630 AM EDT   SUNSET   849 PM EDT
JULY 25 2015..........SUNRISE   631 AM EDT   SUNSET   848 PM EDT

-  INDICATES NEGATIVE NUMBERS.
R  INDICATES RECORD WAS SET OR TIED.
MM INDICATES DATA IS MISSING.
T  INDICATES TRACE AMOUNT.

$$
