000
CDUS43 KJKL 130541
CLIJKL

CLIMATE REPORT
NATIONAL WEATHER SERVICE JACKSON KY
141 AM EDT SAT MAY 13 2017


...................................

...THE JACKSON KY CLIMATE SUMMARY FOR MAY 12 2017...

CLIMATE NORMAL PERIOD 1981 TO 2010
CLIMATE RECORD PERIOD 1981 TO 2017


WEATHER ITEM   OBSERVED TIME   RECORD YEAR NORMAL DEPARTURE LAST
                VALUE   (LST)  VALUE       VALUE  FROM      YEAR
                                                  NORMAL
..................................................................
TEMPERATURE (F)
 YESTERDAY
  MAXIMUM         64    135 PM  88    1982  74    -10       83
  MINIMUM         55   1159 PM  40    1989  54      1       60
  AVERAGE         60                        64     -4       72

PRECIPITATION (IN)
  YESTERDAY        0.40R         0.29 2016   0.17   0.23     0.29
  MONTH TO DATE    2.45                      1.92   0.53     5.14
  SINCE MAR 1     10.89                      9.87   1.02    11.34
  SINCE JAN 1     18.46                     17.23   1.23    20.90

SNOWFALL (IN)
  YESTERDAY        0.0                       0.0    0.0      0.0
  MONTH TO DATE    0.0                       0.0    0.0      0.0
  SINCE MAR 1      0.2                       3.9   -3.7      2.9
  SINCE JUL 1      4.8                      23.5  -18.7     32.5
  SNOW DEPTH       0

DEGREE DAYS
 HEATING
  YESTERDAY        5                         4      1        0
  MONTH TO DATE   71                        52     19       49
  SINCE MAR 1    700                       873   -173      612
  SINCE JUL 1   3192                      4173   -981     3366

COOLING
  YESTERDAY        0                         3     -3        7
  MONTH TO DATE   13                        25    -12       22
  SINCE MAR 1    109                        71     38       76
  SINCE JAN 1    111                        71     40       76
..................................................................


WIND (MPH)
  HIGHEST WIND SPEED     8   HIGHEST WIND DIRECTION    NW (310)
  HIGHEST GUST SPEED    13   HIGHEST GUST DIRECTION    NW (320)
  AVERAGE WIND SPEED     0.5


SKY COVER
  POSSIBLE SUNSHINE  MM
  AVERAGE SKY COVER 0.8


WEATHER CONDITIONS
 THE FOLLOWING WEATHER WAS RECORDED YESTERDAY.
  RAIN
  LIGHT RAIN
  FOG
  FOG W/VISIBILITY <= 1/4 MILE


RELATIVE HUMIDITY (PERCENT)
 HIGHEST   100           400 AM
 LOWEST     93           500 AM
 AVERAGE    97

..........................................................


THE JACKSON KY CLIMATE NORMALS FOR TODAY
                         NORMAL    RECORD    YEAR
 MAXIMUM TEMPERATURE (F)   74        90      1982
 MINIMUM TEMPERATURE (F)   54        37      2013


SUNRISE AND SUNSET
MAY 13 2017...........SUNRISE   625 AM EDT   SUNSET   834 PM EDT
MAY 14 2017...........SUNRISE   624 AM EDT   SUNSET   835 PM EDT


-  INDICATES NEGATIVE NUMBERS.
R  INDICATES RECORD WAS SET OR TIED.
MM INDICATES DATA IS MISSING.
T  INDICATES TRACE AMOUNT.




$$
