000
CDUS43 KJKL 150529
CLIJKL

CLIMATE REPORT
NATIONAL WEATHER SERVICE JACKSON KY
129 AM EDT FRI APR 15 2016


...................................

...THE JACKSON KY CLIMATE SUMMARY FOR APRIL 14 2016...

CLIMATE NORMAL PERIOD 1981 TO 2010
CLIMATE RECORD PERIOD 1981 TO 2016


WEATHER ITEM   OBSERVED TIME   RECORD YEAR NORMAL DEPARTURE LAST
                VALUE   (LST)  VALUE       VALUE  FROM      YEAR
                                                  NORMAL
..................................................................
TEMPERATURE (F)
 YESTERDAY
  MAXIMUM         75    448 PM  87    2006  68      7       63
  MINIMUM         45    605 AM  29    1997  46     -1       50
  AVERAGE         60                        57      3       57

PRECIPITATION (IN)
  YESTERDAY        0.00          2.01 2015   0.12  -0.12     2.01
  MONTH TO DATE    0.74                      1.75  -1.01     8.62
  SINCE MAR 1      3.12                      5.87  -2.75    14.88
  SINCE JAN 1     12.68                     13.23  -0.55    21.06

SNOWFALL (IN)
  YESTERDAY        0.0           T    2008   0.1   -0.1      0.0
  MONTH TO DATE    0.1                       0.8   -0.7      0.0
  SINCE MAR 1      2.9                       3.7   -0.8      3.7
  SINCE JUL 1     32.5                      23.3    9.2     29.1
  SNOW DEPTH      MM

DEGREE DAYS
 HEATING
  YESTERDAY        5                         9     -4        8
  MONTH TO DATE  204                       154     50       77
  SINCE MAR 1    543                       707   -164      625
  SINCE JUL 1   3297                      4007   -710     4390

COOLING
  YESTERDAY        0                         1     -1        0
  MONTH TO DATE    0                        14    -14       18
  SINCE MAR 1      8                        21    -13       18
  SINCE JAN 1      8                        21    -13       18
..................................................................


WIND (MPH)
  HIGHEST WIND SPEED     8   HIGHEST WIND DIRECTION    NE (50)
  HIGHEST GUST SPEED    14   HIGHEST GUST DIRECTION    NE (40)
  AVERAGE WIND SPEED     3.4


SKY COVER
  POSSIBLE SUNSHINE  MM
  AVERAGE SKY COVER 0.1


WEATHER CONDITIONS
 THE FOLLOWING WEATHER WAS RECORDED YESTERDAY.
  NO SIGNIFICANT WEATHER WAS OBSERVED.


RELATIVE HUMIDITY (PERCENT)
 HIGHEST    42           600 AM
 LOWEST     23          1100 PM
 AVERAGE    33

..........................................................


THE JACKSON KY CLIMATE NORMALS FOR TODAY
                         NORMAL    RECORD    YEAR
 MAXIMUM TEMPERATURE (F)   68        86      2006
 MINIMUM TEMPERATURE (F)   47        30      2014


SUNRISE AND SUNSET
APRIL 15 2016.........SUNRISE   658 AM EDT   SUNSET   809 PM EDT
APRIL 16 2016.........SUNRISE   656 AM EDT   SUNSET   810 PM EDT


-  INDICATES NEGATIVE NUMBERS.
R  INDICATES RECORD WAS SET OR TIED.
MM INDICATES DATA IS MISSING.
T  INDICATES TRACE AMOUNT.

$$
