265
CDUS43 KJKL 120524
CLIJKL

CLIMATE REPORT
NATIONAL WEATHER SERVICE JACKSON KY
123 AM EDT THU OCT 12 2017

...................................

...THE JACKSON KY CLIMATE SUMMARY FOR OCTOBER 11 2017...

CLIMATE NORMAL PERIOD 1981 TO 2010
CLIMATE RECORD PERIOD 1981 TO 2017


WEATHER ITEM   OBSERVED TIME   RECORD YEAR NORMAL DEPARTURE LAST
                VALUE   (LST)  VALUE       VALUE  FROM      YEAR
                                                  NORMAL
..................................................................
TEMPERATURE (F)
 YESTERDAY
  MAXIMUM         83    215 PM  85    2010  70     13       77
  MINIMUM         59   1159 PM  34    1993  49     10       46
  AVERAGE         71                        59     12       62

PRECIPITATION (IN)
  YESTERDAY        0.01          0.89 2006   0.09  -0.08     0.00
  MONTH TO DATE    2.80                      1.10   1.70     0.02
  SINCE SEP 1      6.13                      4.56   1.57     1.34
  SINCE JAN 1     44.45                     38.11   6.34    42.33

SNOWFALL (IN)
  YESTERDAY        0.0                       0.0    0.0      0.0
  MONTH TO DATE    0.0                       0.0    0.0      0.0
  SINCE SEP 1      0.0                       0.0    0.0      0.0
  SINCE JUL 1      0.0                       0.0    0.0      0.0
  SNOW DEPTH       0

DEGREE DAYS
 HEATING
  YESTERDAY        0                         7     -7        3
  MONTH TO DATE    8                        63    -55       31
  SINCE SEP 1     42                       113    -71       47
  SINCE JUL 1     42                       115    -73       47

 COOLING
  YESTERDAY        6                         1      5        0
  MONTH TO DATE   52                        17     35       18
  SINCE SEP 1    186                       160     26      266
  SINCE JAN 1   1188                      1138     50     1498
..................................................................


WIND (MPH)
  HIGHEST WIND SPEED    13   HIGHEST WIND DIRECTION    NW (300)
  HIGHEST GUST SPEED    23   HIGHEST GUST DIRECTION    NW (300)
  AVERAGE WIND SPEED     3.6


SKY COVER
  POSSIBLE SUNSHINE  MM
  AVERAGE SKY COVER 0.6


WEATHER CONDITIONS
 THE FOLLOWING WEATHER WAS RECORDED YESTERDAY.
  LIGHT RAIN
  FOG


RELATIVE HUMIDITY (PERCENT)
 HIGHEST   100           200 AM
 LOWEST     58           200 PM
 AVERAGE    79

..........................................................


THE JACKSON KY CLIMATE NORMALS FOR TODAY
                         NORMAL    RECORD    YEAR
 MAXIMUM TEMPERATURE (F)   69        84      1985
 MINIMUM TEMPERATURE (F)   49        31      2006


SUNRISE AND SUNSET
OCTOBER 12 2017.......SUNRISE   739 AM EDT   SUNSET   700 PM EDT
OCTOBER 13 2017.......SUNRISE   740 AM EDT   SUNSET   658 PM EDT


-  INDICATES NEGATIVE NUMBERS.
R  INDICATES RECORD WAS SET OR TIED.
MM INDICATES DATA IS MISSING.
T  INDICATES TRACE AMOUNT.




$$
