000
CDUS43 KJKL 290541
CLIJKL

CLIMATE REPORT
NATIONAL WEATHER SERVICE JACKSON KY
1241 AM EST FRI JAN 29 2016
...................................

...THE JACKSON KY CLIMATE SUMMARY FOR JANUARY 28 2016...

CLIMATE NORMAL PERIOD 1981 TO 2010
CLIMATE RECORD PERIOD 1981 TO 2016

WEATHER ITEM   OBSERVED TIME   RECORD YEAR NORMAL DEPARTURE LAST
                VALUE   (LST)  VALUE       VALUE  FROM      YEAR
                                                  NORMAL
..................................................................

TEMPERATURE (F)
 YESTERDAY
  MAXIMUM         46    405 PM  72    2002  44      2       36
  MINIMUM         20    544 AM  -2    1986  27     -7       15
  AVERAGE         33                        36     -3       26

PRECIPITATION (IN)
  YESTERDAY        T             0.97 2009   0.13  -0.13     0.00
  MONTH TO DATE    3.29                      3.24   0.05     2.01
  SINCE DEC 1      7.93                      7.42   0.51     4.50
  SINCE JAN 1      3.29                      3.24   0.05     2.01

SNOWFALL (IN)
  YESTERDAY        0.0           1.3  2009   0.3    0.0      0.0
  MONTH TO DATE   21.4                       6.3   15.1      2.4
  SINCE DEC 1     21.4                      11.2   10.2      2.4
  SINCE JUL 1     21.4                      11.8    9.6      3.6
  SNOW DEPTH       0

DEGREE DAYS
 HEATING
  YESTERDAY       32                        30      2       39
  MONTH TO DATE  930                       840     90      876
  SINCE DEC 1   1358                      1674   -316     1631
  SINCE JUL 1   1956                      2474   -518     2621

 COOLING
  YESTERDAY        0                         0      0        0
  MONTH TO DATE    0                         0      0        0
  SINCE DEC 1      2                         1      1        0
  SINCE JAN 1      0                         0      0        0
..................................................................

WIND (MPH)
  HIGHEST WIND SPEED    14   HIGHEST WIND DIRECTION    SW (230)
  HIGHEST GUST SPEED    26   HIGHEST GUST DIRECTION     W (250)
  AVERAGE WIND SPEED     5.1

SKY COVER
  POSSIBLE SUNSHINE  MM
  AVERAGE SKY COVER 0.2

WEATHER CONDITIONS
 THE FOLLOWING WEATHER WAS RECORDED YESTERDAY.
  FREEZING RAIN

RELATIVE HUMIDITY (PERCENT)
 HIGHEST    88           400 AM
 LOWEST     37           300 PM
 AVERAGE    63
..........................................................

THE JACKSON KY CLIMATE NORMALS FOR TODAY
                         NORMAL    RECORD    YEAR
 MAXIMUM TEMPERATURE (F)   44        73      2002
 MINIMUM TEMPERATURE (F)   27        -1      2014

SUNRISE AND SUNSET
JANUARY 29 2016.......SUNRISE   740 AM EST   SUNSET   553 PM EST
JANUARY 30 2016.......SUNRISE   739 AM EST   SUNSET   554 PM EST

-  INDICATES NEGATIVE NUMBERS.
R  INDICATES RECORD WAS SET OR TIED.
MM INDICATES DATA IS MISSING.
T  INDICATES TRACE AMOUNT.

$$
