000
CDUS43 KJKL 290527
CLIJKL

CLIMATE REPORT
NATIONAL WEATHER SERVICE JACKSON KY
130 AM EDT SAT MAR 29 2014

...................................

...THE JACKSON KY CLIMATE SUMMARY FOR MARCH 28 2014...

CLIMATE NORMAL PERIOD 1981 TO 2010
CLIMATE RECORD PERIOD 1981 TO 2014

WEATHER ITEM   OBSERVED TIME   RECORD YEAR NORMAL DEPARTURE LAST
                VALUE   (LST)  VALUE       VALUE  FROM      YEAR
                                                  NORMAL
..................................................................
TEMPERATURE (F)
 YESTERDAY
  MAXIMUM         68    415 PM  87    1989  62      6       51
  MINIMUM         50    626 AM  21    1982  41      9       29
  AVERAGE         59                        51      8       40

PRECIPITATION (IN)
  YESTERDAY        0.12          1.14 2005   0.13  -0.01     0.00
  MONTH TO DATE    3.95                      3.72   0.23     4.46
  SINCE MAR 1      3.95                      3.72   0.23     4.46
  SINCE JAN 1     11.57                     11.08   0.49    12.10

SNOWFALL (IN)
  YESTERDAY        0.0                       0.1   -0.1      0.0
  MONTH TO DATE    9.6                       2.8    6.8     10.7
  SINCE MAR 1      9.6                       2.8    6.8     10.7
  SINCE JUL 1     36.6                      22.4   14.2     20.0
  SNOW DEPTH       0

DEGREE DAYS
 HEATING
  YESTERDAY        6                        14     -8       25
  MONTH TO DATE  611                       513     98      736
  SINCE MAR 1    611                       513     98      736
  SINCE JUL 1   4212                      3813    399     3962

 COOLING
  YESTERDAY        0                         0      0        0
  MONTH TO DATE    0                         0      0        0
  SINCE MAR 1      0                         0      0        0
  SINCE JAN 1      0                         0      0        0
..................................................................

WIND (MPH)
  HIGHEST WIND SPEED    16   HIGHEST WIND DIRECTION     S (190)
  HIGHEST GUST SPEED    30   HIGHEST GUST DIRECTION    SW (210)
  AVERAGE WIND SPEED     5.3

SKY COVER
  POSSIBLE SUNSHINE  MM
  AVERAGE SKY COVER 0.8

WEATHER CONDITIONS
 THE FOLLOWING WEATHER WAS RECORDED YESTERDAY.
  RAIN
  LIGHT RAIN
  FOG

RELATIVE HUMIDITY (PERCENT)
 HIGHEST    89           900 AM
 LOWEST     33          1200 AM
 AVERAGE    61
..........................................................

THE JACKSON KY CLIMATE NORMALS FOR TODAY
                         NORMAL    RECORD    YEAR
 MAXIMUM TEMPERATURE (F)   62        84      1998
 MINIMUM TEMPERATURE (F)   41        32      2013
                                             1991

SUNRISE AND SUNSET
MARCH 29 2014.........SUNRISE   723 AM EDT   SUNSET   753 PM EDT
MARCH 30 2014.........SUNRISE   722 AM EDT   SUNSET   754 PM EDT

-  INDICATES NEGATIVE NUMBERS.
R  INDICATES RECORD WAS SET OR TIED.
MM INDICATES DATA IS MISSING.
T  INDICATES TRACE AMOUNT.

$$

SHALLENBERGER
