599
CDUS43 KJKL 080700
CLIJKL

CLIMATE REPORT
NATIONAL WEATHER SERVICE JACKSON KY
200 AM EST THU FEB 8 2018

...................................

...THE JACKSON KY CLIMATE SUMMARY FOR FEBRUARY 7 2018...

CLIMATE NORMAL PERIOD 1981 TO 2010
CLIMATE RECORD PERIOD 1981 TO 2018

WEATHER ITEM   OBSERVED TIME   RECORD YEAR NORMAL DEPARTURE LAST
                VALUE   (LST)  VALUE       VALUE  FROM      YEAR
                                                  NORMAL
..................................................................
TEMPERATURE (F)
 YESTERDAY
  MAXIMUM         47    742 AM  71    2017  46      1       71
  MINIMUM         28   1159 PM   8    1988  28      0       52
  AVERAGE         38                        37      1       62

PRECIPITATION (IN)
  YESTERDAY        0.98R         0.31 1996   0.14   0.84     0.26
  MONTH TO DATE    2.36                      0.94   1.42     0.31
  SINCE DEC 1      7.56                      8.73  -1.17    11.18
  SINCE JAN 1      4.28                      4.55  -0.27     5.02

SNOWFALL (IN)
  YESTERDAY        T             2.2  2003   0.3   -0.3      0.0
                                      1995
  MONTH TO DATE    2.6                       2.0    0.6      0.0
  SINCE DEC 1     10.4                      14.0   -3.6      4.6
  SINCE JUL 1     10.4                      14.6   -4.2      4.6
  SNOW DEPTH       0

DEGREE DAYS
 HEATING
  YESTERDAY       27                        28     -1        3
  MONTH TO DATE  235                       200     35      152
  SINCE DEC 1   2114                      1966    148     1647
  SINCE JUL 1   2836                      2766     70     2173

 COOLING
  YESTERDAY        0                         0      0        0
  MONTH TO DATE    0                         0      0        0
  SINCE DEC 1      0                         1     -1        0
  SINCE JAN 1      0                         0      0        0
..................................................................

WIND (MPH)
  HIGHEST WIND SPEED    14   HIGHEST WIND DIRECTION    NW (300)
  HIGHEST GUST SPEED    22   HIGHEST GUST DIRECTION    NW (300)
  AVERAGE WIND SPEED     4.9

SKY COVER
  POSSIBLE SUNSHINE  MM
  AVERAGE SKY COVER 1.0

WEATHER CONDITIONS
 THE FOLLOWING WEATHER WAS RECORDED YESTERDAY.
  RAIN
  LIGHT RAIN
  LIGHT SNOW
  SLEET
  FOG
  FOG W/VISIBILITY <= 1/4 MILE

RELATIVE HUMIDITY (PERCENT)
 HIGHEST   100           200 AM
 LOWEST     75          1100 PM
 AVERAGE    88

..........................................................

THE JACKSON KY CLIMATE NORMALS FOR TODAY
                         NORMAL    RECORD    YEAR
 MAXIMUM TEMPERATURE (F)   46        72      2001
 MINIMUM TEMPERATURE (F)   29         6      1985

SUNRISE AND SUNSET
FEBRUARY  8 2018......SUNRISE   730 AM EST   SUNSET   605 PM EST
FEBRUARY  9 2018......SUNRISE   729 AM EST   SUNSET   606 PM EST

-  INDICATES NEGATIVE NUMBERS.
R  INDICATES RECORD WAS SET OR TIED.
MM INDICATES DATA IS MISSING.
T  INDICATES TRACE AMOUNT.

$$
