000
CDUS43 KJKL 300527
CLIJKL

CLIMATE REPORT
NATIONAL WEATHER SERVICE JACKSON KY
1227 AM EST THU NOV 30 2017


...................................

...THE JACKSON KY CLIMATE SUMMARY FOR NOVEMBER 29 2017...

CLIMATE NORMAL PERIOD 1981 TO 2010
CLIMATE RECORD PERIOD 1981 TO 2017


WEATHER ITEM   OBSERVED TIME   RECORD YEAR NORMAL DEPARTURE LAST
                VALUE   (LST)  VALUE       VALUE  FROM      YEAR
                                                  NORMAL
..................................................................
TEMPERATURE (F)
 YESTERDAY
  MAXIMUM         65    305 PM  72    1991  51     14       69
  MINIMUM         45    755 AM  24    1993  35     10       51
  AVERAGE         55                        43     12       60

PRECIPITATION (IN)
  YESTERDAY        0.00          0.69 2005   0.15  -0.15     0.51
  MONTH TO DATE    1.27                      3.82  -2.55     1.00
  SINCE SEP 1      9.89                     10.47  -0.58     3.83
  SINCE JAN 1     48.21                     44.02   4.19    44.82

SNOWFALL (IN)
  YESTERDAY        0.0           0.1  2003   0.1   -0.1      0.0
  MONTH TO DATE    0.0                       0.5   -0.5      0.0
  SINCE SEP 1      T                         0.6   -0.6      0.0
  SINCE JUL 1      T                         0.6   -0.6      0.0
  SNOW DEPTH       0

DEGREE DAYS
 HEATING
  YESTERDAY       10                        22    -12        5
  MONTH TO DATE  476                       482     -6      391
  SINCE SEP 1    710                       777    -67      513
  SINCE JUL 1    710                       779    -69      513

COOLING
  YESTERDAY        0                         0      0        0
  MONTH TO DATE    5                         0      5       22
  SINCE SEP 1    198                       172     26      348
  SINCE JAN 1   1200                      1150     50     1580
..................................................................


WIND (MPH)
  HIGHEST WIND SPEED     7   HIGHEST WIND DIRECTION    SW (220)
  HIGHEST GUST SPEED    12   HIGHEST GUST DIRECTION    SW (210)
  AVERAGE WIND SPEED     2.4


SKY COVER
  POSSIBLE SUNSHINE  MM
  AVERAGE SKY COVER 0.1


WEATHER CONDITIONS
 THE FOLLOWING WEATHER WAS RECORDED YESTERDAY.
  NO SIGNIFICANT WEATHER WAS OBSERVED.


RELATIVE HUMIDITY (PERCENT)
 HIGHEST    62           800 AM
 LOWEST     31           200 PM
 AVERAGE    47

..........................................................


THE JACKSON KY CLIMATE NORMALS FOR TODAY
                         NORMAL    RECORD    YEAR
 MAXIMUM TEMPERATURE (F)   51        73      1998
 MINIMUM TEMPERATURE (F)   35        24      1989


SUNRISE AND SUNSET
NOVEMBER 30 2017......SUNRISE   729 AM EST   SUNSET   515 PM EST
DECEMBER  1 2017......SUNRISE   730 AM EST   SUNSET   515 PM EST


-  INDICATES NEGATIVE NUMBERS.
R  INDICATES RECORD WAS SET OR TIED.
MM INDICATES DATA IS MISSING.
T  INDICATES TRACE AMOUNT.




$$
