000
CDUS43 KJKL 052019
CLIJKL

CLIMATE REPORT
NATIONAL WEATHER SERVICE JACKSON KY
419 PM EDT SAT AUG 5 2017

...................................

...THE JACKSON KY CLIMATE SUMMARY FOR AUGUST 5 2017...
VALID TODAY AS OF 0400 PM LOCAL TIME.

CLIMATE NORMAL PERIOD 1981 TO 2010
CLIMATE RECORD PERIOD 1981 TO 2017

WEATHER ITEM   OBSERVED TIME   RECORD YEAR NORMAL DEPARTURE LAST
                VALUE   (LST)  VALUE       VALUE  FROM      YEAR
                                                  NORMAL
..................................................................
TEMPERATURE (F)
 TODAY
  MAXIMUM         75    254 PM  93    2005  85    -10       87
  MINIMUM         56R   633 AM  57    1994  66    -10       71
  AVERAGE         66                        75     -9       79

PRECIPITATION (IN)
  TODAY            0.00          2.46 1982   0.14  -0.14      T
  MONTH TO DATE    0.17                      0.70  -0.53     1.60
  SINCE JUN 1     10.51                     10.05   0.46    12.96
  SINCE JAN 1     33.93                     30.56   3.37    35.76

SNOWFALL (IN)
  TODAY            0.0                       0.0    0.0      0.0
  MONTH TO DATE    0.0                       0.0    0.0      0.0
  SINCE JUN 1      0.0                       0.0    0.0      0.0
  SINCE JUL 1      0.0                       0.0    0.0      0.0
  SNOW DEPTH       0

DEGREE DAYS
 HEATING
  TODAY            0                         0      0        0
  MONTH TO DATE    0                         0      0        0
  SINCE JUN 1      4                        12     -8        1
  SINCE JUL 1      0                         0      0        0

 COOLING
  TODAY            1                        10     -9       14
  MONTH TO DATE   38                        50    -12       65
  SINCE JUN 1    595                       594      1      752
  SINCE JAN 1    794                       730     64      893
..................................................................

WIND (MPH)
  HIGHEST WIND SPEED     9   HIGHEST WIND DIRECTION    NW (310)
  HIGHEST GUST SPEED    13   HIGHEST GUST DIRECTION    NW (310)
  AVERAGE WIND SPEED     2.3

SKY COVER
  POSSIBLE SUNSHINE  MM
  AVERAGE SKY COVER 0.1

WEATHER CONDITIONS
 THE FOLLOWING WEATHER WAS RECORDED TODAY.
  NO SIGNIFICANT WEATHER WAS OBSERVED.

RELATIVE HUMIDITY (PERCENT)
 HIGHEST    86           600 AM
 LOWEST     46           300 PM
 AVERAGE    66
..........................................................

THE JACKSON KY CLIMATE NORMALS FOR TOMORROW
                         NORMAL    RECORD    YEAR
 MAXIMUM TEMPERATURE (F)   85        94      2006
 MINIMUM TEMPERATURE (F)   66        55      2004
                                             1994

SUNRISE AND SUNSET
AUGUST  5 2017........SUNRISE   641 AM EDT   SUNSET   837 PM EDT
AUGUST  6 2017........SUNRISE   642 AM EDT   SUNSET   836 PM EDT

-  INDICATES NEGATIVE NUMBERS.
R  INDICATES RECORD WAS SET OR TIED.
MM INDICATES DATA IS MISSING.
T  INDICATES TRACE AMOUNT.

$$

TAB
