000
CDUS43 KJKL 070550
CLIJKL

CLIMATE REPORT
NATIONAL WEATHER SERVICE JACKSON KY
1250 AM EST SUN DEC 7 2014

...................................

...THE JACKSON KY CLIMATE SUMMARY FOR DECEMBER 6 2014...

CLIMATE NORMAL PERIOD 1981 TO 2010
CLIMATE RECORD PERIOD 1981 TO 2014

WEATHER ITEM   OBSERVED TIME   RECORD YEAR NORMAL DEPARTURE LAST
                VALUE   (LST)  VALUE       VALUE  FROM      YEAR
                                                  NORMAL
..................................................................
TEMPERATURE (F)
 YESTERDAY
  MAXIMUM         57    842 AM  73    1998  49      8       41
  MINIMUM         37   1159 PM   7    1984  33      4       32
  AVERAGE         47                        41      6       37

PRECIPITATION (IN)
  YESTERDAY        0.39          2.15 2013   0.14   0.25     2.15
  MONTH TO DATE    1.53                      0.84   0.69     3.45
  SINCE DEC 1      1.53                      0.84   0.69     3.45
  SINCE JAN 1     52.92                     45.00   7.92    53.08

SNOWFALL (IN)
  YESTERDAY        0.0                       0.1   -0.1      0.0
  MONTH TO DATE    0.0                       0.6   -0.6      0.0
  SINCE DEC 1      0.0                       0.6   -0.6      0.0
  SINCE JUL 1      1.2                       1.2    0.0      2.9
  SNOW DEPTH       0

DEGREE DAYS
 HEATING
  YESTERDAY       18                        24     -6       28
  MONTH TO DATE  116                       141    -25       95
  SINCE DEC 1    116                       141    -25       95
  SINCE JUL 1   1106                       941    165      982

 COOLING
  YESTERDAY        0                         0      0        0
  MONTH TO DATE    0                         0      0        0
  SINCE DEC 1      0                         0      0        0
  SINCE JAN 1   1165                      1154     11     1069
..................................................................

WIND (MPH)
  HIGHEST WIND SPEED    17   HIGHEST WIND DIRECTION    NW (330)
  HIGHEST GUST SPEED    25   HIGHEST GUST DIRECTION    NW (330)
  AVERAGE WIND SPEED     6.5

SKY COVER
  POSSIBLE SUNSHINE  MM
  AVERAGE SKY COVER 1.0

WEATHER CONDITIONS
 THE FOLLOWING WEATHER WAS RECORDED YESTERDAY.
  HEAVY RAIN
  RAIN
  LIGHT RAIN
  FOG

RELATIVE HUMIDITY (PERCENT)
 HIGHEST    96           100 PM
 LOWEST     76          1000 PM
 AVERAGE    86
..........................................................

THE JACKSON KY CLIMATE NORMALS FOR TODAY
                         NORMAL    RECORD    YEAR
 MAXIMUM TEMPERATURE (F)   48        72      2004
 MINIMUM TEMPERATURE (F)   32         5      1984

SUNRISE AND SUNSET
DECEMBER  7 2014......SUNRISE   735 AM EST   SUNSET   515 PM EST
DECEMBER  8 2014......SUNRISE   736 AM EST   SUNSET   515 PM EST

-  INDICATES NEGATIVE NUMBERS.
R  INDICATES RECORD WAS SET OR TIED.
MM INDICATES DATA IS MISSING.
T  INDICATES TRACE AMOUNT.

$$

RAY
