000
CDUS43 KJKL 242026
CLIJKL

CLIMATE REPORT
NATIONAL WEATHER SERVICE JACKSON KY
426 PM EDT MON MAR 24 2014

...................................

...THE JACKSON KY CLIMATE SUMMARY FOR MARCH 24 2014...
VALID TODAY AS OF 0400 PM LOCAL TIME.

CLIMATE NORMAL PERIOD 1981 TO 2010
CLIMATE RECORD PERIOD 1981 TO 2014

WEATHER ITEM   OBSERVED TIME   RECORD YEAR NORMAL DEPARTURE LAST
                VALUE   (LST)  VALUE       VALUE  FROM      YEAR
                                                  NORMAL
..................................................................
TEMPERATURE (F)
 TODAY
  MAXIMUM         46    257 PM  83    2007  61    -15       44
  MINIMUM         23R   711 AM  25    1983  40    -17       36
  AVERAGE         35                        50    -15       40

PRECIPITATION (IN)
  TODAY            0.00          0.86 2013   0.13  -0.13     0.86
  MONTH TO DATE    3.64                      3.19   0.45     4.14
  SINCE MAR 1      3.64                      3.19   0.45     4.14
  SINCE JAN 1     11.26                     10.55   0.71    11.78

SNOWFALL (IN)
  TODAY            0.0                       0.1   -0.1      0.0
  MONTH TO DATE    8.0                       2.5    5.5      6.3
  SINCE MAR 1      8.0                       2.5    5.5      6.3
  SINCE JUL 1     35.0                      22.1   12.9     15.6
  SNOW DEPTH       0

DEGREE DAYS
 HEATING
  TODAY           30                        15     15       25
  MONTH TO DATE  518                       455     63      620
  SINCE MAR 1    518                       455     63      620
  SINCE JUL 1   4119                      3755    364     3846

 COOLING
  TODAY            0                         0      0        0
  MONTH TO DATE    0                         0      0        0
  SINCE MAR 1      0                         0      0        0
  SINCE JAN 1      0                         0      0        0
..................................................................

WIND (MPH)
  HIGHEST WIND SPEED     7   HIGHEST WIND DIRECTION     W (260)
  HIGHEST GUST SPEED    13   HIGHEST GUST DIRECTION     W (260)
  AVERAGE WIND SPEED     3.5

SKY COVER
  POSSIBLE SUNSHINE  MM
  AVERAGE SKY COVER 0.0

WEATHER CONDITIONS
 THE FOLLOWING WEATHER WAS RECORDED TODAY.
  NO SIGNIFICANT WEATHER WAS OBSERVED.

RELATIVE HUMIDITY (PERCENT)
 HIGHEST    59           500 AM
 LOWEST     23           300 PM
 AVERAGE    41
..........................................................

THE JACKSON KY CLIMATE NORMALS FOR TOMORROW
                         NORMAL    RECORD    YEAR
 MAXIMUM TEMPERATURE (F)   61        84      2007
 MINIMUM TEMPERATURE (F)   40        23      1983

SUNRISE AND SUNSET
MARCH 24 2014.........SUNRISE   731 AM EDT   SUNSET   749 PM EDT
MARCH 25 2014.........SUNRISE   729 AM EDT   SUNSET   750 PM EDT

-  INDICATES NEGATIVE NUMBERS.
R  INDICATES RECORD WAS SET OR TIED.
MM INDICATES DATA IS MISSING.
T  INDICATES TRACE AMOUNT.

$$

TAB
