000
CDUS43 KJKL 140528
CLIJKL

CLIMATE REPORT
NATIONAL WEATHER SERVICE JACKSON KY
125 AM EDT THU APR 14 2016

...................................

...THE JACKSON KY CLIMATE SUMMARY FOR APRIL 13 2016...

CLIMATE NORMAL PERIOD 1981 TO 2010
CLIMATE RECORD PERIOD 1981 TO 2016

WEATHER ITEM   OBSERVED TIME   RECORD YEAR NORMAL DEPARTURE LAST
                VALUE   (LST)  VALUE       VALUE  FROM      YEAR
                                                  NORMAL
..................................................................
TEMPERATURE (F)
 YESTERDAY
  MAXIMUM         71    323 PM  85    2014  68      3       81
  MINIMUM         37    639 AM  33    1990  46     -9       60
  AVERAGE         54                        57     -3       71

PRECIPITATION (IN)
  YESTERDAY        0.00          1.25 2004   0.13  -0.13     0.28
  MONTH TO DATE    0.74                      1.63  -0.89     6.61
  SINCE MAR 1      3.12                      5.75  -2.63    12.87
  SINCE JAN 1     12.68                     13.11  -0.43    19.05

SNOWFALL (IN)
  YESTERDAY        0.0           T    2008   0.0    0.0      0.0
                                      1997
  MONTH TO DATE    0.1                       0.7   -0.6      0.0
  SINCE MAR 1      2.9                       3.6   -0.7      3.7
  SINCE JUL 1     32.5                      23.2    9.3     29.1
  SNOW DEPTH       0

DEGREE DAYS
 HEATING
  YESTERDAY       11                         9      2        0
  MONTH TO DATE  199                       145     54       69
  SINCE MAR 1    538                       698   -160      617
  SINCE JUL 1   3292                      3998   -706     4382

 COOLING
  YESTERDAY        0                         1     -1        6
  MONTH TO DATE    0                        13    -13       18
  SINCE MAR 1      8                        20    -12       18
  SINCE JAN 1      8                        20    -12       18
..................................................................

WIND (MPH)
  HIGHEST WIND SPEED     9   HIGHEST WIND DIRECTION    SE (120)
  HIGHEST GUST SPEED    14   HIGHEST GUST DIRECTION    NE (30)
  AVERAGE WIND SPEED     3.6

SKY COVER
  POSSIBLE SUNSHINE  MM
  AVERAGE SKY COVER 0.0

WEATHER CONDITIONS
 THE FOLLOWING WEATHER WAS RECORDED YESTERDAY.
  NO SIGNIFICANT WEATHER WAS OBSERVED.

RELATIVE HUMIDITY (PERCENT)
 HIGHEST    59           500 AM
 LOWEST     16           400 PM
 AVERAGE    38
..........................................................

THE JACKSON KY CLIMATE NORMALS FOR TODAY
                         NORMAL    RECORD    YEAR
 MAXIMUM TEMPERATURE (F)   68        87      2006
 MINIMUM TEMPERATURE (F)   46        29      1997

SUNRISE AND SUNSET
APRIL 14 2016.........SUNRISE   659 AM EDT   SUNSET   808 PM EDT
APRIL 15 2016.........SUNRISE   658 AM EDT   SUNSET   809 PM EDT

-  INDICATES NEGATIVE NUMBERS.
R  INDICATES RECORD WAS SET OR TIED.
MM INDICATES DATA IS MISSING.
T  INDICATES TRACE AMOUNT.

$$
GREIF
