000
CDUS43 KJKL 190609
CLIJKL

CLIMATE REPORT
NATIONAL WEATHER SERVICE JACKSON KY
106 AM EST MON JAN 19 2015

...................................

...THE JACKSON KY CLIMATE SUMMARY FOR JANUARY 18 2015...

CLIMATE NORMAL PERIOD 1981 TO 2010
CLIMATE RECORD PERIOD 1981 TO 2015


WEATHER ITEM   OBSERVED TIME   RECORD YEAR NORMAL DEPARTURE LAST
                VALUE   (LST)  VALUE       VALUE  FROM      YEAR
                                                  NORMAL
..................................................................
TEMPERATURE (F)
 YESTERDAY
  MAXIMUM         51    328 PM  71    1996  43      8       35
  MINIMUM         38   1159 PM -12    1994  27     11       13
  AVERAGE         45                        35     10       24

PRECIPITATION (IN)
  YESTERDAY        0.07          0.89 2004   0.11  -0.04      T
  MONTH TO DATE    1.37                      2.06  -0.69     2.53
  SINCE DEC 1      3.86                      6.24  -2.38     9.62
  SINCE JAN 1      1.37                      2.06  -0.69     2.53

SNOWFALL (IN)
  YESTERDAY        0.0            4.1  1984   0.2   MM        T
  MONTH TO DATE    0.7                        3.9   -3.2     5.5
  SINCE DEC 1      0.7                        8.8   -8.1     6.9
  SINCE JUL 1      1.9                        9.4   -7.5     9.8
  SNOW DEPTH         0

DEGREE DAYS
 HEATING
  YESTERDAY       20                        30    -10       41
  MONTH TO DATE  597                       540     57      594
  SINCE DEC 1   1352                      1374    -22     1352
  SINCE JUL 1   2342                      2174    168     2239

 COOLING
  YESTERDAY        0                         0      0        0
  MONTH TO DATE    0                         0      0        0
  SINCE DEC 1      0                         1     -1        0
  SINCE JAN 1      0                         0      0        0
..................................................................


WIND (MPH)
  HIGHEST WIND SPEED    16   HIGHEST WIND DIRECTION     W (250)
  HIGHEST GUST SPEED    28   HIGHEST GUST DIRECTION    SW (240)
  AVERAGE WIND SPEED     6.8


SKY COVER
  POSSIBLE SUNSHINE  MM
  AVERAGE SKY COVER 0.5


WEATHER CONDITIONS
 THE FOLLOWING WEATHER WAS RECORDED YESTERDAY.
  RAIN
  LIGHT RAIN
  FOG


RELATIVE HUMIDITY (PERCENT)
 HIGHEST    92           900 AM
 LOWEST     42          1200 AM
 AVERAGE    67

..........................................................


THE JACKSON KY CLIMATE NORMALS FOR TODAY
                         NORMAL    RECORD    YEAR
 MAXIMUM TEMPERATURE (F)   43        64      1995
 MINIMUM TEMPERATURE (F)   27       -18      1994


SUNRISE AND SUNSET
JANUARY 19 2015.......SUNRISE   746 AM EST   SUNSET   543 PM EST
JANUARY 20 2015.......SUNRISE   745 AM EST   SUNSET   544 PM EST


-  INDICATES NEGATIVE NUMBERS.
R  INDICATES RECORD WAS SET OR TIED.
MM INDICATES DATA IS MISSING.
T  INDICATES TRACE AMOUNT.




$$
