000
CDUS43 KJKL 022019
CLIJKL

CLIMATE REPORT
NATIONAL WEATHER SERVICE JACKSON KY
419 PM EDT SAT JUL 2 2016

...................................

...THE JACKSON KY CLIMATE SUMMARY FOR JULY 2 2016...
VALID TODAY AS OF 0400 PM LOCAL TIME.

CLIMATE NORMAL PERIOD 1981 TO 2010
CLIMATE RECORD PERIOD 1981 TO 2016

WEATHER ITEM   OBSERVED TIME   RECORD YEAR NORMAL DEPARTURE LAST
                VALUE   (LST)  VALUE       VALUE  FROM      YEAR
                                                  NORMAL
..................................................................
TEMPERATURE (F)
 TODAY
  MAXIMUM         82    216 PM  93    1991  85     -3       78
  MINIMUM         64    603 AM  53    1988  66     -2       65
  AVERAGE         73                        75     -2       72

PRECIPITATION (IN)
  TODAY            0.00          0.80 1996   0.15  -0.15     0.66
  MONTH TO DATE    T                         0.30  -0.30     0.66
  SINCE JUN 1      5.01                      5.00   0.01     8.08
  SINCE JAN 1     27.81                     25.51   2.30    32.55

SNOWFALL (IN)
  TODAY            0.0                       0.0    0.0      0.0
  MONTH TO DATE    0.0                       0.0    0.0      0.0
  SINCE JUN 1      0.0                       0.0    0.0      0.0
  SINCE JUL 1      0.0                       0.0    0.0      0.0
  SNOW DEPTH       0

DEGREE DAYS
 HEATING
  TODAY            0                         0      0        0
  MONTH TO DATE    0                         0      0        0
  SINCE JUN 1      1                        12    -11        9
  SINCE JUL 1      0                         0      0        0

 COOLING
  TODAY            8                        10     -2        7
  MONTH TO DATE   15                        20     -5       12
  SINCE JUN 1    311                       243     68      286
  SINCE JAN 1    452                       379     73      490
..................................................................

WIND (MPH)
  HIGHEST WIND SPEED     6   HIGHEST WIND DIRECTION    SE (140)
  HIGHEST GUST SPEED    10   HIGHEST GUST DIRECTION     N (350)
  AVERAGE WIND SPEED     0.7

SKY COVER
  POSSIBLE SUNSHINE  MM
  AVERAGE SKY COVER 0.4

WEATHER CONDITIONS
 THE FOLLOWING WEATHER WAS RECORDED TODAY.
  NO SIGNIFICANT WEATHER WAS OBSERVED.

RELATIVE HUMIDITY (PERCENT)
 HIGHEST    84          1200 AM
 LOWEST     51           300 PM
 AVERAGE    68

..........................................................

THE JACKSON KY CLIMATE NORMALS FOR TOMORROW
                         NORMAL    RECORD    YEAR
 MAXIMUM TEMPERATURE (F)   85        94      2012
 MINIMUM TEMPERATURE (F)   66        56      2009

SUNRISE AND SUNSET
JULY  2 2016..........SUNRISE   616 AM EDT   SUNSET   858 PM EDT
JULY  3 2016..........SUNRISE   617 AM EDT   SUNSET   858 PM EDT

-  INDICATES NEGATIVE NUMBERS.
R  INDICATES RECORD WAS SET OR TIED.
MM INDICATES DATA IS MISSING.
T  INDICATES TRACE AMOUNT.

$$

CARICO
