000
CDUS43 KJKL 280539
CLIJKL

CLIMATE REPORT
NATIONAL WEATHER SERVICE JACKSON KY
1240 AM EST WED DEC 28 2016

...................................

...THE JACKSON KY CLIMATE SUMMARY FOR DECEMBER 27 2016...

CLIMATE NORMAL PERIOD 1981 TO 2010
CLIMATE RECORD PERIOD 1981 TO 2016

WEATHER ITEM   OBSERVED TIME   RECORD YEAR NORMAL DEPARTURE LAST
                VALUE   (LST)  VALUE       VALUE  FROM      YEAR
                                                  NORMAL
..................................................................
TEMPERATURE (F)
 YESTERDAY
  MAXIMUM         64    207 AM  77    2015  44     20       77
  MINIMUM         35   1125 PM  15    2004  28      7       47
  AVERAGE         50                        36     14       62

PRECIPITATION (IN)
  YESTERDAY        0.64          1.47 1990   0.13   0.51     0.00
  MONTH TO DATE    5.41                      3.69   1.72     4.49
  SINCE DEC 1      5.41                      3.69   1.72     4.49
  SINCE JAN 1     52.14                     47.85   4.29    57.17

SNOWFALL (IN)
  YESTERDAY        0.0           4.5  1997   0.2   -0.2      0.0
  MONTH TO DATE    0.1                       4.1   -4.0       T
  SINCE DEC 1      0.1                       4.1   -4.0       T
  SINCE JUL 1      0.1                       4.7   -4.6       T
  SNOW DEPTH       0

DEGREE DAYS
 HEATING
  YESTERDAY       15                        29    -14        3
  MONTH TO DATE  689                       716    -27      364
  SINCE DEC 1    689                       716    -27      364
  SINCE JUL 1   1215                      1516   -301      962

 COOLING
  YESTERDAY        0                         0      0        0
  MONTH TO DATE    0                         0      0        2
  SINCE DEC 1      0                         0      0        2
  SINCE JAN 1   1580                      1154    426     1265
..................................................................

WIND (MPH)
  HIGHEST WIND SPEED    16   HIGHEST WIND DIRECTION    NW (310)
  HIGHEST GUST SPEED    25   HIGHEST GUST DIRECTION    SW (220)
  AVERAGE WIND SPEED     6.7

SKY COVER
  POSSIBLE SUNSHINE  MM
  AVERAGE SKY COVER 0.4

WEATHER CONDITIONS
 THE FOLLOWING WEATHER WAS RECORDED YESTERDAY.
  HEAVY RAIN
  RAIN
  LIGHT RAIN
  FOG

RELATIVE HUMIDITY (PERCENT)
 HIGHEST    93           500 AM
 LOWEST     46           400 PM
 AVERAGE    70
..........................................................

THE JACKSON KY CLIMATE NORMALS FOR TODAY
                         NORMAL    RECORD    YEAR
 MAXIMUM TEMPERATURE (F)   43        71      1984
 MINIMUM TEMPERATURE (F)   28        13      1995

SUNRISE AND SUNSET
DECEMBER 28 2016......SUNRISE   747 AM EST   SUNSET   523 PM EST
DECEMBER 29 2016......SUNRISE   748 AM EST   SUNSET   524 PM EST

-  INDICATES NEGATIVE NUMBERS.
R  INDICATES RECORD WAS SET OR TIED.
MM INDICATES DATA IS MISSING.
T  INDICATES TRACE AMOUNT.

$$
GREIF
