000
CDUS43 KJKL 230545
CLIJKL

CLIMATE REPORT
NATIONAL WEATHER SERVICE JACKSON KY
145 AM EDT SUN AUG 23 2015

...................................

...THE JACKSON KY CLIMATE SUMMARY FOR AUGUST 22 2015...

CLIMATE NORMAL PERIOD 1981 TO 2010
CLIMATE RECORD PERIOD 1981 TO 2015

WEATHER ITEM   OBSERVED TIME   RECORD YEAR NORMAL DEPARTURE LAST
                VALUE   (LST)  VALUE       VALUE  FROM      YEAR
                                                  NORMAL
..................................................................
TEMPERATURE (F)
 YESTERDAY
  MAXIMUM         82    509 PM  95    1983  84     -2       89
  MINIMUM         59    610 AM  54    1985  65     -6       71
  AVERAGE         71                        74     -3       80

PRECIPITATION (IN)
  YESTERDAY        0.00          1.42 1984   0.10  -0.10     0.02
  MONTH TO DATE    4.98                      2.78   2.20     6.28
  SINCE JUN 1     21.27                     12.13   9.14    15.17
  SINCE JAN 1     45.74                     32.64  13.10    36.03

SNOWFALL (IN)
  YESTERDAY        0.0                       0.0    0.0      0.0
  MONTH TO DATE    0.0                       0.0    0.0      0.0
  SINCE JUN 1      0.0                       0.0    0.0      0.0
  SINCE JUL 1      0.0                       0.0    0.0      0.0
  SNOW DEPTH       0

DEGREE DAYS
 HEATING
  YESTERDAY        0                         0      0        0
  MONTH TO DATE    0                         0      0        0
  SINCE JUN 1      9                        12     -3        3
  SINCE JUL 1      0                         0      0        3

 COOLING
  YESTERDAY        6                         9     -3       15
  MONTH TO DATE  195                       219    -24      171
  SINCE JUN 1    794                       763     31      707
  SINCE JAN 1    998                       899     99      898
..................................................................

WIND (MPH)
  HIGHEST WIND SPEED     6   HIGHEST WIND DIRECTION     W (280)
  HIGHEST GUST SPEED     9   HIGHEST GUST DIRECTION    SE (140)
  AVERAGE WIND SPEED     0.9

SKY COVER
  POSSIBLE SUNSHINE  MM
  AVERAGE SKY COVER 0.0

WEATHER CONDITIONS
 THE FOLLOWING WEATHER WAS RECORDED YESTERDAY.
  NO SIGNIFICANT WEATHER WAS OBSERVED.

RELATIVE HUMIDITY (PERCENT)
 HIGHEST    84           400 AM
 LOWEST     45           200 PM
 AVERAGE    65
..........................................................

THE JACKSON KY CLIMATE NORMALS FOR TODAY
                         NORMAL    RECORD    YEAR
 MAXIMUM TEMPERATURE (F)   84        96      2007
 MINIMUM TEMPERATURE (F)   65        51      1997

SUNRISE AND SUNSET
AUGUST 23 2015........SUNRISE   656 AM EDT   SUNSET   816 PM EDT
AUGUST 24 2015........SUNRISE   657 AM EDT   SUNSET   814 PM EDT

-  INDICATES NEGATIVE NUMBERS.
R  INDICATES RECORD WAS SET OR TIED.
MM INDICATES DATA IS MISSING.
T  INDICATES TRACE AMOUNT.

$$
GREIF
