000
CDUS43 KJKL 062020
CLIJKL

CLIMATE REPORT
NATIONAL WEATHER SERVICE JACKSON KY
420 PM EDT FRI MAY 6 2016

...................................

...THE JACKSON KY CLIMATE SUMMARY FOR MAY 6 2016...
VALID TODAY AS OF 0400 PM LOCAL TIME.

CLIMATE NORMAL PERIOD 1981 TO 2010
CLIMATE RECORD PERIOD 1981 TO 2016

WEATHER ITEM   OBSERVED TIME   RECORD YEAR NORMAL DEPARTURE LAST
                VALUE   (LST)  VALUE       VALUE  FROM      YEAR
                                                  NORMAL
..................................................................
TEMPERATURE (F)
 TODAY
  MAXIMUM         66    259 PM  88    1986  73     -7       85
  MINIMUM         44    558 AM  37    1989  52     -8       56
  AVERAGE         55                        62     -7       71

PRECIPITATION (IN)
  TODAY            0.00          2.42 1984   0.15  -0.15     0.00
  MONTH TO DATE    3.60                      0.93   2.67     0.00
  SINCE MAR 1      9.80                      8.88   0.92    16.55
  SINCE JAN 1     19.36                     16.24   3.12    22.73

SNOWFALL (IN)
  TODAY            0.0                       0.0    0.0      0.0

  MONTH TO DATE    0.0                       0.0    0.0      0.0
  SINCE MAR 1      2.9                       3.9   -1.0      3.7
  SINCE JUL 1     32.5                      23.5    9.0     29.1
  SNOW DEPTH       0

DEGREE DAYS
 HEATING
  TODAY           10                         4      6        0
  MONTH TO DATE   44                        28     16       15
  SINCE MAR 1    607                       849   -242      772
  SINCE JUL 1   3361                      4149   -788     4537

 COOLING
  TODAY            0                         2     -2        6
  MONTH TO DATE    6                        12     -6       18
  SINCE MAR 1     60                        58      2       43
  SINCE JAN 1     60                        58      2       43
..................................................................

WIND (MPH)
  HIGHEST WIND SPEED    12   HIGHEST WIND DIRECTION    NW (320)
  HIGHEST GUST SPEED    16   HIGHEST GUST DIRECTION    NW (300)
  AVERAGE WIND SPEED     5.6

SKY COVER
  POSSIBLE SUNSHINE  MM
  AVERAGE SKY COVER 0.2

WEATHER CONDITIONS
 THE FOLLOWING WEATHER WAS RECORDED TODAY.
  FOG

RELATIVE HUMIDITY (PERCENT)
 HIGHEST    92           100 AM
 LOWEST     40           300 PM
 AVERAGE    66

..........................................................

THE JACKSON KY CLIMATE NORMALS FOR TOMORROW
                         NORMAL    RECORD    YEAR
 MAXIMUM TEMPERATURE (F)   73        90      1986
 MINIMUM TEMPERATURE (F)   53        32      1989

SUNRISE AND SUNSET
MAY  6 2016...........SUNRISE   632 AM EDT   SUNSET   828 PM EDT
MAY  7 2016...........SUNRISE   631 AM EDT   SUNSET   829 PM EDT

-  INDICATES NEGATIVE NUMBERS.
R  INDICATES RECORD WAS SET OR TIED.
MM INDICATES DATA IS MISSING.
T  INDICATES TRACE AMOUNT.

$$

CARICO
