000
CDUS43 KJKL 110550
CLIJKL

CLIMATE REPORT
NATIONAL WEATHER SERVICE JACKSON KY
1250 AM EST THU DEC 11 2014


...................................

...THE JACKSON KY CLIMATE SUMMARY FOR DECEMBER 10 2014...

CLIMATE NORMAL PERIOD 1981 TO 2010
CLIMATE RECORD PERIOD 1981 TO 2014


WEATHER ITEM   OBSERVED TIME   RECORD YEAR NORMAL DEPARTURE LAST
                VALUE   (LST)  VALUE       VALUE  FROM      YEAR
                                                  NORMAL
..................................................................
TEMPERATURE (F)
 YESTERDAY
  MAXIMUM         37    220 AM  64    1985  47    -10       36
  MINIMUM         31   1159 PM   3    1995  31      0       26
  AVERAGE         34                        39     -5       31

PRECIPITATION (IN)
  YESTERDAY        0.03          1.43 1994   0.15  -0.12     0.10
  MONTH TO DATE    1.56                      1.42   0.14     4.34
  SINCE DEC 1      1.56                      1.42   0.14     4.34
  SINCE JAN 1     52.95                     45.58   7.37    53.97

SNOWFALL (IN)
  YESTERDAY        T                         0.2   -0.2      1.0
  MONTH TO DATE    T                         1.1   -1.1      1.1
  SINCE DEC 1      T                         1.1   -1.1      1.1
  SINCE JUL 1      1.2                       1.7   -0.5      4.0
  SNOW DEPTH       0

DEGREE DAYS
 HEATING
  YESTERDAY       31                        26      5       34
  MONTH TO DATE  222                       242    -20      225
  SINCE DEC 1    222                       242    -20      225
  SINCE JUL 1   1212                      1042    170     1112

COOLING
  YESTERDAY        0                         0      0        0
  MONTH TO DATE    0                         0      0        0
  SINCE DEC 1      0                         0      0        0
  SINCE JAN 1   1165                      1154     11     1069
..................................................................


WIND (MPH)
  HIGHEST WIND SPEED    12   HIGHEST WIND DIRECTION    NW (320)
  HIGHEST GUST SPEED    17   HIGHEST GUST DIRECTION    NW (330)
  AVERAGE WIND SPEED     4.7


SKY COVER
  POSSIBLE SUNSHINE  MM
  AVERAGE SKY COVER 1.0


WEATHER CONDITIONS
 THE FOLLOWING WEATHER WAS RECORDED YESTERDAY.
  LIGHT RAIN
  LIGHT SNOW
  FOG
  HAZE


RELATIVE HUMIDITY (PERCENT)
 HIGHEST    89           500 AM
 LOWEST     61           600 PM
 AVERAGE    75

..........................................................


THE JACKSON KY CLIMATE NORMALS FOR TODAY
                         NORMAL    RECORD    YEAR
 MAXIMUM TEMPERATURE (F)   47        74      2007
 MINIMUM TEMPERATURE (F)   31        14      1995


SUNRISE AND SUNSET
DECEMBER 11 2014......SUNRISE   738 AM EST   SUNSET   515 PM EST
DECEMBER 12 2014......SUNRISE   739 AM EST   SUNSET   515 PM EST


-  INDICATES NEGATIVE NUMBERS.
R  INDICATES RECORD WAS SET OR TIED.
MM INDICATES DATA IS MISSING.
T  INDICATES TRACE AMOUNT.

$$
