000
CDUS43 KJKL 072119
CLIJKL

CLIMATE REPORT
NATIONAL WEATHER SERVICE JACKSON KY
419 PM EST SAT JAN 7 2017

...................................

...THE JACKSON KY CLIMATE SUMMARY FOR JANUARY 7 2017...
VALID TODAY AS OF 0400 PM LOCAL TIME.

CLIMATE NORMAL PERIOD 1981 TO 2010
CLIMATE RECORD PERIOD 1981 TO 2017

WEATHER ITEM   OBSERVED TIME   RECORD YEAR NORMAL DEPARTURE LAST
                VALUE   (LST)  VALUE       VALUE  FROM      YEAR
                                                  NORMAL
..................................................................
TEMPERATURE (F)
 TODAY
  MAXIMUM         19    327 PM  71    2008  43    -24       54
  MINIMUM          8    954 AM  -7    2014  27    -19       32
  AVERAGE         14                        35    -21       43

PRECIPITATION (IN)
  TODAY            T             1.83 1994   0.11  -0.11     0.00
  MONTH TO DATE    0.79                      0.81  -0.02      T
  SINCE DEC 1      6.95                      4.99   1.96     4.64
  SINCE JAN 1      0.79                      0.81  -0.02      T

SNOWFALL (IN)
  TODAY            T             7.2  1996   0.3   -0.3      0.0
  MONTH TO DATE    2.4                       1.5    0.9      0.1
  SINCE DEC 1      2.7                       6.4   -3.7      0.1
  SINCE JUL 1      2.7                       7.0   -4.3      0.1
  SNOW DEPTH       1

DEGREE DAYS
 HEATING
  TODAY           51                        30     21       22
  MONTH TO DATE  204                       210     -6      208
  SINCE DEC 1   1001                      1044    -43      636
  SINCE JUL 1   1527                      1844   -317     1234

 COOLING
  TODAY            0                         0      0        0
  MONTH TO DATE    0                         0      0        0
  SINCE DEC 1      0                         1     -1        2
  SINCE JAN 1      0                         0      0        0
..................................................................

WIND (MPH)
  HIGHEST WIND SPEED    12   HIGHEST WIND DIRECTION     W (290)
  HIGHEST GUST SPEED    16   HIGHEST GUST DIRECTION     W (270)
  AVERAGE WIND SPEED     5.5

SKY COVER
  POSSIBLE SUNSHINE  MM
  AVERAGE SKY COVER 0.5

WEATHER CONDITIONS
 THE FOLLOWING WEATHER WAS RECORDED TODAY.
  LIGHT SNOW

RELATIVE HUMIDITY (PERCENT)
 HIGHEST    76           100 AM
 LOWEST     47           400 PM
 AVERAGE    62
..........................................................

THE JACKSON KY CLIMATE NORMALS FOR TOMORROW
                         NORMAL    RECORD    YEAR
 MAXIMUM TEMPERATURE (F)   43        71      2008
 MINIMUM TEMPERATURE (F)   27        -1      2015

SUNRISE AND SUNSET
JANUARY  7 2017.......SUNRISE   748 AM EST   SUNSET   531 PM EST
JANUARY  8 2017.......SUNRISE   748 AM EST   SUNSET   532 PM EST

-  INDICATES NEGATIVE NUMBERS.
R  INDICATES RECORD WAS SET OR TIED.
MM INDICATES DATA IS MISSING.
T  INDICATES TRACE AMOUNT.

$$

TAB
