000
CDUS43 KJKL 280524
CLIJKL

CLIMATE REPORT
NATIONAL WEATHER SERVICE JACKSON KY
124 AM EDT MON AUG 28 2017
...................................

...THE JACKSON KY CLIMATE SUMMARY FOR AUGUST 27 2017...

CLIMATE NORMAL PERIOD 1981 TO 2010
CLIMATE RECORD PERIOD 1981 TO 2017

WEATHER ITEM   OBSERVED TIME   RECORD YEAR NORMAL DEPARTURE LAST
                VALUE   (LST)  VALUE       VALUE  FROM      YEAR
                                                  NORMAL
..................................................................
TEMPERATURE (F)
 YESTERDAY
  MAXIMUM         83    333 PM  92    2016  83      0       92
                                      1988
  MINIMUM         58    641 AM  56    2015  64     -6       72
  AVERAGE         71                        74     -3       82

PRECIPITATION (IN)
  YESTERDAY        0.00          0.70 1987   0.09  -0.09     0.00
  MONTH TO DATE    3.48                      3.29   0.19     6.45
  SINCE JUN 1     13.82                     12.64   1.18    17.81
  SINCE JAN 1     37.24                     33.15   4.09    40.61

SNOWFALL (IN)
  YESTERDAY        0.0                       0.0    0.0      0.0
  MONTH TO DATE    0.0                       0.0    0.0      0.0
  SINCE JUN 1      0.0                       0.0    0.0      0.0
  SINCE JUL 1      0.0                       0.0    0.0      0.0
  SNOW DEPTH       0

DEGREE DAYS
 HEATING
  YESTERDAY        0                         0      0        0
  MONTH TO DATE    0                         0      0        0
  SINCE JUN 1      4                        12     -8        1
  SINCE JUL 1      0                         0      0        0

 COOLING
  YESTERDAY        6                         9     -3       17
  MONTH TO DATE  223                       264    -41      348
  SINCE JUN 1    780                       808    -28     1035
  SINCE JAN 1    979                       944     35     1176
..................................................................

WIND (MPH)
  HIGHEST WIND SPEED     7   HIGHEST WIND DIRECTION     W (260)
  HIGHEST GUST SPEED    10   HIGHEST GUST DIRECTION     W (270)
  AVERAGE WIND SPEED     1.2

SKY COVER
  POSSIBLE SUNSHINE  MM
  AVERAGE SKY COVER 0.1

WEATHER CONDITIONS
 THE FOLLOWING WEATHER WAS RECORDED YESTERDAY.
  NO SIGNIFICANT WEATHER WAS OBSERVED.

RELATIVE HUMIDITY (PERCENT)
 HIGHEST    86           600 AM
 LOWEST     51           200 PM
 AVERAGE    69
..........................................................

THE JACKSON KY CLIMATE NORMALS FOR TODAY
                         NORMAL    RECORD    YEAR
 MAXIMUM TEMPERATURE (F)   83        93      2007
                                             1995
 MINIMUM TEMPERATURE (F)   64        50      1986

SUNRISE AND SUNSET
AUGUST 28 2017........SUNRISE   700 AM EDT   SUNSET   808 PM EDT
AUGUST 29 2017........SUNRISE   701 AM EDT   SUNSET   806 PM EDT

-  INDICATES NEGATIVE NUMBERS.
R  INDICATES RECORD WAS SET OR TIED.
MM INDICATES DATA IS MISSING.
T  INDICATES TRACE AMOUNT.

$$
