000
CDUS43 KJKL 150526
CLIJKL

CLIMATE REPORT
NATIONAL WEATHER SERVICE JACKSON KY
126 AM EDT FRI MAY 15 2015

...................................

...THE JACKSON KY CLIMATE SUMMARY FOR MAY 14 2015...

CLIMATE NORMAL PERIOD 1981 TO 2010
CLIMATE RECORD PERIOD 1981 TO 2015

WEATHER ITEM   OBSERVED TIME   RECORD YEAR NORMAL DEPARTURE LAST
                VALUE   (LST)  VALUE       VALUE  FROM      YEAR
                                                  NORMAL
..................................................................
TEMPERATURE (F)
 YESTERDAY
  MAXIMUM         77    413 PM  89    1982  74      3       84
  MINIMUM         48    622 AM  36    1996  54     -6       64
  AVERAGE         63                        64     -1       74

PRECIPITATION (IN)
  YESTERDAY        0.00          0.90 1995   0.17  -0.17     0.22
  MONTH TO DATE    0.17                      2.26  -2.09     0.79
  SINCE MAR 1     16.72                     10.21   6.51    11.73
  SINCE JAN 1     22.90                     17.57   5.33    19.35

SNOWFALL (IN)
  YESTERDAY        0.0           0.0  2002   0.0    0.0      0.0
                                      2001
  MONTH TO DATE    0.0                       0.0    0.0      0.0
  SINCE MAR 1      3.7                       3.9   -0.2     11.9
  SINCE JUL 1     29.1                      23.5    5.6     38.9
  SNOW DEPTH       0

DEGREE DAYS
 HEATING
  YESTERDAY        2                         4     -2        0
  MONTH TO DATE   22                        60    -38       27
  SINCE MAR 1    779                       881   -102      856
  SINCE JUL 1   4544                      4181    363     4457

 COOLING
  YESTERDAY        0                         3     -3        9
  MONTH TO DATE   74                        31     43       74
  SINCE MAR 1     99                        77     22      113
  SINCE JAN 1     99                        77     22      113
..................................................................

WIND (MPH)
  HIGHEST WIND SPEED     8   HIGHEST WIND DIRECTION    SE (120)
  HIGHEST GUST SPEED    12   HIGHEST GUST DIRECTION     E (110)
  AVERAGE WIND SPEED     1.4

SKY COVER
  POSSIBLE SUNSHINE  MM
  AVERAGE SKY COVER 0.0

WEATHER CONDITIONS
 THE FOLLOWING WEATHER WAS RECORDED YESTERDAY.
  NO SIGNIFICANT WEATHER WAS OBSERVED.

RELATIVE HUMIDITY (PERCENT)
 HIGHEST    77           400 AM
 LOWEST     41           300 PM
 AVERAGE    59

..........................................................

THE JACKSON KY CLIMATE NORMALS FOR TODAY
                         NORMAL    RECORD    YEAR
 MAXIMUM TEMPERATURE (F)   74        88      1998
 MINIMUM TEMPERATURE (F)   54        37      1997

SUNRISE AND SUNSET
MAY 15 2015...........SUNRISE   624 AM EDT   SUNSET   836 PM EDT
MAY 16 2015...........SUNRISE   623 AM EDT   SUNSET   836 PM EDT

-  INDICATES NEGATIVE NUMBERS.
R  INDICATES RECORD WAS SET OR TIED.
MM INDICATES DATA IS MISSING.
T  INDICATES TRACE AMOUNT.

$$
