000
CDUS43 KJKL 061111
CLIJKL

CLIMATE REPORT
NATIONAL WEATHER SERVICE JACKSON KY
611 AM EST MON FEB 6 2017

...................................

...THE JACKSON KY CLIMATE SUMMARY FOR FEBRUARY 5 2017...

CLIMATE NORMAL PERIOD 1981 TO 2010
CLIMATE RECORD PERIOD 1981 TO 2017


WEATHER ITEM   OBSERVED TIME   RECORD YEAR NORMAL DEPARTURE LAST
                VALUE   (LST)  VALUE       VALUE  FROM      YEAR
                                                  NORMAL
..................................................................

TEMPERATURE (F)
 YESTERDAY
  MAXIMUM         57    315 PM  71    2008  45     12       43
  MINIMUM         37   1232 AM  -5    1996  28      9       23
  AVERAGE         47                        37     10       33

PRECIPITATION (IN)
  YESTERDAY        T             1.66 2010   0.13  -0.13     0.00
  MONTH TO DATE    T                         0.67  -0.67     1.86
  SINCE DEC 1     10.87                      8.46   2.41     9.79
  SINCE JAN 1      4.71                      4.28   0.43     5.15

SNOWFALL (IN)
  YESTERDAY        0             3.4  1998   0.3   -0.3      0.0
  MONTH TO DATE    0.0                       1.5   -1.5      0.0
  SINCE DEC 1      4.6                      13.5   -8.9     21.4
  SINCE JUL 1      4.6                      14.1   -9.5     21.4
  SNOW DEPTH       0

DEGREE DAYS
 HEATING
  YESTERDAY       18                        28    -10       32
  MONTH TO DATE  136                       144     -8       95
  SINCE DEC 1   1631                      1910   -279     1509
  SINCE JUL 1   2157                      2710   -553     2107

 COOLING
  YESTERDAY        0                         0      0        0
  MONTH TO DATE    0                         0      0        0
  SINCE DEC 1      0                         1     -1        2
  SINCE JAN 1      0                         0      0        0
..................................................................

WIND (MPH)
  HIGHEST WIND SPEED    13   HIGHEST WIND DIRECTION    SW (220)
  HIGHEST GUST SPEED    22   HIGHEST GUST DIRECTION     W (250)
  AVERAGE WIND SPEED     5.4


SKY COVER
  POSSIBLE SUNSHINE  MM
  AVERAGE SKY COVER 0.6


WEATHER CONDITIONS
 THE FOLLOWING WEATHER WAS RECORDED YESTERDAY.
  NO SIGNIFICANT WEATHER WAS OBSERVED.


RELATIVE HUMIDITY (PERCENT)
 HIGHEST    65          1000 PM
 LOWEST     32          1200 AM
 AVERAGE    49
..........................................................

THE JACKSON KY CLIMATE NORMALS FOR TODAY
                         NORMAL    RECORD    YEAR
 MAXIMUM TEMPERATURE (F)   45        69      2008
 MINIMUM TEMPERATURE (F)   28         2      1988


SUNRISE AND SUNSET
FEBRUARY  6 2017......SUNRISE   732 AM EST   SUNSET   603 PM EST
FEBRUARY  7 2017......SUNRISE   731 AM EST   SUNSET   604 PM EST


-  INDICATES NEGATIVE NUMBERS.
R  INDICATES RECORD WAS SET OR TIED.
MM INDICATES DATA IS MISSING.
T  INDICATES TRACE AMOUNT.
$$
