000
CDUS43 KJKL 200538
CLIJKL

CLIMATE REPORT
NATIONAL WEATHER SERVICE JACKSON KY
1238 AM EST FRI FEB 20 2015


...................................

...THE JACKSON KY CLIMATE SUMMARY FOR FEBRUARY 19 2015...

CLIMATE NORMAL PERIOD 1981 TO 2010
CLIMATE RECORD PERIOD 1981 TO 2015

WEATHER ITEM   OBSERVED TIME   RECORD YEAR NORMAL DEPARTURE LAST
                VALUE   (LST)  VALUE       VALUE  FROM      YEAR
                                                  NORMAL
..................................................................
TEMPERATURE (F)
 YESTERDAY
  MAXIMUM         10    335 PM  74    1994  49    -39       61
  MINIMUM         -4R   754 AM   5    1993  31    -35       47
  AVERAGE          3                        40    -37       54

PRECIPITATION (IN)
  YESTERDAY        T             0.91 1991   0.13  -0.13     0.19
  MONTH TO DATE    2.36                      2.52  -0.16     3.25
  SINCE DEC 1      6.97                     10.31  -3.34    13.49
  SINCE JAN 1      4.48                      6.13  -1.65     6.40

SNOWFALL (IN)
  YESTERDAY        0.3           3.1  2012   0.2    0.1      0.0
  MONTH TO DATE   20.8                       5.2   15.6      7.5
  SINCE DEC 1     23.5                      17.2    6.3     22.9
  SINCE JUL 1     24.7                      17.8    6.9     25.8
  SNOW DEPTH      11

DEGREE DAYS
 HEATING
  YESTERDAY       62                        25     37       11
  MONTH TO DATE  695                       519    176      589
  SINCE DEC 1   2419                      2285    134     2486
  SINCE JUL 1   3409                      3085    324     3373

 COOLING
  YESTERDAY        0                         0      0        0
  MONTH TO DATE    0                         0      0        0
  SINCE DEC 1      0                         1     -1        0
  SINCE JAN 1      0                         0      0        0
..................................................................

WIND (MPH)
  HIGHEST WIND SPEED    16   HIGHEST WIND DIRECTION     W (280)
  HIGHEST GUST SPEED    25   HIGHEST GUST DIRECTION     W (280)
  AVERAGE WIND SPEED     6.6

SKY COVER
  POSSIBLE SUNSHINE  MM
  AVERAGE SKY COVER 0.6

WEATHER CONDITIONS
 THE FOLLOWING WEATHER WAS RECORDED YESTERDAY.
  SNOW
  LIGHT SNOW
  FOG
  HAZE

RELATIVE HUMIDITY (PERCENT)
 HIGHEST    87           800 AM
 LOWEST     41           400 PM
 AVERAGE    64

..........................................................

THE JACKSON KY CLIMATE NORMALS FOR TODAY
                         NORMAL    RECORD    YEAR
 MAXIMUM TEMPERATURE (F)   49        73      1997
 MINIMUM TEMPERATURE (F)   31        16      2009

SUNRISE AND SUNSET
FEBRUARY 20 2015......SUNRISE   717 AM EST   SUNSET   618 PM EST
FEBRUARY 21 2015......SUNRISE   716 AM EST   SUNSET   619 PM EST

-  INDICATES NEGATIVE NUMBERS.
R  INDICATES RECORD WAS SET OR TIED.
MM INDICATES DATA IS MISSING.
T  INDICATES TRACE AMOUNT.

$$
