000
CDUS43 KJKL 080605
CLIJKL

CLIMATE REPORT
NATIONAL WEATHER SERVICE JACKSON KY
205 AM EDT SAT APR 8 2017
...................................

...THE JACKSON KY CLIMATE SUMMARY FOR APRIL 7 2017...

CLIMATE NORMAL PERIOD 1981 TO 2010
CLIMATE RECORD PERIOD 1981 TO 2017

WEATHER ITEM   OBSERVED TIME   RECORD YEAR NORMAL DEPARTURE LAST
                VALUE   (LST)  VALUE       VALUE  FROM      YEAR
                                                  NORMAL
..................................................................
TEMPERATURE (F)
 YESTERDAY
  MAXIMUM         54    450 PM  85    2010  66    -12       52
  MINIMUM         36    841 AM  20    1982  44     -8       41
  AVERAGE         45                        55    -10       47

PRECIPITATION (IN)
  YESTERDAY        0.00          1.19 2006   0.12  -0.12     0.17
  MONTH TO DATE    1.04                      0.86   0.18     0.44
  SINCE MAR 1      5.46                      4.98   0.48     2.82
  SINCE JAN 1     13.03                     12.34   0.69    12.38

SNOWFALL (IN)
  YESTERDAY        0.0           T    2007   0.0    0.0      0.0
                                      1994
  MONTH TO DATE    0.0                       0.4   -0.4      0.0
  SINCE MAR 1      0.2                       3.3   -3.1      2.8
  SINCE JUL 1      4.8                      22.9  -18.1     32.4
  SNOW DEPTH       0

DEGREE DAYS
 HEATING
  YESTERDAY       20                        11      9       18
  MONTH TO DATE   64                        84    -20      103
  SINCE MAR 1    572                       637    -65      442
  SINCE JUL 1   3064                      3937   -873     3196

 COOLING
  YESTERDAY        0                         1     -1        0
  MONTH TO DATE    3                         7     -4        0
  SINCE MAR 1      9                        14     -5        8
  SINCE JAN 1     11                        14     -3        8
..................................................................

WIND (MPH)
  HIGHEST WIND SPEED    18   HIGHEST WIND DIRECTION    NW (300)
  HIGHEST GUST SPEED    29   HIGHEST GUST DIRECTION    NW (310)
  AVERAGE WIND SPEED     8.8

SKY COVER
  POSSIBLE SUNSHINE  MM
  AVERAGE SKY COVER 0.6

WEATHER CONDITIONS
 THE FOLLOWING WEATHER WAS RECORDED YESTERDAY.
  NO SIGNIFICANT WEATHER WAS OBSERVED.

RELATIVE HUMIDITY (PERCENT)
 HIGHEST    70          1200 AM
 LOWEST     38           500 PM
 AVERAGE    54
..........................................................

THE JACKSON KY CLIMATE NORMALS FOR TODAY
                         NORMAL    RECORD    YEAR
 MAXIMUM TEMPERATURE (F)   66        87      2001
 MINIMUM TEMPERATURE (F)   44        21      2007

SUNRISE AND SUNSET
APRIL  8 2017.........SUNRISE   708 AM EDT   SUNSET   803 PM EDT
APRIL  9 2017.........SUNRISE   707 AM EDT   SUNSET   804 PM EDT

-  INDICATES NEGATIVE NUMBERS.
R  INDICATES RECORD WAS SET OR TIED.
MM INDICATES DATA IS MISSING.
T  INDICATES TRACE AMOUNT.

$$
