000
CDUS43 KJKL 290523
CLIJKL

CLIMATE REPORT
NATIONAL WEATHER SERVICE JACKSON KY
123 AM EDT TUE AUG 29 2017

...................................

...THE JACKSON KY CLIMATE SUMMARY FOR AUGUST 28 2017...

CLIMATE NORMAL PERIOD 1981 TO 2010
CLIMATE RECORD PERIOD 1981 TO 2017

WEATHER ITEM   OBSERVED TIME   RECORD YEAR NORMAL DEPARTURE LAST
                VALUE   (LST)  VALUE       VALUE  FROM      YEAR
                                                  NORMAL
..................................................................
TEMPERATURE (F)
 YESTERDAY
  MAXIMUM         74   1109 AM  93    2007  83     -9       90
                                      1995
  MINIMUM         64   1159 PM  50    1986  64      0       70
  AVERAGE         69                        74     -5       80

PRECIPITATION (IN)
  YESTERDAY        1.08          1.65 1992   0.10   0.98      T
  MONTH TO DATE    4.56                      3.39   1.17     6.45
  SINCE JUN 1     14.90                     12.74   2.16    17.81
  SINCE JAN 1     38.32                     33.25   5.07    40.61

SNOWFALL (IN)
  YESTERDAY        0.0                       0.0    0.0      0.0
  MONTH TO DATE    0.0                       0.0    0.0      0.0
  SINCE JUN 1      0.0                       0.0    0.0      0.0
  SINCE JUL 1      0.0                       0.0    0.0      0.0
  SNOW DEPTH       0

DEGREE DAYS
 HEATING
  YESTERDAY        0                         0      0        0
  MONTH TO DATE    0                         0      0        0
  SINCE JUN 1      4                        12     -8        1
  SINCE JUL 1      0                         0      0        0

 COOLING
  YESTERDAY        4                         9     -5       15
  MONTH TO DATE  227                       273    -46      363
  SINCE JUN 1    784                       817    -33     1050
  SINCE JAN 1    983                       953     30     1191
..................................................................

WIND (MPH)
  HIGHEST WIND SPEED     7   HIGHEST WIND DIRECTION    SE (140)
  HIGHEST GUST SPEED    11   HIGHEST GUST DIRECTION    SE (150)
  AVERAGE WIND SPEED     1.9

SKY COVER
  POSSIBLE SUNSHINE  MM
  AVERAGE SKY COVER 0.9

WEATHER CONDITIONS
 THE FOLLOWING WEATHER WAS RECORDED YESTERDAY.
  THUNDERSTORM
  HEAVY RAIN
  RAIN
  LIGHT RAIN
  FOG
  FOG W/VISIBILITY <= 1/4 MILE

RELATIVE HUMIDITY (PERCENT)
 HIGHEST   100           300 PM
 LOWEST     73          1000 AM
 AVERAGE    87
..........................................................

THE JACKSON KY CLIMATE NORMALS FOR TODAY
                         NORMAL    RECORD    YEAR
 MAXIMUM TEMPERATURE (F)   83        94      1991
 MINIMUM TEMPERATURE (F)   64        45      1986

SUNRISE AND SUNSET
AUGUST 29 2017........SUNRISE   701 AM EDT   SUNSET   806 PM EDT
AUGUST 30 2017........SUNRISE   702 AM EDT   SUNSET   805 PM EDT

-  INDICATES NEGATIVE NUMBERS.
R  INDICATES RECORD WAS SET OR TIED.
MM INDICATES DATA IS MISSING.
T  INDICATES TRACE AMOUNT.

$$

GEOGERIAN
