000
CDUS43 KJKL 300558
CLIJKL

CLIMATE REPORT
NATIONAL WEATHER SERVICE JACKSON KY
158 AM EDT FRI JUN 30 2017

...................................

...THE JACKSON KY CLIMATE SUMMARY FOR JUNE 29 2017...

CLIMATE NORMAL PERIOD 1981 TO 2010
CLIMATE RECORD PERIOD 1981 TO 2017


WEATHER ITEM   OBSERVED TIME   RECORD YEAR NORMAL DEPARTURE LAST
                VALUE   (LST)  VALUE       VALUE  FROM      YEAR
                                                  NORMAL
..................................................................
TEMPERATURE (F)
 YESTERDAY
  MAXIMUM         85    427 PM 104    2012  84      1       79
  MINIMUM         64    558 AM  57    2015  65     -1       62
  AVERAGE         75                        75      0       71

PRECIPITATION (IN)
  YESTERDAY        T             2.05 1998   0.15  -0.15     0.00
  MONTH TO DATE    6.21                      4.56   1.65     5.01
  SINCE JUN 1      6.21                      4.56   1.65     5.01
  SINCE JAN 1     29.63                     25.07   4.56    27.81

SNOWFALL (IN)
  YESTERDAY        0.0                       0.0    0.0      0.0
  MONTH TO DATE    0.0                       0.0    0.0      0.0
  SINCE JUN 1      0.0                       0.0    0.0      0.0
  SINCE JUL 1      4.8                      23.5  -18.7     32.5
  SNOW DEPTH       0

DEGREE DAYS
 HEATING
  YESTERDAY        0                         0      0        0
  MONTH TO DATE    4                         9     -5        1
  SINCE JUN 1      4                         9     -5        1
  SINCE JUL 1   3213                      4231  -1018     3455

 COOLING
  YESTERDAY       10                        10      0        6
  MONTH TO DATE  194                       214    -20      290
  SINCE JUN 1    194                       214    -20      290
  SINCE JAN 1    393                       350     43      431
..................................................................


WIND (MPH)
  HIGHEST WIND SPEED    10   HIGHEST WIND DIRECTION     S (160)
  HIGHEST GUST SPEED    18   HIGHEST GUST DIRECTION     S (180)
  AVERAGE WIND SPEED     1.9


SKY COVER
  POSSIBLE SUNSHINE  MM
  AVERAGE SKY COVER 0.3


WEATHER CONDITIONS
 THE FOLLOWING WEATHER WAS RECORDED YESTERDAY.
  LIGHT RAIN


RELATIVE HUMIDITY (PERCENT)
 HIGHEST    78           300 AM
 LOWEST     55           400 PM
 AVERAGE    67

..........................................................


THE JACKSON KY CLIMATE NORMALS FOR TODAY
                         NORMAL    RECORD    YEAR
 MAXIMUM TEMPERATURE (F)   84       103      2012
 MINIMUM TEMPERATURE (F)   66        57      2000
                                             1989


SUNRISE AND SUNSET
JUNE 30 2017..........SUNRISE   615 AM EDT   SUNSET   859 PM EDT
JULY  1 2017..........SUNRISE   616 AM EDT   SUNSET   859 PM EDT


-  INDICATES NEGATIVE NUMBERS.
R  INDICATES RECORD WAS SET OR TIED.
MM INDICATES DATA IS MISSING.
T  INDICATES TRACE AMOUNT.




$$
