000
CDUS43 KJKL 080526
CLIJKL

CLIMATE REPORT
NATIONAL WEATHER SERVICE JACKSON KY
125 AM EDT FRI AUG 8 2014


...................................

...THE JACKSON KY CLIMATE SUMMARY FOR AUGUST 7 2014...

CLIMATE NORMAL PERIOD 1981 TO 2010
CLIMATE RECORD PERIOD 1981 TO 2014


WEATHER ITEM   OBSERVED TIME   RECORD YEAR NORMAL DEPARTURE LAST
                VALUE   (LST)  VALUE       VALUE  FROM      YEAR
                                                  NORMAL
..................................................................
TEMPERATURE (F)
 YESTERDAY
  MAXIMUM         79    353 PM  92    2007  85     -6       80
                                      2006
                                      1999
  MINIMUM         65    720 AM  50    2004  66     -1       70
  AVERAGE         72                        75     -3       75

PRECIPITATION (IN)
  YESTERDAY        T             0.33 2011   0.14  -0.14     0.09
  MONTH TO DATE    0.31                      0.98  -0.67     0.23
  SINCE JUN 1      9.20                     10.33  -1.13    13.21
  SINCE JAN 1     30.06                     30.84  -0.78    33.41

SNOWFALL (IN)
  YESTERDAY        0.0                       0.0    0.0      0.0
  MONTH TO DATE    0.0                       0.0    0.0      0.0
  SINCE JUN 1      0.0                       0.0    0.0      0.0
  SINCE JUL 1      0.0                       0.0    0.0      0.0
  SNOW DEPTH       0

DEGREE DAYS
 HEATING
  YESTERDAY        0                         0      0        0
  MONTH TO DATE    0                         0      0        0
  SINCE JUN 1      3                        12     -9        0
  SINCE JUL 1      3                         0      3        0

COOLING
  YESTERDAY        7                        10     -3       10
  MONTH TO DATE   52                        70    -18       51
  SINCE JUN 1    588                       614    -26      548
  SINCE JAN 1    779                       750     29      696
..................................................................


WIND (MPH)
  HIGHEST WIND SPEED     6   HIGHEST WIND DIRECTION     E (100)
  HIGHEST GUST SPEED    10   HIGHEST GUST DIRECTION     E (80)
  AVERAGE WIND SPEED     0.6


SKY COVER
  POSSIBLE SUNSHINE  MM
  AVERAGE SKY COVER 0.4


WEATHER CONDITIONS
 THE FOLLOWING WEATHER WAS RECORDED YESTERDAY.
  LIGHT RAIN
  FOG
  HAZE


RELATIVE HUMIDITY (PERCENT)
 HIGHEST    97           100 AM
 LOWEST     58           200 PM
 AVERAGE    78

..........................................................


THE JACKSON KY CLIMATE NORMALS FOR TODAY
                         NORMAL    RECORD    YEAR
 MAXIMUM TEMPERATURE (F)   85        94      2007
 MINIMUM TEMPERATURE (F)   66        45      1989


SUNRISE AND SUNSET
AUGUST  8 2014........SUNRISE   643 AM EDT   SUNSET   834 PM EDT
AUGUST  9 2014........SUNRISE   644 AM EDT   SUNSET   833 PM EDT


-  INDICATES NEGATIVE NUMBERS.
R  INDICATES RECORD WAS SET OR TIED.
MM INDICATES DATA IS MISSING.
T  INDICATES TRACE AMOUNT.

$$
