000
CDUS43 KJKL 110756
CLIJKL

CLIMATE REPORT
NATIONAL WEATHER SERVICE JACKSON KY
355 AM EDT MON APR 11 2016

...................................

...THE JACKSON KY CLIMATE SUMMARY FOR APRIL 10 2016...

CLIMATE NORMAL PERIOD 1981 TO 2010
CLIMATE RECORD PERIOD 1981 TO 2016


WEATHER ITEM   OBSERVED TIME   RECORD YEAR NORMAL DEPARTURE LAST
                VALUE   (LST)  VALUE       VALUE  FROM      YEAR
                                                  NORMAL
..................................................................

TEMPERATURE (F)
 YESTERDAY
  MAXIMUM         64    212 PM  88    2011  67     -3       73
                                      2001
                                      1995
  MINIMUM         29    502 AM  26    1985  45    -16       49
  AVERAGE         47                        56     -9       61

PRECIPITATION (IN)
  YESTERDAY        T             0.71 2015   0.13  -0.13     0.71
  MONTH TO DATE    0.58                      1.25  -0.67     6.33
  SINCE MAR 1      2.96                      5.37  -2.41    12.59
  SINCE JAN 1     12.52                     12.73  -0.21    18.77

SNOWFALL (IN)
  YESTERDAY        0.0           0.0  2002   0.1   -0.1      0.0
  MONTH TO DATE    0.1                       0.6   -0.5      0.0
  SINCE MAR 1      2.9                       3.5   -0.6      3.7
  SINCE JUL 1     32.5                      23.1    9.4     29.1
  SNOW DEPTH       0

DEGREE DAYS
 HEATING
  YESTERDAY       18                        10      8        4
  MONTH TO DATE  173                       116     57       60
  SINCE MAR 1    512                       669   -157      608
  SINCE JUL 1   3266                      3969   -703     4373

 COOLING
  YESTERDAY        0                         1     -1        0
  MONTH TO DATE    0                        10    -10       12
  SINCE MAR 1      8                        17     -9       12
  SINCE JAN 1      8                        17     -9       12
..................................................................

WIND (MPH)
  HIGHEST WIND SPEED    12   HIGHEST WIND DIRECTION     S (190)
  HIGHEST GUST SPEED    19   HIGHEST GUST DIRECTION     S (200)
  AVERAGE WIND SPEED     4.7


SKY COVER
  POSSIBLE SUNSHINE  MM
  AVERAGE SKY COVER 0.7


WEATHER CONDITIONS
 THE FOLLOWING WEATHER WAS RECORDED YESTERDAY.
  LIGHT RAIN


RELATIVE HUMIDITY (PERCENT)
 HIGHEST    59           800 AM
 LOWEST     27           100 PM
 AVERAGE    43
..........................................................

THE JACKSON KY CLIMATE NORMALS FOR TODAY
                         NORMAL    RECORD    YEAR
 MAXIMUM TEMPERATURE (F)   67        85      2011
                                             2001
 MINIMUM TEMPERATURE (F)   45        27      1989


SUNRISE AND SUNSET
APRIL 11 2016.........SUNRISE   703 AM EDT   SUNSET   806 PM EDT
APRIL 12 2016.........SUNRISE   702 AM EDT   SUNSET   807 PM EDT


-  INDICATES NEGATIVE NUMBERS.
R  INDICATES RECORD WAS SET OR TIED.
MM INDICATES DATA IS MISSING.
T  INDICATES TRACE AMOUNT.
$$
