000
CDUS43 KJKL 292022
CLIJKL

CLIMATE REPORT
NATIONAL WEATHER SERVICE JACKSON KY
421 PM EDT SUN JUN 29 2014

...................................

...THE JACKSON KY CLIMATE SUMMARY FOR JUNE 29 2014...
VALID TODAY AS OF 0400 PM LOCAL TIME.

CLIMATE NORMAL PERIOD 1981 TO 2010
CLIMATE RECORD PERIOD 1981 TO 2014

WEATHER ITEM   OBSERVED TIME   RECORD YEAR NORMAL DEPARTURE LAST
                VALUE   (LST)  VALUE       VALUE  FROM      YEAR
                                                  NORMAL
..................................................................
TEMPERATURE (F)
 TODAY
  MAXIMUM         85    155 PM 104    2012  84      1       81
  MINIMUM         69    601 AM  58    1985  65      4       63
  AVERAGE         77                        75      2       72

PRECIPITATION (IN)
  TODAY            0.00          2.05 1998   0.15  -0.15     0.00
  MONTH TO DATE    3.05                      4.56  -1.51     6.29
  SINCE JUN 1      3.05                      4.56  -1.51     6.29
  SINCE JAN 1     23.91                     25.07  -1.16    26.49

SNOWFALL (IN)
  TODAY            0.0                       0.0    0.0      0.0
  MONTH TO DATE    0.0                       0.0    0.0      0.0
  SINCE JUN 1      0.0                       0.0    0.0      0.0
  SINCE JUL 1     38.9                      23.5   15.4     20.0
  SNOW DEPTH       0

DEGREE DAYS
 HEATING
  TODAY            0                         0      0        0
  MONTH TO DATE    0                         9     -9        0
  SINCE JUN 1      0                         9     -9        0
  SINCE JUL 1   4509                      4231    278     4364

 COOLING
  TODAY           12                        10      2        7
  MONTH TO DATE  275                       214     61      217
  SINCE JUN 1    275                       214     61      217
  SINCE JAN 1    466                       350    116      365
..................................................................

WIND (MPH)
  HIGHEST WIND SPEED     8   HIGHEST WIND DIRECTION     W (260)
  HIGHEST GUST SPEED    13   HIGHEST GUST DIRECTION     S (180)
  AVERAGE WIND SPEED     1.8

SKY COVER
  POSSIBLE SUNSHINE  MM
  AVERAGE SKY COVER 0.4

WEATHER CONDITIONS
 THE FOLLOWING WEATHER WAS RECORDED TODAY.
  THUNDERSTORM
  FOG

RELATIVE HUMIDITY (PERCENT)
 HIGHEST    93          1200 AM
 LOWEST     61           200 PM
 AVERAGE    77
..........................................................

THE JACKSON KY CLIMATE NORMALS FOR TOMORROW
                         NORMAL    RECORD    YEAR
 MAXIMUM TEMPERATURE (F)   84       103      2012
 MINIMUM TEMPERATURE (F)   66        57      2000
                                             1989

SUNRISE AND SUNSET
JUNE 29 2014..........SUNRISE   615 AM EDT   SUNSET   859 PM EDT
JUNE 30 2014..........SUNRISE   615 AM EDT   SUNSET   859 PM EDT

-  INDICATES NEGATIVE NUMBERS.
R  INDICATES RECORD WAS SET OR TIED.
MM INDICATES DATA IS MISSING.
T  INDICATES TRACE AMOUNT.

$$

TAB
