000
CDUS43 KJKL 210527
CLIJKL

CLIMATE REPORT
NATIONAL WEATHER SERVICE JACKSON KY
1227 AM EST TUE NOV 21 2017

...................................

...THE JACKSON KY CLIMATE SUMMARY FOR NOVEMBER 20 2017...

CLIMATE NORMAL PERIOD 1981 TO 2010
CLIMATE RECORD PERIOD 1981 TO 2017

WEATHER ITEM   OBSERVED TIME   RECORD YEAR NORMAL DEPARTURE LAST
                VALUE   (LST)  VALUE       VALUE  FROM      YEAR
                                                  NORMAL
..................................................................
TEMPERATURE (F)
 YESTERDAY
  MAXIMUM         49    354 PM  73    1992  55     -6       42
                                      1991
  MINIMUM         26    748 AM  23    1984  38    -12       29
  AVERAGE         38                        47     -9       36

PRECIPITATION (IN)
  YESTERDAY        0.00          1.34 1988   0.14  -0.14     0.00
  MONTH TO DATE    1.27                      2.56  -1.29     0.40
  SINCE SEP 1      9.89                      9.21   0.68     3.23
  SINCE JAN 1     48.21                     42.76   5.45    44.22

SNOWFALL (IN)
  YESTERDAY        0.0           1.1  2008   0.0    0.0      0.0
  MONTH TO DATE    0.0                       0.2   -0.2      0.0
  SINCE SEP 1      T                         0.3   -0.3      0.0
  SINCE JUL 1      T                         0.3   -0.3      0.0
  SNOW DEPTH       0

DEGREE DAYS
 HEATING
  YESTERDAY       27                        18      9       29
  MONTH TO DATE  318                       298     20      223
  SINCE SEP 1    552                       593    -41      345
  SINCE JUL 1    552                       595    -43      345

 COOLING
  YESTERDAY        0                         0      0        0
  MONTH TO DATE    5                         0      5       22
  SINCE SEP 1    198                       172     26      348
  SINCE JAN 1   1200                      1150     50     1580
..................................................................

WIND (MPH)
  HIGHEST WIND SPEED     7   HIGHEST WIND DIRECTION     S (200)
  HIGHEST GUST SPEED    16   HIGHEST GUST DIRECTION     S (180)
  AVERAGE WIND SPEED     2.8

SKY COVER
  POSSIBLE SUNSHINE  MM
  AVERAGE SKY COVER 0.0

WEATHER CONDITIONS
 THE FOLLOWING WEATHER WAS RECORDED YESTERDAY.
  FOG

RELATIVE HUMIDITY (PERCENT)
 HIGHEST    92           800 AM
 LOWEST     37           500 PM
 AVERAGE    65
..........................................................

THE JACKSON KY CLIMATE NORMALS FOR TODAY
                         NORMAL    RECORD    YEAR
 MAXIMUM TEMPERATURE (F)   55        74      1994
 MINIMUM TEMPERATURE (F)   38        19      2000

SUNRISE AND SUNSET
NOVEMBER 21 2017......SUNRISE   720 AM EST   SUNSET   518 PM EST
NOVEMBER 22 2017......SUNRISE   721 AM EST   SUNSET   518 PM EST

-  INDICATES NEGATIVE NUMBERS.
R  INDICATES RECORD WAS SET OR TIED.
MM INDICATES DATA IS MISSING.
T  INDICATES TRACE AMOUNT.

$$

GEOGERIAN
