000
CDUS43 KJKL 070527
CLIJKL

CLIMATE REPORT
NATIONAL WEATHER SERVICE JACKSON KY
1227 AM EST SAT JAN 7 2017


...................................

...THE JACKSON KY CLIMATE SUMMARY FOR JANUARY 6 2017...

CLIMATE NORMAL PERIOD 1981 TO 2010
CLIMATE RECORD PERIOD 1981 TO 2017


WEATHER ITEM   OBSERVED TIME   RECORD YEAR NORMAL DEPARTURE LAST
                VALUE   (LST)  VALUE       VALUE  FROM      YEAR
                                                  NORMAL
..................................................................
TEMPERATURE (F)
 YESTERDAY
  MAXIMUM         22    121 AM  68    1998  43    -21       46
  MINIMUM         13   1159 PM  -3    2014  27    -14       24
  AVERAGE         18                        35    -17       35

PRECIPITATION (IN)
  YESTERDAY        0.01          2.04 1995   0.12  -0.11     0.00
  MONTH TO DATE    0.79                      0.70   0.09      T
  SINCE DEC 1      6.95                      4.88   2.07     4.64
  SINCE JAN 1      0.79                      0.70   0.09      T

SNOWFALL (IN)
  YESTERDAY        0.2           8.5  1996   0.2    0.0      0.0
  MONTH TO DATE    2.4                       1.2    1.2      0.1
  SINCE DEC 1      2.7                       6.1   -3.4      0.1
  SINCE JUL 1      2.7                       6.7   -4.0      0.1
  SNOW DEPTH       1

DEGREE DAYS
 HEATING
  YESTERDAY       47                        30     17       30
  MONTH TO DATE  153                       180    -27      186
  SINCE DEC 1    950                      1014    -64      614
  SINCE JUL 1   1476                      1814   -338     1212

COOLING
  YESTERDAY        0                         0      0        0
  MONTH TO DATE    0                         0      0        0
  SINCE DEC 1      0                         1     -1        2
  SINCE JAN 1      0                         0      0        0
..................................................................


WIND (MPH)
  HIGHEST WIND SPEED     9   HIGHEST WIND DIRECTION    NW (330)
  HIGHEST GUST SPEED    14   HIGHEST GUST DIRECTION     N (340)
  AVERAGE WIND SPEED     3.2


SKY COVER
  POSSIBLE SUNSHINE  MM
  AVERAGE SKY COVER 0.9


WEATHER CONDITIONS
 THE FOLLOWING WEATHER WAS RECORDED YESTERDAY.
  LIGHT SNOW
  FOG
  HAZE


RELATIVE HUMIDITY (PERCENT)
 HIGHEST    92          1200 AM
 LOWEST     61           400 PM
 AVERAGE    77

..........................................................


THE JACKSON KY CLIMATE NORMALS FOR TODAY
                         NORMAL    RECORD    YEAR
 MAXIMUM TEMPERATURE (F)   43        71      2008
 MINIMUM TEMPERATURE (F)   27        -7      2014


SUNRISE AND SUNSET
JANUARY  7 2017.......SUNRISE   748 AM EST   SUNSET   531 PM EST
JANUARY  8 2017.......SUNRISE   748 AM EST   SUNSET   532 PM EST


-  INDICATES NEGATIVE NUMBERS.
R  INDICATES RECORD WAS SET OR TIED.
MM INDICATES DATA IS MISSING.
T  INDICATES TRACE AMOUNT.




$$
