000
CDUS43 KJKL 060522
CLIJKL

CLIMATE REPORT
NATIONAL WEATHER SERVICE JACKSON KY
122 AM EDT TUE SEP 6 2016

...................................

...THE JACKSON KY CLIMATE SUMMARY FOR SEPTEMBER 5 2016...

CLIMATE NORMAL PERIOD 1981 TO 2010
CLIMATE RECORD PERIOD 1981 TO 2016

WEATHER ITEM   OBSERVED TIME   RECORD YEAR NORMAL DEPARTURE LAST
                VALUE   (LST)  VALUE       VALUE  FROM      YEAR
                                                  NORMAL
..................................................................
TEMPERATURE (F)
 YESTERDAY
  MAXIMUM         87    323 PM  95    2007  82      5       88
  MINIMUM         61    559 AM  46    1997  62     -1       68
  AVERAGE         74                        72      2       78

PRECIPITATION (IN)
  YESTERDAY        0.00          0.99 2011   0.10  -0.10     0.00
  MONTH TO DATE    T                         0.53  -0.53     0.00
  SINCE SEP 1      T                         0.53  -0.53     0.00
  SINCE JAN 1     40.99                     34.08   6.91    45.78

SNOWFALL (IN)
  YESTERDAY        0.0                       0.0    0.0      0.0
  MONTH TO DATE    0.0                       0.0    0.0      0.0
  SINCE SEP 1      0.0                       0.0    0.0      0.0
  SINCE JUL 1      0.0                       0.0    0.0      0.0
  SNOW DEPTH       0

DEGREE DAYS
 HEATING
  YESTERDAY        0                         0      0        0
  MONTH TO DATE    0                         0      0        0
  SINCE SEP 1      0                         0      0        0
  SINCE JUL 1      0                         2     -2        0

 COOLING
  YESTERDAY        9                         7      2       13
  MONTH TO DATE   29                        37     -8       63
  SINCE SEP 1     29                        37     -8       63
  SINCE JAN 1   1261                      1015    246     1114
..................................................................

WIND (MPH)
  HIGHEST WIND SPEED     6   HIGHEST WIND DIRECTION    NW (320)
  HIGHEST GUST SPEED    10   HIGHEST GUST DIRECTION     W (280)
  AVERAGE WIND SPEED     1.3

SKY COVER
  POSSIBLE SUNSHINE  MM
  AVERAGE SKY COVER 0.0

WEATHER CONDITIONS
 THE FOLLOWING WEATHER WAS RECORDED YESTERDAY.
  NO SIGNIFICANT WEATHER WAS OBSERVED.

RELATIVE HUMIDITY (PERCENT)
 HIGHEST    90           600 AM
 LOWEST     43           100 PM
 AVERAGE    67
..........................................................

THE JACKSON KY CLIMATE NORMALS FOR TODAY
                         NORMAL    RECORD    YEAR
 MAXIMUM TEMPERATURE (F)   81        95      1998
 MINIMUM TEMPERATURE (F)   62        47      1984

SUNRISE AND SUNSET
SEPTEMBER  6 2016.....SUNRISE   708 AM EDT   SUNSET   754 PM EDT
SEPTEMBER  7 2016.....SUNRISE   709 AM EDT   SUNSET   753 PM EDT

-  INDICATES NEGATIVE NUMBERS.
R  INDICATES RECORD WAS SET OR TIED.
MM INDICATES DATA IS MISSING.
T  INDICATES TRACE AMOUNT.

$$

GEOGERIAN
