000
CDUS43 KJKL 010922
CLIJKL

CLIMATE REPORT
NATIONAL WEATHER SERVICE JACKSON KY
522 AM EDT THU JUN 1 2017

...................................

...THE JACKSON KY CLIMATE SUMMARY FOR MAY 31 2017...

CLIMATE NORMAL PERIOD 1981 TO 2010
CLIMATE RECORD PERIOD 1981 TO 2017


WEATHER ITEM   OBSERVED TIME   RECORD YEAR NORMAL DEPARTURE LAST
                VALUE   (LST)  VALUE       VALUE  FROM      YEAR
                                                  NORMAL
..................................................................

TEMPERATURE (F)
 YESTERDAY
  MAXIMUM         78    216 PM  91    2006  78      0       85
  MINIMUM         57    359 AM  42    1984  59     -2       62
  AVERAGE         68                        68      0       74

PRECIPITATION (IN)
  YESTERDAY        0.12          1.43 1982   0.18  -0.06     0.00
  MONTH TO DATE    7.41                      5.20   2.21     7.04
  SINCE MAR 1     15.85                     13.15   2.70    13.24
  SINCE JAN 1     23.42                     20.51   2.91    22.80

SNOWFALL (IN)
  YESTERDAY        0.0                       0.0    0.0      0.0
  MONTH TO DATE    0.0                       T      0.0      0.0
  SINCE MAR 1      0.2                       3.9   -3.7      2.9
  SINCE JUL 1      4.8                      23.5  -18.7     32.5
  SNOW DEPTH       0

DEGREE DAYS
 HEATING
  YESTERDAY        0                         1     -1        0
  MONTH TO DATE   88                       100    -12      137
  SINCE MAR 1    717                       922   -205      700
  SINCE JUL 1   3209                      4222  -1013     3454

 COOLING
  YESTERDAY        3                         5     -2        9
  MONTH TO DATE  101                        90     11       87
  SINCE MAR 1    197                       136     61      141
  SINCE JAN 1    199                       136     63      141
..................................................................

WIND (MPH)
  HIGHEST WIND SPEED     9   HIGHEST WIND DIRECTION    NW (300)
  HIGHEST GUST SPEED    13   HIGHEST GUST DIRECTION    SE (120)
  AVERAGE WIND SPEED     1.5


SKY COVER
  POSSIBLE SUNSHINE  MM
  AVERAGE SKY COVER 0.2


WEATHER CONDITIONS
 THE FOLLOWING WEATHER WAS RECORDED YESTERDAY.
  THUNDERSTORM
  LIGHT RAIN
  FOG


RELATIVE HUMIDITY (PERCENT)
 HIGHEST    93           400 AM
 LOWEST     56           200 PM
 AVERAGE    75
..........................................................

THE JACKSON KY CLIMATE NORMALS FOR TODAY
                         NORMAL    RECORD    YEAR
 MAXIMUM TEMPERATURE (F)   78        88      2016
                                             2011
                                             2007
                                             1988
 MINIMUM TEMPERATURE (F)   59        44      1993


SUNRISE AND SUNSET
JUNE  1 2017..........SUNRISE   613 AM EDT   SUNSET   849 PM EDT
JUNE  2 2017..........SUNRISE   613 AM EDT   SUNSET   850 PM EDT


-  INDICATES NEGATIVE NUMBERS.
R  INDICATES RECORD WAS SET OR TIED.
MM INDICATES DATA IS MISSING.
T  INDICATES TRACE AMOUNT.
$$
