000
CDUS43 KJKL 222022
CLIJKL

CLIMATE REPORT
NATIONAL WEATHER SERVICE JACKSON KY
422 PM EDT FRI SEP 22 2017

...................................

...THE JACKSON KY CLIMATE SUMMARY FOR SEPTEMBER 22 2017...
VALID TODAY AS OF 0400 PM LOCAL TIME.

CLIMATE NORMAL PERIOD 1981 TO 2010
CLIMATE RECORD PERIOD 1981 TO 2017

WEATHER ITEM   OBSERVED TIME   RECORD YEAR NORMAL DEPARTURE LAST
                VALUE   (LST)  VALUE       VALUE  FROM      YEAR
                                                  NORMAL
..................................................................
TEMPERATURE (F)
 TODAY
  MAXIMUM         84    225 PM  91    2005  76      8       87
  MINIMUM         66    651 AM  38    1983  56     10       61
  AVERAGE         75                        66      9       74

PRECIPITATION (IN)
  TODAY            0.00          1.96 1989   0.12  -0.12     0.00
  MONTH TO DATE    3.33                      2.52   0.81     0.94
  SINCE SEP 1      3.33                      2.52   0.81     0.94
  SINCE JAN 1     41.65                     36.07   5.58    41.93

SNOWFALL (IN)
  TODAY            0.0                       0.0    0.0      0.0
  MONTH TO DATE    0.0                       0.0    0.0      0.0
  SINCE SEP 1      0.0                       0.0    0.0      0.0
  SINCE JUL 1      0.0                       0.0    0.0      0.0
  SNOW DEPTH       0

DEGREE DAYS
 HEATING
  TODAY            0                         3     -3        0
  MONTH TO DATE   29                        21      8        0
  SINCE SEP 1     29                        21      8        0
  SINCE JUL 1     29                        23      6        0

 COOLING
  TODAY           10                         3      7        9
  MONTH TO DATE   79                       122    -43      208
  SINCE SEP 1     79                       122    -43      208
  SINCE JAN 1   1081                      1100    -19     1440
..................................................................

WIND (MPH)
  HIGHEST WIND SPEED     6   HIGHEST WIND DIRECTION     E (80)
  HIGHEST GUST SPEED     9   HIGHEST GUST DIRECTION     E (70)
  AVERAGE WIND SPEED     0.3

SKY COVER
  POSSIBLE SUNSHINE  MM
  AVERAGE SKY COVER 0.0

WEATHER CONDITIONS
 THE FOLLOWING WEATHER WAS RECORDED TODAY.
  FOG

RELATIVE HUMIDITY (PERCENT)
 HIGHEST    93           200 AM
 LOWEST     55          1200 PM
 AVERAGE    74

..........................................................

THE JACKSON KY CLIMATE NORMALS FOR TOMORROW
                         NORMAL    RECORD    YEAR
 MAXIMUM TEMPERATURE (F)   75        92      2010
 MINIMUM TEMPERATURE (F)   56        39      1995

SUNRISE AND SUNSET
SEPTEMBER 22 2017.....SUNRISE   721 AM EDT   SUNSET   730 PM EDT
SEPTEMBER 23 2017.....SUNRISE   722 AM EDT   SUNSET   728 PM EDT

-  INDICATES NEGATIVE NUMBERS.
R  INDICATES RECORD WAS SET OR TIED.
MM INDICATES DATA IS MISSING.
T  INDICATES TRACE AMOUNT.

$$

CARICO
