000
CDUS43 KJKL 132019
CLIJKL

CLIMATE REPORT
NATIONAL WEATHER SERVICE JACKSON KY
419 PM EDT SAT AUG 13 2016

...................................

...THE JACKSON KY CLIMATE SUMMARY FOR AUGUST 13 2016...
VALID TODAY AS OF 0400 PM LOCAL TIME.

CLIMATE NORMAL PERIOD 1981 TO 2010
CLIMATE RECORD PERIOD 1981 TO 2016

WEATHER ITEM   OBSERVED TIME   RECORD YEAR NORMAL DEPARTURE LAST
                VALUE   (LST)  VALUE       VALUE  FROM      YEAR
                                                  NORMAL
..................................................................
TEMPERATURE (F)
 TODAY
  MAXIMUM         88    153 PM  95    2005  85      3       80
                                      1999
  MINIMUM         74    540 AM  55    2004  65      9       59
  AVERAGE         81                        75      6       70

PRECIPITATION (IN)
  TODAY            0.00          2.24 1993   0.13  -0.13     0.00
  MONTH TO DATE    2.75                      1.77   0.98     2.88
  SINCE JUN 1     14.11                     11.12   2.99    19.17
  SINCE JAN 1     36.91                     31.63   5.28    43.64

SNOWFALL (IN)
  TODAY            0.0                       0.0    0.0      0.0
  MONTH TO DATE    0.0                       0.0    0.0      0.0
  SINCE JUN 1      0.0                       0.0    0.0      0.0
  SINCE JUL 1      0.0                       0.0    0.0      0.0
  SNOW DEPTH       0

DEGREE DAYS
 HEATING
  TODAY            0                         0      0        0
  MONTH TO DATE    0                         0      0        0
  SINCE JUN 1      1                        12    -11        9
  SINCE JUL 1      0                         0      0        0

 COOLING
  TODAY           16                        10      6        5
  MONTH TO DATE  184                       130     54      118
  SINCE JUN 1    871                       674    197      717
  SINCE JAN 1   1012                       810    202      921
..................................................................

WIND (MPH)
  HIGHEST WIND SPEED     9   HIGHEST WIND DIRECTION     S (170)
  HIGHEST GUST SPEED    19   HIGHEST GUST DIRECTION     S (200)
  AVERAGE WIND SPEED     2.7

SKY COVER
  POSSIBLE SUNSHINE  MM
  AVERAGE SKY COVER 0.2

WEATHER CONDITIONS
 THE FOLLOWING WEATHER WAS RECORDED TODAY.
  NO SIGNIFICANT WEATHER WAS OBSERVED.

RELATIVE HUMIDITY (PERCENT)
 HIGHEST    82           200 AM
 LOWEST     59           200 PM
 AVERAGE    71

..........................................................

THE JACKSON KY CLIMATE NORMALS FOR TOMORROW
                         NORMAL    RECORD    YEAR
 MAXIMUM TEMPERATURE (F)   84        97      1988
 MINIMUM TEMPERATURE (F)   65        53      2004

SUNRISE AND SUNSET
AUGUST 13 2016........SUNRISE   648 AM EDT   SUNSET   828 PM EDT
AUGUST 14 2016........SUNRISE   649 AM EDT   SUNSET   826 PM EDT

-  INDICATES NEGATIVE NUMBERS.
R  INDICATES RECORD WAS SET OR TIED.
MM INDICATES DATA IS MISSING.
T  INDICATES TRACE AMOUNT.

$$

CARICO
