000
CDUS43 KJKL 290532
CLIJKL

CLIMATE REPORT
NATIONAL WEATHER SERVICE JACKSON KY
132 AM EDT WED OCT 29 2014

...................................

...THE JACKSON KY CLIMATE SUMMARY FOR OCTOBER 28 2014...

CLIMATE NORMAL PERIOD 1981 TO 2010
CLIMATE RECORD PERIOD 1981 TO 2014

WEATHER ITEM   OBSERVED TIME   RECORD YEAR NORMAL DEPARTURE LAST
                VALUE   (LST)  VALUE       VALUE  FROM      YEAR
                                                  NORMAL
..................................................................
TEMPERATURE (F)
 YESTERDAY
  MAXIMUM         77    312 PM  78    1989  65     12       57
  MINIMUM         52   1159 PM  31    1997  45      7       51
  AVERAGE         65                        55     10       54

PRECIPITATION (IN)
  YESTERDAY        0.83          1.19 2002   0.12   0.71     0.10
  MONTH TO DATE    7.28                      2.86   4.42     1.63
  SINCE SEP 1      9.63                      6.32   3.31     2.90
  SINCE JAN 1     47.93                     39.87   8.06    46.12

SNOWFALL (IN)
  YESTERDAY        0.0                       0.0    0.0      0.0
  MONTH TO DATE    0.0                       0.1   -0.1      0.1
  SINCE SEP 1      0.0                       0.1   -0.1      0.1
  SINCE JUL 1      0.0                       0.1   -0.1      0.1
  SNOW DEPTH       0

DEGREE DAYS
 HEATING
  YESTERDAY        0                        11    -11       11
  MONTH TO DATE  210                       211     -1      230
  SINCE SEP 1    243                       261    -18      258
  SINCE JUL 1    246                       263    -17      260

 COOLING
  YESTERDAY        0                         0      0        0
  MONTH TO DATE   19                        30    -11       42
  SINCE SEP 1    164                       173     -9      173
  SINCE JAN 1   1165                      1151     14     1068
..................................................................

WIND (MPH)
  HIGHEST WIND SPEED    14   HIGHEST WIND DIRECTION    NW (310)
  HIGHEST GUST SPEED    22   HIGHEST GUST DIRECTION    NW (310)
  AVERAGE WIND SPEED     4.0

SKY COVER
  POSSIBLE SUNSHINE  MM
  AVERAGE SKY COVER 0.5

WEATHER CONDITIONS
 THE FOLLOWING WEATHER WAS RECORDED YESTERDAY.
  HEAVY RAIN
  RAIN
  LIGHT RAIN
  FOG

RELATIVE HUMIDITY (PERCENT)
 HIGHEST    93           800 PM
 LOWEST     46           300 PM
 AVERAGE    70
..........................................................

THE JACKSON KY CLIMATE NORMALS FOR TODAY
                         NORMAL    RECORD    YEAR
 MAXIMUM TEMPERATURE (F)   64        80      1991
 MINIMUM TEMPERATURE (F)   45        30      2008

SUNRISE AND SUNSET
OCTOBER 29 2014.......SUNRISE   755 AM EDT   SUNSET   638 PM EDT
OCTOBER 30 2014.......SUNRISE   756 AM EDT   SUNSET   637 PM EDT

-  INDICATES NEGATIVE NUMBERS.
R  INDICATES RECORD WAS SET OR TIED.
MM INDICATES DATA IS MISSING.
T  INDICATES TRACE AMOUNT.

$$
DMJ
