000
CDUS43 KJKL 220535
CLIJKL

CLIMATE REPORT
NATIONAL WEATHER SERVICE JACKSON KY
130 AM EDT SAT APR 22 2017

...................................

...THE JACKSON KY CLIMATE SUMMARY FOR APRIL 21 2017...

CLIMATE NORMAL PERIOD 1981 TO 2010
CLIMATE RECORD PERIOD 1981 TO 2017


WEATHER ITEM   OBSERVED TIME   RECORD YEAR NORMAL DEPARTURE LAST
                VALUE   (LST)  VALUE       VALUE  FROM      YEAR
                                                  NORMAL
..................................................................
TEMPERATURE (F)
 YESTERDAY
  MAXIMUM         73    505 PM  89    1985  70      3       78
  MINIMUM         55   1158 PM  34    1993  48      7       57
                                      1983
                                      1981
  AVERAGE         64                        59      5       68

PRECIPITATION (IN)
  YESTERDAY        0.13          0.77 2002   0.12   0.01     0.03
  MONTH TO DATE    2.80                      2.61   0.19     0.77
  SINCE MAR 1      7.22                      6.73   0.49     3.15
  SINCE JAN 1     14.79                     14.09   0.70    12.71

SNOWFALL (IN)
  YESTERDAY        0.0           T    1993   0.1   -0.1      0.0
  MONTH TO DATE    0.0                       1.0   -1.0      0.1
  SINCE MAR 1      0.2                       3.9   -3.7      2.9
  SINCE JUL 1      4.8                      23.5  -18.7     32.5
  SNOW DEPTH       0

DEGREE DAYS
 HEATING
  YESTERDAY        1                         8     -7        0
  MONTH TO DATE   82                       212   -130      205
  SINCE MAR 1    590                       765   -175      544
  SINCE JUL 1   3082                      4065   -983     3298

 COOLING
  YESTERDAY        0                         2     -2        3
  MONTH TO DATE   52                        23     29       27
  SINCE MAR 1     58                        30     28       35
  SINCE JAN 1     60                        30     30       35
..................................................................


WIND (MPH)
  HIGHEST WIND SPEED    10   HIGHEST WIND DIRECTION    NW (310)
  HIGHEST GUST SPEED    16   HIGHEST GUST DIRECTION    NW (330)
  AVERAGE WIND SPEED     2.3


SKY COVER
  POSSIBLE SUNSHINE  MM
  AVERAGE SKY COVER 0.8


WEATHER CONDITIONS
 THE FOLLOWING WEATHER WAS RECORDED YESTERDAY.
  HEAVY RAIN
  RAIN
  LIGHT RAIN
  FOG


RELATIVE HUMIDITY (PERCENT)
 HIGHEST    93          1100 PM
 LOWEST     61           400 PM
 AVERAGE    77

..........................................................


THE JACKSON KY CLIMATE NORMALS FOR TODAY
                         NORMAL    RECORD    YEAR
 MAXIMUM TEMPERATURE (F)   70        89      1985
 MINIMUM TEMPERATURE (F)   49        29      1986


SUNRISE AND SUNSET
APRIL 22 2017.........SUNRISE   649 AM EDT   SUNSET   815 PM EDT
APRIL 23 2017.........SUNRISE   647 AM EDT   SUNSET   816 PM EDT


-  INDICATES NEGATIVE NUMBERS.
R  INDICATES RECORD WAS SET OR TIED.
MM INDICATES DATA IS MISSING.
T  INDICATES TRACE AMOUNT.




$$
