000
CDUS43 KJKL 260555
CLIJKL

CLIMATE REPORT
NATIONAL WEATHER SERVICE JACKSON KY
1254 AM EST FRI DEC 26 2014

...................................

...THE JACKSON KY CLIMATE SUMMARY FOR DECEMBER 25 2014...

CLIMATE NORMAL PERIOD 1981 TO 2010
CLIMATE RECORD PERIOD 1981 TO 2014


WEATHER ITEM   OBSERVED TIME   RECORD YEAR NORMAL DEPARTURE LAST
                VALUE   (LST)  VALUE       VALUE  FROM      YEAR
                                                  NORMAL
..................................................................
TEMPERATURE (F)
 YESTERDAY
  MAXIMUM         44    348 PM  76    1982  44      0       40
  MINIMUM         36   1159 PM -12    1983  28      8       16
  AVERAGE         40                        36      4       28

PRECIPITATION (IN)
  YESTERDAY        T             1.93 1987   0.13  -0.13     0.00
  MONTH TO DATE    2.06                      3.43  -1.37     6.09
  SINCE DEC 1      2.06                      3.43  -1.37     6.09
  SINCE JAN 1     53.45                     47.59   5.86    55.72

SNOWFALL (IN)
  YESTERDAY        0.0                       0.2   -0.2      0.0
  MONTH TO DATE    T                         3.6   -3.6      1.3
  SINCE DEC 1      T                         3.6   -3.6      1.3
  SINCE JUL 1      1.2                       4.2   -3.0      4.2
  SNOW DEPTH       0

DEGREE DAYS
 HEATING
  YESTERDAY       25                        29     -4       37
  MONTH TO DATE  597                       658    -61      591
  SINCE DEC 1    597                       658    -61      591
  SINCE JUL 1   1587                      1458    129     1478

 COOLING
  YESTERDAY        0                         0      0        0
  MONTH TO DATE    0                         0      0        0
  SINCE DEC 1      0                         0      0        0
  SINCE JAN 1   1165                      1154     11     1069
..................................................................

WIND (MPH)
  HIGHEST WIND SPEED    13   HIGHEST WIND DIRECTION    SW (240)
  HIGHEST GUST SPEED    22   HIGHEST GUST DIRECTION    SW (240)
  AVERAGE WIND SPEED     3.9

SKY COVER
  POSSIBLE SUNSHINE  MM
  AVERAGE SKY COVER 0.7

WEATHER CONDITIONS
 THE FOLLOWING WEATHER WAS RECORDED YESTERDAY.
  LIGHT RAIN

RELATIVE HUMIDITY (PERCENT)
 HIGHEST    85           100 AM
 LOWEST     62           200 PM
 AVERAGE    74

..........................................................

THE JACKSON KY CLIMATE NORMALS FOR TODAY
                         NORMAL    RECORD    YEAR
 MAXIMUM TEMPERATURE (F)   44        61      2008
                                             1982
 MINIMUM TEMPERATURE (F)   28         0      1983

SUNRISE AND SUNSET
DECEMBER 26 2014......SUNRISE   747 AM EST   SUNSET   521 PM EST
DECEMBER 27 2014......SUNRISE   747 AM EST   SUNSET   522 PM EST


-  INDICATES NEGATIVE NUMBERS.
R  INDICATES RECORD WAS SET OR TIED.
MM INDICATES DATA IS MISSING.
T  INDICATES TRACE AMOUNT.

$$
