000
CDUS43 KJKL 220529
CLIJKL

CLIMATE REPORT
NATIONAL WEATHER SERVICE JACKSON KY
129 AM EDT TUE APR 22 2014


...................................

...THE JACKSON KY CLIMATE SUMMARY FOR APRIL 21 2014...

CLIMATE NORMAL PERIOD 1981 TO 2010
CLIMATE RECORD PERIOD 1981 TO 2014


WEATHER ITEM   OBSERVED TIME   RECORD YEAR NORMAL DEPARTURE LAST
                VALUE   (LST)  VALUE       VALUE  FROM      YEAR
                                                  NORMAL
..................................................................
TEMPERATURE (F)
 YESTERDAY
  MAXIMUM         80    310 PM  89    1985  70     10       63
  MINIMUM         54    550 AM  34    1993  48      6       35
                                      1983
                                      1981
  AVERAGE         67                        59      8       49

PRECIPITATION (IN)
  YESTERDAY        0.00          0.77 2002   0.12  -0.12     0.00
  MONTH TO DATE    2.43                      2.61  -0.18     2.43
  SINCE MAR 1      7.94                      6.73   1.21     7.06
  SINCE JAN 1     15.56                     14.09   1.47    14.70

SNOWFALL (IN)
  YESTERDAY        0.0                       0.1   -0.1      0.0
  MONTH TO DATE    1.0                       1.0    0.0      0.0
  SINCE MAR 1     11.9                       3.9    8.0     10.7
  SINCE JUL 1     38.9                      23.5   15.4     20.0
  SNOW DEPTH       0

DEGREE DAYS
 HEATING
  YESTERDAY        0                         8     -8       16
  MONTH TO DATE  128                       212    -84      184
  SINCE MAR 1    795                       765     30      969
  SINCE JUL 1   4396                      4065    331     4195

COOLING
  YESTERDAY        2                         2      0        0
  MONTH TO DATE   28                        23      5       39
  SINCE MAR 1     28                        30     -2       39
  SINCE JAN 1     28                        30     -2       39
..................................................................


WIND (MPH)
  HIGHEST WIND SPEED    12   HIGHEST WIND DIRECTION     W (280)
  HIGHEST GUST SPEED    18   HIGHEST GUST DIRECTION    NW (310)
  AVERAGE WIND SPEED     3.7


SKY COVER
  POSSIBLE SUNSHINE  MM
  AVERAGE SKY COVER 0.0


WEATHER CONDITIONS
 THE FOLLOWING WEATHER WAS RECORDED YESTERDAY.
  NO SIGNIFICANT WEATHER WAS OBSERVED.


RELATIVE HUMIDITY (PERCENT)
 HIGHEST    47           400 AM
 LOWEST     24          1200 AM
 AVERAGE    36

..........................................................


THE JACKSON KY CLIMATE NORMALS FOR TODAY
                         NORMAL    RECORD    YEAR
 MAXIMUM TEMPERATURE (F)   70        89      1985
 MINIMUM TEMPERATURE (F)   49        29      1986


SUNRISE AND SUNSET
APRIL 22 2014.........SUNRISE   649 AM EDT   SUNSET   815 PM EDT
APRIL 23 2014.........SUNRISE   648 AM EDT   SUNSET   816 PM EDT


-  INDICATES NEGATIVE NUMBERS.
R  INDICATES RECORD WAS SET OR TIED.
MM INDICATES DATA IS MISSING.
T  INDICATES TRACE AMOUNT.

$$
