624
CDUS43 KJKL 222022
CLIJKL

CLIMATE REPORT
NATIONAL WEATHER SERVICE JACKSON KY
422 PM EDT SAT JUL 22 2017

...................................

...THE JACKSON KY CLIMATE SUMMARY FOR JULY 22 2017...
VALID TODAY AS OF 0400 PM LOCAL TIME.

CLIMATE NORMAL PERIOD 1981 TO 2010
CLIMATE RECORD PERIOD 1981 TO 2017

WEATHER ITEM   OBSERVED TIME   RECORD YEAR NORMAL DEPARTURE LAST
                VALUE   (LST)  VALUE       VALUE  FROM      YEAR
                                                  NORMAL
..................................................................
TEMPERATURE (F)
 TODAY
  MAXIMUM         92   1225 PM  93    1995  85      7       90
                                      1991
  MINIMUM         74    450 AM  58    2007  66      8       69
  AVERAGE         83                        75      8       80

PRECIPITATION (IN)
  TODAY            0.01          1.41 1997   0.16  -0.15     0.01
  MONTH TO DATE    1.76                      3.28  -1.52     4.31
  SINCE JUN 1      7.97                      7.98  -0.01     9.32
  SINCE JAN 1     31.39                     28.49   2.90    32.12

SNOWFALL (IN)
  TODAY            0.0                       0.0    0.0      0.0
  MONTH TO DATE    0.0                       0.0    0.0      0.0
  SINCE JUN 1      0.0                       0.0    0.0      0.0
  SINCE JUL 1      0.0                       0.0    0.0      0.0
  SNOW DEPTH       0

DEGREE DAYS
 HEATING
  TODAY            0                         0      0        0
  MONTH TO DATE    0                         0      0        0
  SINCE JUN 1      4                        12     -8        1
  SINCE JUL 1      0                         0      0        0

 COOLING
  TODAY           18                        10      8       15
  MONTH TO DATE  270                       226     44      261
  SINCE JUN 1    476                       449     27      557
  SINCE JAN 1    675                       585     90      698
..................................................................

WIND (MPH)
  HIGHEST WIND SPEED     8   HIGHEST WIND DIRECTION     W (270)
  HIGHEST GUST SPEED    15   HIGHEST GUST DIRECTION     W (260)
  AVERAGE WIND SPEED     1.5

SKY COVER
  POSSIBLE SUNSHINE  MM
  AVERAGE SKY COVER 0.1

WEATHER CONDITIONS
 THE FOLLOWING WEATHER WAS RECORDED TODAY.
  THUNDERSTORM
  HAZE

RELATIVE HUMIDITY (PERCENT)
 HIGHEST    87           200 AM
 LOWEST     56          1200 PM
 AVERAGE    72

..........................................................

THE JACKSON KY CLIMATE NORMALS FOR TOMORROW
                         NORMAL    RECORD    YEAR
 MAXIMUM TEMPERATURE (F)   85        93      1983
 MINIMUM TEMPERATURE (F)   66        61      2007
                                             2003
                                             1981

SUNRISE AND SUNSET
JULY 22 2017..........SUNRISE   629 AM EDT   SUNSET   850 PM EDT
JULY 23 2017..........SUNRISE   630 AM EDT   SUNSET   849 PM EDT

-  INDICATES NEGATIVE NUMBERS.
R  INDICATES RECORD WAS SET OR TIED.
MM INDICATES DATA IS MISSING.
T  INDICATES TRACE AMOUNT.

$$

CARICO
