000
CDUS43 KJKL 160535
CLIJKL

CLIMATE REPORT
NATIONAL WEATHER SERVICE JACKSON KY
134 AM EDT TUE SEP 16 2014

...................................

...THE JACKSON KY CLIMATE SUMMARY FOR SEPTEMBER 15 2014...

CLIMATE NORMAL PERIOD 1981 TO 2010
CLIMATE RECORD PERIOD 1981 TO 2014

WEATHER ITEM   OBSERVED TIME   RECORD YEAR NORMAL DEPARTURE LAST
                VALUE   (LST)  VALUE       VALUE  FROM      YEAR
                                                  NORMAL
..................................................................
TEMPERATURE (F)
 YESTERDAY
  MAXIMUM         75    301 PM  94    1991  78     -3       78
  MINIMUM         55    640 AM  46    1985  59     -4       50
  AVERAGE         65                        68     -3       64

PRECIPITATION (IN)
  YESTERDAY        0.08          2.23 1993   0.12  -0.04     0.00
  MONTH TO DATE    2.30                      1.68   0.62     0.43
  SINCE SEP 1      2.30                      1.68   0.62     0.43
  SINCE JAN 1     40.60                     35.23   5.37    43.65

SNOWFALL (IN)
  YESTERDAY        0.0                       0.0    0.0      0.0
  MONTH TO DATE    0.0                       0.0    0.0      0.0
  SINCE SEP 1      0.0                       0.0    0.0      0.0
  SINCE JUL 1      0.0                       0.0    0.0      0.0
  SNOW DEPTH       0

DEGREE DAYS
 HEATING
  YESTERDAY        0                         1     -1        1
  MONTH TO DATE   12                         7      5       13
  SINCE SEP 1     12                         7      5       13
  SINCE JUL 1     15                         9      6       15

 COOLING
  YESTERDAY        0                         5     -5        0
  MONTH TO DATE  107                        95     12      108
  SINCE SEP 1    107                        95     12      108
  SINCE JAN 1   1108                      1073     35     1003
..................................................................

WIND (MPH)
  HIGHEST WIND SPEED    10   HIGHEST WIND DIRECTION    NW (300)
  HIGHEST GUST SPEED    16   HIGHEST GUST DIRECTION    NW (310)
  AVERAGE WIND SPEED     1.5

SKY COVER
  POSSIBLE SUNSHINE  MM
  AVERAGE SKY COVER 0.2

WEATHER CONDITIONS
 THE FOLLOWING WEATHER WAS RECORDED YESTERDAY.
  LIGHT RAIN
  FOG

RELATIVE HUMIDITY (PERCENT)
 HIGHEST    93           600 AM
 LOWEST     53           200 PM
 AVERAGE    73
..........................................................

THE JACKSON KY CLIMATE NORMALS FOR TODAY
                         NORMAL    RECORD    YEAR
 MAXIMUM TEMPERATURE (F)   78        92      1991
 MINIMUM TEMPERATURE (F)   58        45      2000
                                             1984

SUNRISE AND SUNSET
SEPTEMBER 16 2014.....SUNRISE   716 AM EDT   SUNSET   740 PM EDT
SEPTEMBER 17 2014.....SUNRISE   717 AM EDT   SUNSET   738 PM EDT

-  INDICATES NEGATIVE NUMBERS.
R  INDICATES RECORD WAS SET OR TIED.
MM INDICATES DATA IS MISSING.
T  INDICATES TRACE AMOUNT.

$$

GEOGERIAN
