000
CDUS43 KJKL 260538
CLIJKL

CLIMATE REPORT
NATIONAL WEATHER SERVICE JACKSON KY
137 AM EDT FRI MAY 26 2017

...................................

...THE JACKSON KY CLIMATE SUMMARY FOR MAY 25 2017...

CLIMATE NORMAL PERIOD 1981 TO 2010
CLIMATE RECORD PERIOD 1981 TO 2017


WEATHER ITEM   OBSERVED TIME   RECORD YEAR NORMAL DEPARTURE LAST
                VALUE   (LST)  VALUE       VALUE  FROM      YEAR
                                                  NORMAL
..................................................................
TEMPERATURE (F)
 YESTERDAY
  MAXIMUM         58   1159 PM  88    1991  76    -18       83
  MINIMUM         53   1021 AM  42    2013  57     -4       60
  AVERAGE         56                        67    -11       72

PRECIPITATION (IN)
  YESTERDAY        0.77          1.00 2006   0.17   0.60     0.00
  MONTH TO DATE    5.82                      4.15   1.67     6.40
  SINCE MAR 1     14.26                     12.10   2.16    12.60
  SINCE JAN 1     21.83                     19.46   2.37    22.16

SNOWFALL (IN)
  YESTERDAY        0.0                       0.0    0.0      0.0
  MONTH TO DATE    0.0                       0.0    0.0      0.0
  SINCE MAR 1      0.2                       3.9   -3.7      2.9
  SINCE JUL 1      4.8                      23.5  -18.7     32.5
  SNOW DEPTH       0

DEGREE DAYS
 HEATING
  YESTERDAY        9                         2      7        0
  MONTH TO DATE   88                        90     -2      137
  SINCE MAR 1    717                       911   -194      700
  SINCE JUL 1   3209                      4211  -1002     3454

 COOLING
  YESTERDAY        0                         4     -4        7
  MONTH TO DATE   73                        67      6       31
  SINCE MAR 1    169                       113     56       85
  SINCE JAN 1    171                       113     58       85
..................................................................


WIND (MPH)
  HIGHEST WIND SPEED    12   HIGHEST WIND DIRECTION     W (260)
  HIGHEST GUST SPEED    22   HIGHEST GUST DIRECTION    SW (240)
  AVERAGE WIND SPEED     2.9


SKY COVER
  POSSIBLE SUNSHINE  MM
  AVERAGE SKY COVER 1.0


WEATHER CONDITIONS
 THE FOLLOWING WEATHER WAS RECORDED YESTERDAY.
  RAIN
  LIGHT RAIN
  FOG


RELATIVE HUMIDITY (PERCENT)
 HIGHEST   100          1000 AM
 LOWEST     80          1200 AM
 AVERAGE    90

..........................................................


THE JACKSON KY CLIMATE NORMALS FOR TODAY
                         NORMAL    RECORD    YEAR
 MAXIMUM TEMPERATURE (F)   77        89      2012
                                             1991
 MINIMUM TEMPERATURE (F)   57        44      1988


SUNRISE AND SUNSET
MAY 26 2017...........SUNRISE   616 AM EDT   SUNSET   845 PM EDT
MAY 27 2017...........SUNRISE   616 AM EDT   SUNSET   846 PM EDT


-  INDICATES NEGATIVE NUMBERS.
R  INDICATES RECORD WAS SET OR TIED.
MM INDICATES DATA IS MISSING.
T  INDICATES TRACE AMOUNT.




$$
