000
CDUS43 KJKL 160531
CLIJKL

CLIMATE REPORT
NATIONAL WEATHER SERVICE JACKSON KY
1230 AM EST THU NOV 16 2017

...................................

...THE JACKSON KY CLIMATE SUMMARY FOR NOVEMBER 15 2017...

CLIMATE NORMAL PERIOD 1981 TO 2010
CLIMATE RECORD PERIOD 1981 TO 2017

WEATHER ITEM   OBSERVED TIME   RECORD YEAR NORMAL DEPARTURE LAST
                VALUE   (LST)  VALUE       VALUE  FROM      YEAR
                                                  NORMAL
..................................................................
TEMPERATURE (F)
 YESTERDAY
  MAXIMUM         61    216 PM  75    2005  58      3       64
  MINIMUM         33    709 AM  16    2014  40     -7       37
  AVERAGE         47                        49     -2       51

PRECIPITATION (IN)
  YESTERDAY        0.10          1.54 1989   0.13  -0.03     0.00
  MONTH TO DATE    0.63                      1.86  -1.23     0.14
  SINCE SEP 1      9.25                      8.51   0.74     2.97
  SINCE JAN 1     47.57                     42.06   5.51    43.96

SNOWFALL (IN)
  YESTERDAY        0.0           0.8  1986   0.0    0.0      0.0
  MONTH TO DATE    0.0                       0.1   -0.1      0.0
  SINCE SEP 1      T                         0.2   -0.2      0.0
  SINCE JUL 1      T                         0.2   -0.2      0.0
  SNOW DEPTH       0

DEGREE DAYS
 HEATING
  YESTERDAY       18                        16      2       14
  MONTH TO DATE  209                       210     -1      162
  SINCE SEP 1    443                       505    -62      284
  SINCE JUL 1    443                       507    -64      284

 COOLING
  YESTERDAY        0                         0      0        0
  MONTH TO DATE    5                         0      5       20
  SINCE SEP 1    198                       172     26      346
  SINCE JAN 1   1200                      1150     50     1578
..................................................................

WIND (MPH)
  HIGHEST WIND SPEED    10   HIGHEST WIND DIRECTION    SW (230)
  HIGHEST GUST SPEED    17   HIGHEST GUST DIRECTION     W (280)
  AVERAGE WIND SPEED     4.3

SKY COVER
  POSSIBLE SUNSHINE  MM
  AVERAGE SKY COVER 0.4

WEATHER CONDITIONS
 THE FOLLOWING WEATHER WAS RECORDED YESTERDAY.
  LIGHT RAIN
  FOG

RELATIVE HUMIDITY (PERCENT)
 HIGHEST    93           700 PM
 LOWEST     47           300 PM
 AVERAGE    70
..........................................................

THE JACKSON KY CLIMATE NORMALS FOR TODAY
                         NORMAL    RECORD    YEAR
 MAXIMUM TEMPERATURE (F)   57        75      1987
 MINIMUM TEMPERATURE (F)   39        22      1992

SUNRISE AND SUNSET
NOVEMBER 16 2017......SUNRISE   714 AM EST   SUNSET   521 PM EST
NOVEMBER 17 2017......SUNRISE   715 AM EST   SUNSET   521 PM EST

-  INDICATES NEGATIVE NUMBERS.
R  INDICATES RECORD WAS SET OR TIED.
MM INDICATES DATA IS MISSING.
T  INDICATES TRACE AMOUNT.

$$

GREIF
