000
CDUS43 KJKL 260545
CLIJKL

CLIMATE REPORT
NATIONAL WEATHER SERVICE JACKSON KY
1244 AM EST WED NOV 26 2014

...................................

...THE JACKSON KY CLIMATE SUMMARY FOR NOVEMBER 25 2014...

CLIMATE NORMAL PERIOD 1981 TO 2010
CLIMATE RECORD PERIOD 1981 TO 2014


WEATHER ITEM   OBSERVED TIME   RECORD YEAR NORMAL DEPARTURE LAST
                VALUE   (LST)  VALUE       VALUE  FROM      YEAR
                                                  NORMAL
..................................................................
TEMPERATURE (F)
 YESTERDAY
  MAXIMUM         56    208 PM  73    2010  53      3       44
                                      1990
  MINIMUM         38   1154 PM  15    2005  36      2       20
  AVERAGE         47                        45      2       32

PRECIPITATION (IN)
  YESTERDAY        0.00          0.87 1999   0.13  -0.13     0.09
  MONTH TO DATE    2.95                      3.25  -0.30     1.96
  SINCE SEP 1     13.07                      9.90   3.17     5.36
  SINCE JAN 1     51.37                     43.45   7.92    48.58

SNOWFALL (IN)
  YESTERDAY        0.0                       0.0    0.0      0.2
  MONTH TO DATE    1.0                       0.3    0.7      1.1
  SINCE SEP 1      1.0                       0.4    0.6      1.2
  SINCE JUL 1      1.0                       0.4    0.6      1.2
  SNOW DEPTH       0

DEGREE DAYS
 HEATING
  YESTERDAY       18                        20     -2       33
  MONTH TO DATE  574                       396    178      456
  SINCE SEP 1    870                       691    179      724
  SINCE JUL 1    873                       693    180      726

 COOLING
  YESTERDAY        0                         0      0        0
  MONTH TO DATE    0                         0      0        0
  SINCE SEP 1    164                       172     -8      174
  SINCE JAN 1   1165                      1150     15     1069
..................................................................


WIND (MPH)
  HIGHEST WIND SPEED    10   HIGHEST WIND DIRECTION    SW (240)
  HIGHEST GUST SPEED    19   HIGHEST GUST DIRECTION     W (250)
  AVERAGE WIND SPEED     4.1


SKY COVER
  POSSIBLE SUNSHINE  MM
  AVERAGE SKY COVER 0.0


WEATHER CONDITIONS
 THE FOLLOWING WEATHER WAS RECORDED YESTERDAY.
  NO SIGNIFICANT WEATHER WAS OBSERVED.


RELATIVE HUMIDITY (PERCENT)
 HIGHEST    65           300 AM
 LOWEST     32           200 PM
 AVERAGE    49

..........................................................


THE JACKSON KY CLIMATE NORMALS FOR TODAY
                         NORMAL    RECORD    YEAR
 MAXIMUM TEMPERATURE (F)   53        74      1990
 MINIMUM TEMPERATURE (F)   36        17      1991


SUNRISE AND SUNSET
NOVEMBER 26 2014......SUNRISE   724 AM EST   SUNSET   516 PM EST
NOVEMBER 27 2014......SUNRISE   725 AM EST   SUNSET   516 PM EST


-  INDICATES NEGATIVE NUMBERS.
R  INDICATES RECORD WAS SET OR TIED.
MM INDICATES DATA IS MISSING.
T  INDICATES TRACE AMOUNT.




$$
