000
CDUS43 KJKL 162025
CLIJKL

CLIMATE REPORT
NATIONAL WEATHER SERVICE JACKSON KY
425 PM EDT WED APR 16 2014

...................................

...THE JACKSON KY CLIMATE SUMMARY FOR APRIL 16 2014...
VALID TODAY AS OF 0400 PM LOCAL TIME.

CLIMATE NORMAL PERIOD 1981 TO 2010
CLIMATE RECORD PERIOD 1981 TO 2014

WEATHER ITEM   OBSERVED TIME   RECORD YEAR NORMAL DEPARTURE LAST
                VALUE   (LST)  VALUE       VALUE  FROM      YEAR
                                                  NORMAL
..................................................................
TEMPERATURE (F)
 TODAY
  MAXIMUM         52    259 PM  87    2002  68    -16       85
  MINIMUM         27R   617 AM  32    1983  47    -20       60
  AVERAGE         40                        58    -18       73

PRECIPITATION (IN)
  TODAY            0.00          2.10 1998   0.12  -0.12     0.18
  MONTH TO DATE    2.43                      1.99   0.44     0.93
  SINCE MAR 1      7.94                      6.11   1.83     5.56
  SINCE JAN 1     15.56                     13.47   2.09    13.20

SNOWFALL (IN)
  TODAY            0.0                       0.1   -0.1      0.0
  MONTH TO DATE    1.0                       0.9    0.1      0.0
  SINCE MAR 1     11.9                       3.8    8.1     10.7
  SINCE JUL 1     38.9                      23.4   15.5     20.0
  SNOW DEPTH       0

DEGREE DAYS
 HEATING
  TODAY           25                         9     16        0
  MONTH TO DATE  116                       172    -56      139
  SINCE MAR 1    783                       725     58      924
  SINCE JUL 1   4384                      4025    359     4150

 COOLING
  TODAY            0                         1     -1        8
  MONTH TO DATE   25                        16      9       30
  SINCE MAR 1     25                        23      2       30
  SINCE JAN 1     25                        23      2       30
..................................................................

WIND (MPH)
  HIGHEST WIND SPEED    10   HIGHEST WIND DIRECTION     S (160)
  HIGHEST GUST SPEED    17   HIGHEST GUST DIRECTION     E (100)
  AVERAGE WIND SPEED     3.6

SKY COVER
  POSSIBLE SUNSHINE  MM
  AVERAGE SKY COVER 0.0

WEATHER CONDITIONS
 THE FOLLOWING WEATHER WAS RECORDED TODAY.
  HAZE

RELATIVE HUMIDITY (PERCENT)
 HIGHEST    75           400 AM
 LOWEST     26           300 PM
 AVERAGE    51

..........................................................

THE JACKSON KY CLIMATE NORMALS FOR TOMORROW
                         NORMAL    RECORD    YEAR
 MAXIMUM TEMPERATURE (F)   69        86      2002
 MINIMUM TEMPERATURE (F)   47        28      2001

SUNRISE AND SUNSET
APRIL 16 2014.........SUNRISE   657 AM EDT   SUNSET   810 PM EDT
APRIL 17 2014.........SUNRISE   656 AM EDT   SUNSET   811 PM EDT

-  INDICATES NEGATIVE NUMBERS.
R  INDICATES RECORD WAS SET OR TIED.
MM INDICATES DATA IS MISSING.
T  INDICATES TRACE AMOUNT.

$$

CARICO
