000
CDUS43 KJKL 270944
CLIJKL

CLIMATE REPORT
NATIONAL WEATHER SERVICE JACKSON KY
544 AM EDT MON JUL 27 2015

...................................

...THE JACKSON KY CLIMATE SUMMARY FOR JULY 26 2015...

CLIMATE NORMAL PERIOD 1981 TO 2010
CLIMATE RECORD PERIOD 1981 TO 2015


WEATHER ITEM   OBSERVED TIME   RECORD YEAR NORMAL DEPARTURE LAST
                VALUE   (LST)  VALUE       VALUE  FROM      YEAR
                                                  NORMAL
..................................................................

TEMPERATURE (F)
 YESTERDAY
  MAXIMUM         87    502 PM  97    1993  85      2       82
  MINIMUM         66    545 AM  59    2013  66      0       61
  AVERAGE         77                        75      2       72

PRECIPITATION (IN)
  YESTERDAY        0.00          1.78 1993   0.15  -0.15     0.00
  MONTH TO DATE    8.82                      3.90   4.92     4.40
  SINCE JUN 1     16.24                      8.60   7.64     7.52
  SINCE JAN 1     40.71                     29.11  11.60    28.38

SNOWFALL (IN)
  YESTERDAY        0.0                       0.0    0.0      0.0
  MONTH TO DATE    0.0                       0.0    0.0      0.0
  SINCE JUN 1      0.0                       0.0    0.0      0.0
  SINCE JUL 1      0.0                       0.0    0.0      0.0
  SNOW DEPTH       0

DEGREE DAYS
 HEATING
  YESTERDAY        0                         0      0        0
  MONTH TO DATE    0                         0      0        1
  SINCE JUN 1      9                        12     -3        1
  SINCE JUL 1      0                         0      0        1

 COOLING
  YESTERDAY       12                        10      2        7
  MONTH TO DATE  259                       266     -7      232
  SINCE JUN 1    533                       489     44      519
  SINCE JAN 1    737                       625    112      710
..................................................................

WIND (MPH)
  HIGHEST WIND SPEED     8   HIGHEST WIND DIRECTION    NW (300)
  HIGHEST GUST SPEED    10   HIGHEST GUST DIRECTION    NW (310)
  AVERAGE WIND SPEED     0.5


SKY COVER
  POSSIBLE SUNSHINE  MM
  AVERAGE SKY COVER 0.0


WEATHER CONDITIONS
 THE FOLLOWING WEATHER WAS RECORDED YESTERDAY.
  FOG


RELATIVE HUMIDITY (PERCENT)
 HIGHEST    93           500 AM
 LOWEST     55          1100 AM
 AVERAGE    74
..........................................................

THE JACKSON KY CLIMATE NORMALS FOR TODAY
                         NORMAL    RECORD    YEAR
 MAXIMUM TEMPERATURE (F)   85        91      2005
                                             1997
                                             1995
                                             1993
                                             1982
                                             1981
 MINIMUM TEMPERATURE (F)   66        62      1996
                                             1994
                                             1984


SUNRISE AND SUNSET
JULY 27 2015..........SUNRISE   633 AM EDT   SUNSET   846 PM EDT
JULY 28 2015..........SUNRISE   634 AM EDT   SUNSET   845 PM EDT


-  INDICATES NEGATIVE NUMBERS.
R  INDICATES RECORD WAS SET OR TIED.
MM INDICATES DATA IS MISSING.
T  INDICATES TRACE AMOUNT.
$$
