000
CDUS43 KJKL 120534
CLIJKL

CLIMATE REPORT
NATIONAL WEATHER SERVICE JACKSON KY
133 AM EDT SAT APR 12 2014

...................................

...THE JACKSON KY CLIMATE SUMMARY FOR APRIL 11 2014...

CLIMATE NORMAL PERIOD 1981 TO 2010
CLIMATE RECORD PERIOD 1981 TO 2014


WEATHER ITEM   OBSERVED TIME   RECORD YEAR NORMAL DEPARTURE LAST
                VALUE   (LST)  VALUE       VALUE  FROM      YEAR
                                                  NORMAL
..................................................................
TEMPERATURE (F)
 YESTERDAY
  MAXIMUM         75    219 PM  85    2011  67      8       82
                                      2001
  MINIMUM         59    605 AM  27    1989  45     14       55
  AVERAGE         67                        56     11       69

PRECIPITATION (IN)
  YESTERDAY        0.01          0.88 2008   0.13  -0.12     0.42
  MONTH TO DATE    2.15                      1.38   0.77     0.61
  SINCE MAR 1      7.66                      5.50   2.16     5.24
  SINCE JAN 1     15.28                     12.86   2.42    12.88

SNOWFALL (IN)
  YESTERDAY        0.0                       0.0    0.0      0.0
  MONTH TO DATE    0.0                       0.6   -0.6      0.0
  SINCE MAR 1     10.9                       3.5    7.4     10.7
  SINCE JUL 1     37.9                      23.1   14.8     20.0
  SNOW DEPTH       0

DEGREE DAYS
 HEATING
  YESTERDAY        0                        10    -10        0
  MONTH TO DATE   73                       126    -53      110
  SINCE MAR 1    740                       679     61      895
  SINCE JUL 1   4341                      3979    362     4121

 COOLING
  YESTERDAY        2                         1      1        4
  MONTH TO DATE    8                        11     -3       22
  SINCE MAR 1      8                        18    -10       22
  SINCE JAN 1      8                        18    -10       22
..................................................................


WIND (MPH)
  HIGHEST WIND SPEED    17   HIGHEST WIND DIRECTION    SW (240)
  HIGHEST GUST SPEED    29   HIGHEST GUST DIRECTION     W (260)
  AVERAGE WIND SPEED     5.8


SKY COVER
  POSSIBLE SUNSHINE  MM
  AVERAGE SKY COVER 0.6


WEATHER CONDITIONS
 THE FOLLOWING WEATHER WAS RECORDED YESTERDAY.
  THUNDERSTORM


RELATIVE HUMIDITY (PERCENT)
 HIGHEST    56          1100 PM
 LOWEST     31          1200 AM
 AVERAGE    44

..........................................................


THE JACKSON KY CLIMATE NORMALS FOR TODAY
                         NORMAL    RECORD    YEAR
 MAXIMUM TEMPERATURE (F)   67        82      1996
 MINIMUM TEMPERATURE (F)   46        30      2012


SUNRISE AND SUNSET
APRIL 12 2014.........SUNRISE   703 AM EDT   SUNSET   806 PM EDT
APRIL 13 2014.........SUNRISE   701 AM EDT   SUNSET   807 PM EDT


-  INDICATES NEGATIVE NUMBERS.
R  INDICATES RECORD WAS SET OR TIED.
MM INDICATES DATA IS MISSING.
T  INDICATES TRACE AMOUNT.




$$
