000
CDUS43 KJKL 290520
CLIJKL

CLIMATE REPORT
NATIONAL WEATHER SERVICE JACKSON KY
119 AM EDT MON SEP 29 2014

...................................

...THE JACKSON KY CLIMATE SUMMARY FOR SEPTEMBER 28 2014...

CLIMATE NORMAL PERIOD 1981 TO 2010
CLIMATE RECORD PERIOD 1981 TO 2014


WEATHER ITEM   OBSERVED TIME   RECORD YEAR NORMAL DEPARTURE LAST
                VALUE   (LST)  VALUE       VALUE  FROM      YEAR
                                                  NORMAL
..................................................................
TEMPERATURE (F)
 YESTERDAY
  MAXIMUM         73    212 PM  87    1986  74     -1       80
  MINIMUM         61    700 AM  41    1985  54      7       54
  AVERAGE         67                        64      3       67

PRECIPITATION (IN)
  YESTERDAY        T             1.06 1996   0.12  -0.12     0.00
  MONTH TO DATE    2.35                      3.23  -0.88     1.27
  SINCE SEP 1      2.35                      3.23  -0.88     1.27
  SINCE JAN 1     40.65                     36.78   3.87    44.49

SNOWFALL (IN)
  YESTERDAY        0.0                       0.0    0.0      0.0
  MONTH TO DATE    0.0                       0.0    0.0      0.0
  SINCE SEP 1      0.0                       0.0    0.0      0.0
  SINCE JUL 1      0.0                       0.0    0.0      0.0
  SNOW DEPTH       0

DEGREE DAYS
 HEATING
  YESTERDAY        0                         4     -4        0
  MONTH TO DATE   33                        41     -8       28
  SINCE SEP 1     33                        41     -8       28
  SINCE JUL 1     36                        43     -7       30

 COOLING
  YESTERDAY        2                         3     -1        2
  MONTH TO DATE  135                       140     -5      128
  SINCE SEP 1    135                       140     -5      128
  SINCE JAN 1   1136                      1118     18     1023
..................................................................


WIND (MPH)
  HIGHEST WIND SPEED     5   HIGHEST WIND DIRECTION     S (160)
  HIGHEST GUST SPEED     8   HIGHEST GUST DIRECTION    SW (210)
  AVERAGE WIND SPEED     0.4


SKY COVER
  POSSIBLE SUNSHINE  MM
  AVERAGE SKY COVER 0.1


WEATHER CONDITIONS
 THE FOLLOWING WEATHER WAS RECORDED YESTERDAY.
  LIGHT RAIN


RELATIVE HUMIDITY (PERCENT)
 HIGHEST    97           400 AM
 LOWEST     73           200 PM
 AVERAGE    85

..........................................................


THE JACKSON KY CLIMATE NORMALS FOR TODAY
                         NORMAL    RECORD    YEAR
 MAXIMUM TEMPERATURE (F)   73        87      1986
 MINIMUM TEMPERATURE (F)   53        41      1984


SUNRISE AND SUNSET
SEPTEMBER 29 2014.....SUNRISE   727 AM EDT   SUNSET   719 PM EDT
SEPTEMBER 30 2014.....SUNRISE   728 AM EDT   SUNSET   718 PM EDT


-  INDICATES NEGATIVE NUMBERS.
R  INDICATES RECORD WAS SET OR TIED.
MM INDICATES DATA IS MISSING.
T  INDICATES TRACE AMOUNT.




$$
