000
CDUS43 KJKL 220926
CLIJKL

CLIMATE REPORT
NATIONAL WEATHER SERVICE JACKSON KY
526 AM EDT WED OCT 22 2014

...................................

...THE JACKSON KY CLIMATE SUMMARY FOR OCTOBER 21 2014...

CLIMATE NORMAL PERIOD 1981 TO 2010
CLIMATE RECORD PERIOD 1981 TO 2014


WEATHER ITEM   OBSERVED TIME   RECORD YEAR NORMAL DEPARTURE LAST
                VALUE   (LST)  VALUE       VALUE  FROM      YEAR
                                                  NORMAL
..................................................................

TEMPERATURE (F)
 YESTERDAY
  MAXIMUM         57   1137 AM  83    2007  67    -10       69
  MINIMUM         44   1159 PM  33    2006  47     -3       40
  AVERAGE         51                        57     -6       55

PRECIPITATION (IN)
  YESTERDAY        0.02          1.87 1985   0.10  -0.08     0.00
  MONTH TO DATE    6.45                      2.09   4.36     1.22
  SINCE SEP 1      8.80                      5.55   3.25     2.49
  SINCE JAN 1     47.10                     39.10   8.00    45.71

SNOWFALL (IN)
  YESTERDAY        0.0                       0.0    0.0      0.0
  MONTH TO DATE    0.0                       0.0    0.0      0.0
  SINCE SEP 1      0.0                       0.0    0.0      0.0
  SINCE JUL 1      0.0                       0.0    0.0      0.0
  SNOW DEPTH       0

DEGREE DAYS
 HEATING
  YESTERDAY       14                         9      5       10
  MONTH TO DATE  154                       142     12       90
  SINCE SEP 1    187                       192     -5      118
  SINCE JUL 1    190                       194     -4      120

 COOLING
  YESTERDAY        0                         1     -1        0
  MONTH TO DATE   17                        27    -10       42
  SINCE SEP 1    162                       170     -8      173
  SINCE JAN 1   1163                      1148     15     1068
..................................................................

WIND (MPH)
  HIGHEST WIND SPEED    14   HIGHEST WIND DIRECTION    NW (300)
  HIGHEST GUST SPEED    20   HIGHEST GUST DIRECTION    NW (300)
  AVERAGE WIND SPEED     4.2


SKY COVER
  POSSIBLE SUNSHINE  MM
  AVERAGE SKY COVER 0.9


WEATHER CONDITIONS
 THE FOLLOWING WEATHER WAS RECORDED YESTERDAY.
  LIGHT RAIN
  FOG


RELATIVE HUMIDITY (PERCENT)
 HIGHEST    93           500 AM
 LOWEST     54           100 PM
 AVERAGE    74
..........................................................

THE JACKSON KY CLIMATE NORMALS FOR TODAY
                         NORMAL    RECORD    YEAR
 MAXIMUM TEMPERATURE (F)   66        81      1991
 MINIMUM TEMPERATURE (F)   46        26      1987


SUNRISE AND SUNSET
OCTOBER 22 2014.......SUNRISE   748 AM EDT   SUNSET   647 PM EDT
OCTOBER 23 2014.......SUNRISE   749 AM EDT   SUNSET   645 PM EDT


-  INDICATES NEGATIVE NUMBERS.
R  INDICATES RECORD WAS SET OR TIED.
MM INDICATES DATA IS MISSING.
T  INDICATES TRACE AMOUNT.
$$
