000
CDUS43 KJKL 250527
CLIJKL

CLIMATE REPORT
NATIONAL WEATHER SERVICE JACKSON KY
1227 AM EST THU DEC 25 2014

...................................

...THE JACKSON KY CLIMATE SUMMARY FOR DECEMBER 24 2014...

CLIMATE NORMAL PERIOD 1981 TO 2010
CLIMATE RECORD PERIOD 1981 TO 2014


WEATHER ITEM   OBSERVED TIME   RECORD YEAR NORMAL DEPARTURE LAST
                VALUE   (LST)  VALUE       VALUE  FROM      YEAR
                                                  NORMAL
..................................................................
TEMPERATURE (F)
 YESTERDAY
  MAXIMUM         66    220 PM  68    1982  44     22       31
  MINIMUM         40   1159 PM -10    1983  28     12       18
  AVERAGE         53                        36     17       25

PRECIPITATION (IN)
  YESTERDAY        0.09          1.70 1988   0.14  -0.05     0.01
  MONTH TO DATE    2.06                      3.30  -1.24     6.09
  SINCE DEC 1      2.06                      3.30  -1.24     6.09
  SINCE JAN 1     53.45                     47.46   5.99    55.72

SNOWFALL (IN)
  YESTERDAY        0.0                       0.2   -0.2      0.1
  MONTH TO DATE    T                         3.4   -3.4      1.3
  SINCE DEC 1      T                         3.4   -3.4      1.3
  SINCE JUL 1      1.2                       4.0   -2.8      4.2
  SNOW DEPTH       0

DEGREE DAYS
 HEATING
  YESTERDAY       12                        29    -17       40
  MONTH TO DATE  572                       629    -57      554
  SINCE DEC 1    572                       629    -57      554
  SINCE JUL 1   1562                      1429    133     1441

 COOLING
  YESTERDAY        0                         0      0        0
  MONTH TO DATE    0                         0      0        0
  SINCE DEC 1      0                         0      0        0
  SINCE JAN 1   1165                      1154     11     1069
..................................................................


WIND (MPH)
  HIGHEST WIND SPEED    23   HIGHEST WIND DIRECTION     W (260)
  HIGHEST GUST SPEED    38   HIGHEST GUST DIRECTION     W (250)
  AVERAGE WIND SPEED     6.4


SKY COVER
  POSSIBLE SUNSHINE  MM
  AVERAGE SKY COVER 0.5


WEATHER CONDITIONS
 THE FOLLOWING WEATHER WAS RECORDED YESTERDAY.
  LIGHT RAIN
  FOG


RELATIVE HUMIDITY (PERCENT)
 HIGHEST    93           100 AM
 LOWEST     63           300 PM
 AVERAGE    78

..........................................................


THE JACKSON KY CLIMATE NORMALS FOR TODAY
                         NORMAL    RECORD    YEAR
 MAXIMUM TEMPERATURE (F)   44        76      1982
 MINIMUM TEMPERATURE (F)   28       -12      1983


SUNRISE AND SUNSET
DECEMBER 25 2014......SUNRISE   746 AM EST   SUNSET   521 PM EST
DECEMBER 26 2014......SUNRISE   747 AM EST   SUNSET   521 PM EST


-  INDICATES NEGATIVE NUMBERS.
R  INDICATES RECORD WAS SET OR TIED.
MM INDICATES DATA IS MISSING.
T  INDICATES TRACE AMOUNT.




$$
