000
CDUS43 KJKL 070637
CLIJKL

CLIMATE REPORT
NATIONAL WEATHER SERVICE JACKSON KY
137 AM EST SUN FEB 7 2016

...................................

...THE JACKSON KY CLIMATE SUMMARY FOR FEBRUARY 6 2016...

CLIMATE NORMAL PERIOD 1981 TO 2010
CLIMATE RECORD PERIOD 1981 TO 2016

WEATHER ITEM   OBSERVED TIME   RECORD YEAR NORMAL DEPARTURE LAST
                VALUE   (LST)  VALUE       VALUE  FROM      YEAR
                                                  NORMAL
..................................................................
TEMPERATURE (F)
 YESTERDAY
  MAXIMUM         51    246 PM  69    2008  45      6       40
  MINIMUM         28    747 AM   2    1988  28      0       13
  AVERAGE         40                        37      3       27

PRECIPITATION (IN)
  YESTERDAY        0.00          1.16 2004   0.13  -0.13     0.00
  MONTH TO DATE    1.86                      0.80   1.06     0.58
  SINCE DEC 1      9.79                      8.59   1.20     5.19
  SINCE JAN 1      5.15                      4.41   0.74     2.70

SNOWFALL (IN)
  YESTERDAY        0.0           3.9  1998   0.2   -0.2      0.0
  MONTH TO DATE    0.0                       1.7   -1.7      0.3
  SINCE DEC 1     21.4                      13.7    7.7      3.0
  SINCE JUL 1     21.4                      14.3    7.1      4.2
  SNOW DEPTH       0

DEGREE DAYS
 HEATING
  YESTERDAY       25                        28     -3       38
  MONTH TO DATE  120                       172    -52      182
  SINCE DEC 1   1534                      1938   -404     1906
  SINCE JUL 1   2132                      2738   -606     2896

 COOLING
  YESTERDAY        0                         0      0        0
  MONTH TO DATE    0                         0      0        0
  SINCE DEC 1      2                         1      1        0
  SINCE JAN 1      0                         0      0        0
..................................................................

WIND (MPH)
  HIGHEST WIND SPEED    12   HIGHEST WIND DIRECTION     W (290)
  HIGHEST GUST SPEED    16   HIGHEST GUST DIRECTION    NW (310)
  AVERAGE WIND SPEED     3.7

SKY COVER
  POSSIBLE SUNSHINE  MM
  AVERAGE SKY COVER 0.1

WEATHER CONDITIONS
 THE FOLLOWING WEATHER WAS RECORDED YESTERDAY.
  NO SIGNIFICANT WEATHER WAS OBSERVED.

RELATIVE HUMIDITY (PERCENT)
 HIGHEST    58           400 AM
 LOWEST     29           300 PM
 AVERAGE    44
..........................................................

THE JACKSON KY CLIMATE NORMALS FOR TODAY
                         NORMAL    RECORD    YEAR
 MAXIMUM TEMPERATURE (F)   46        66      2009
 MINIMUM TEMPERATURE (F)   28         8      1988

SUNRISE AND SUNSET
FEBRUARY  7 2016......SUNRISE   732 AM EST   SUNSET   603 PM EST
FEBRUARY  8 2016......SUNRISE   731 AM EST   SUNSET   604 PM EST

-  INDICATES NEGATIVE NUMBERS.
R  INDICATES RECORD WAS SET OR TIED.
MM INDICATES DATA IS MISSING.
T  INDICATES TRACE AMOUNT.

$$

RAY
