000
CDUS43 KJKL 220546
CLIJKL

CLIMATE REPORT
NATIONAL WEATHER SERVICE JACKSON KY
146 AM EDT FRI AUG 22 2014
...................................

...THE JACKSON KY CLIMATE SUMMARY FOR AUGUST 21 2014...

CLIMATE NORMAL PERIOD 1981 TO 2010
CLIMATE RECORD PERIOD 1981 TO 2014

WEATHER ITEM   OBSERVED TIME   RECORD YEAR NORMAL DEPARTURE LAST
                VALUE   (LST)  VALUE       VALUE  FROM      YEAR
                                                  NORMAL
..................................................................
TEMPERATURE (F)
 YESTERDAY
  MAXIMUM         87    143 PM  96    1983  84      3       83
  MINIMUM         65    553 AM  55    2001  65      0       62
  AVERAGE         76                        74      2       73

PRECIPITATION (IN)
  YESTERDAY        0.81          1.70 1990   0.11   0.70     0.82
  MONTH TO DATE    6.26                      2.68   3.58     8.26
  SINCE JUN 1     15.15                     12.03   3.12    21.24
  SINCE JAN 1     36.01                     32.54   3.47    41.44

SNOWFALL (IN)
  YESTERDAY        0.0                       0.0    0.0      0.0
  MONTH TO DATE    0.0                       0.0    0.0      0.0
  SINCE JUN 1      0.0                       0.0    0.0      0.0
  SINCE JUL 1      0.0                       0.0    0.0      0.0
  SNOW DEPTH       0

DEGREE DAYS
 HEATING
  YESTERDAY        0                         0      0        0
  MONTH TO DATE    0                         0      0        2
  SINCE JUN 1      3                        12     -9        2
  SINCE JUL 1      3                         0      3        2

 COOLING
  YESTERDAY       11                        10      1        8
  MONTH TO DATE  156                       210    -54      145
  SINCE JUN 1    692                       754    -62      642
  SINCE JAN 1    883                       890     -7      790
..................................................................

WIND (MPH)
  HIGHEST WIND SPEED    13   HIGHEST WIND DIRECTION    NW (330)
  HIGHEST GUST SPEED    20   HIGHEST GUST DIRECTION     N (10)
  AVERAGE WIND SPEED     1.7

SKY COVER
  POSSIBLE SUNSHINE  MM
  AVERAGE SKY COVER 0.4

WEATHER CONDITIONS
 THE FOLLOWING WEATHER WAS RECORDED YESTERDAY.
  THUNDERSTORM
  HEAVY RAIN
  LIGHT RAIN
  FOG
  FOG W/VISIBILITY <= 1/4 MILE

RELATIVE HUMIDITY (PERCENT)
 HIGHEST    97           800 PM
 LOWEST     70           100 PM
 AVERAGE    84
..........................................................

THE JACKSON KY CLIMATE NORMALS FOR TODAY
                         NORMAL    RECORD    YEAR
 MAXIMUM TEMPERATURE (F)   84        95      1983
 MINIMUM TEMPERATURE (F)   65        54      1985

SUNRISE AND SUNSET
AUGUST 22 2014........SUNRISE   655 AM EDT   SUNSET   817 PM EDT
AUGUST 23 2014........SUNRISE   656 AM EDT   SUNSET   815 PM EDT

-  INDICATES NEGATIVE NUMBERS.
R  INDICATES RECORD WAS SET OR TIED.
MM INDICATES DATA IS MISSING.
T  INDICATES TRACE AMOUNT.

$$
