000
CDUS43 KJKL 101131
CLIJKL

CLIMATE REPORT
NATIONAL WEATHER SERVICE JACKSON KY
631 AM EST SAT DEC 10 2016


...................................

...THE JACKSON KY CLIMATE SUMMARY FOR DECEMBER 9 2016...

CLIMATE NORMAL PERIOD 1981 TO 2010
CLIMATE RECORD PERIOD 1981 TO 2016


WEATHER ITEM   OBSERVED TIME   RECORD YEAR NORMAL DEPARTURE LAST
                VALUE   (LST)  VALUE       VALUE  FROM      YEAR
                                                  NORMAL
..................................................................
TEMPERATURE (F)
 YESTERDAY
  MAXIMUM         28    400 PM  69    2007  48    -20       57
  MINIMUM         20   1159 PM   7    1995  32    -12       41
  AVERAGE         24                        40    -16       49

PRECIPITATION (IN)
  YESTERDAY        T             1.49 2012   0.15  -0.15      T
  MONTH TO DATE    0.83                      1.27  -0.44     1.81
  SINCE DEC 1      0.83                      1.27  -0.44     1.81
  SINCE JAN 1     47.56                     45.43   2.13    54.49

SNOWFALL (IN)
  YESTERDAY        0.1           1.0  1988   0.1    0.0      0.0
  MONTH TO DATE    0.1                       0.9   -0.8      0.0
  SINCE DEC 1      0.1                       0.9   -0.8      0.0
  SINCE JUL 1      0.1                       1.5   -1.4       T
  SNOW DEPTH       0

DEGREE DAYS
 HEATING
  YESTERDAY       41                        25     16       16
  MONTH TO DATE  237                       216     21      179
  SINCE DEC 1    237                       216     21      179
  SINCE JUL 1    763                      1016   -253      777

COOLING
  YESTERDAY        0                         0      0        0
  MONTH TO DATE    0                         0      0        0
  SINCE DEC 1      0                         0      0        0
  SINCE JAN 1   1580                      1154    426     1263
..................................................................


WIND (MPH)
  HIGHEST WIND SPEED    12   HIGHEST WIND DIRECTION    NW (320)
  HIGHEST GUST SPEED    17   HIGHEST GUST DIRECTION    NW (310)
  AVERAGE WIND SPEED     4.0


SKY COVER
  POSSIBLE SUNSHINE  MM
  AVERAGE SKY COVER 0.9


WEATHER CONDITIONS
 THE FOLLOWING WEATHER WAS RECORDED YESTERDAY.
  LIGHT SNOW


RELATIVE HUMIDITY (PERCENT)
 HIGHEST    77           700 AM
 LOWEST     55           400 PM
 AVERAGE    66

..........................................................


THE JACKSON KY CLIMATE NORMALS FOR TODAY
                         NORMAL    RECORD    YEAR
 MAXIMUM TEMPERATURE (F)   47        64      1985
 MINIMUM TEMPERATURE (F)   31         3      1995


SUNRISE AND SUNSET
DECEMBER 10 2016......SUNRISE   738 AM EST   SUNSET   515 PM EST
DECEMBER 11 2016......SUNRISE   738 AM EST   SUNSET   515 PM EST


-  INDICATES NEGATIVE NUMBERS.
R  INDICATES RECORD WAS SET OR TIED.
MM INDICATES DATA IS MISSING.
T  INDICATES TRACE AMOUNT.




$$
