000
CDUS43 KJKL 290531
CLIJKL

CLIMATE REPORT
NATIONAL WEATHER SERVICE JACKSON KY
129 AM EDT FRI APR 29 2016

...................................

...THE JACKSON KY CLIMATE SUMMARY FOR APRIL 28 2016...

CLIMATE NORMAL PERIOD 1981 TO 2010
CLIMATE RECORD PERIOD 1981 TO 2016


WEATHER ITEM   OBSERVED TIME   RECORD YEAR NORMAL DEPARTURE LAST
                VALUE   (LST)  VALUE       VALUE  FROM      YEAR
                                                  NORMAL
..................................................................
TEMPERATURE (F)
 YESTERDAY
  MAXIMUM         81    420 PM  85    1994  71     10       65
  MINIMUM         59    737 AM  33    2010  50      9       39
  AVERAGE         70                        61      9       52

PRECIPITATION (IN)
  YESTERDAY        0.74          0.89 2002   0.14   0.60     0.00
  MONTH TO DATE    2.94                      3.56  -0.62    10.11
  SINCE MAR 1      5.32                      7.68  -2.36    16.37
  SINCE JAN 1     14.88                     15.04  -0.16    22.55

SNOWFALL (IN)
  YESTERDAY        0.0           T    1992   0.0    0.0      0.0
  MONTH TO DATE    0.1                       1.0   -0.9      0.0
  SINCE MAR 1      2.9                       3.9   -1.0      3.7
  SINCE JUL 1     32.5                      23.5    9.0     29.1
  SNOW DEPTH       0

DEGREE DAYS
 HEATING
  YESTERDAY        0                         6     -6       13
  MONTH TO DATE  218                       258    -40      192
  SINCE MAR 1    557                       811   -254      740
  SINCE JUL 1   3311                      4111   -800     4505

 COOLING
  YESTERDAY        5                         2      3        0
  MONTH TO DATE   45                        37      8       25
  SINCE MAR 1     53                        44      9       25
  SINCE JAN 1     53                        44      9       25
..................................................................


WIND (MPH)
  HIGHEST WIND SPEED    14   HIGHEST WIND DIRECTION     W (250)
  HIGHEST GUST SPEED    27   HIGHEST GUST DIRECTION     W (250)
  AVERAGE WIND SPEED     4.4


SKY COVER
  POSSIBLE SUNSHINE  MM
  AVERAGE SKY COVER 0.5


WEATHER CONDITIONS
 THE FOLLOWING WEATHER WAS RECORDED YESTERDAY.
  THUNDERSTORM
  HEAVY RAIN
  RAIN
  LIGHT RAIN
  FOG
  FOG W/VISIBILITY <= 1/4 MILE


RELATIVE HUMIDITY (PERCENT)
 HIGHEST    93           200 AM
 LOWEST     39           400 PM
 AVERAGE    66

..........................................................


THE JACKSON KY CLIMATE NORMALS FOR TODAY
                         NORMAL    RECORD    YEAR
 MAXIMUM TEMPERATURE (F)   72        84      1996
 MINIMUM TEMPERATURE (F)   51        35      2008


SUNRISE AND SUNSET
APRIL 29 2016.........SUNRISE   640 AM EDT   SUNSET   822 PM EDT
APRIL 30 2016.........SUNRISE   638 AM EDT   SUNSET   823 PM EDT


-  INDICATES NEGATIVE NUMBERS.
R  INDICATES RECORD WAS SET OR TIED.
MM INDICATES DATA IS MISSING.
T  INDICATES TRACE AMOUNT.




$$
