000
CDUS43 KJKL 282021
CLIJKL

CLIMATE REPORT
NATIONAL WEATHER SERVICE JACKSON KY
421 PM EDT TUE MAR 28 2017

...................................

...THE JACKSON KY CLIMATE SUMMARY FOR MARCH 28 2017...
VALID TODAY AS OF 0400 PM LOCAL TIME.

CLIMATE NORMAL PERIOD 1981 TO 2010
CLIMATE RECORD PERIOD 1981 TO 2017

WEATHER ITEM   OBSERVED TIME   RECORD YEAR NORMAL DEPARTURE LAST
                VALUE   (LST)  VALUE       VALUE  FROM      YEAR
                                                  NORMAL
..................................................................
TEMPERATURE (F)
 TODAY
  MAXIMUM         63   1257 PM  87    1989  62      1       61
  MINIMUM         54   1230 AM  21    1982  41     13       43
  AVERAGE         59                        51      8       52

PRECIPITATION (IN)
  TODAY            T             1.14 2005   0.13  -0.13     0.36
  MONTH TO DATE    3.78                      3.72   0.06     2.01
  SINCE MAR 1      3.78                      3.72   0.06     2.01
  SINCE JAN 1     11.35                     11.08   0.27    11.57

SNOWFALL (IN)
  TODAY            0.0           0.1  2011   0.1   -0.1      0.0
  MONTH TO DATE    0.2                       2.8   -2.6      2.8
  SINCE MAR 1      0.2                       2.8   -2.6      2.8
  SINCE JUL 1      4.8                      22.4  -17.6     32.4
  SNOW DEPTH       0

DEGREE DAYS
 HEATING
  TODAY            6                        14     -8       13
  MONTH TO DATE  496                       513    -17      321
  SINCE MAR 1    496                       513    -17      321
  SINCE JUL 1   2988                      3813   -825     3075

 COOLING
  TODAY            0                         0      0        0
  MONTH TO DATE    5                         0      5        7
  SINCE MAR 1      5                         0      5        7
  SINCE JAN 1      7                         0      7        7
..................................................................

WIND (MPH)
  HIGHEST WIND SPEED    12   HIGHEST WIND DIRECTION     W (280)
  HIGHEST GUST SPEED    18   HIGHEST GUST DIRECTION    SE (150)
  AVERAGE WIND SPEED     4.4

SKY COVER
  POSSIBLE SUNSHINE  MM
  AVERAGE SKY COVER 0.9

WEATHER CONDITIONS
 THE FOLLOWING WEATHER WAS RECORDED TODAY.
  LIGHT RAIN
  FOG

RELATIVE HUMIDITY (PERCENT)
 HIGHEST    93           200 AM
 LOWEST     67           300 PM
 AVERAGE    80

..........................................................

THE JACKSON KY CLIMATE NORMALS FOR TOMORROW
                         NORMAL    RECORD    YEAR
 MAXIMUM TEMPERATURE (F)   62        84      1998
 MINIMUM TEMPERATURE (F)   41        23      2015

SUNRISE AND SUNSET
MARCH 28 2017.........SUNRISE   724 AM EDT   SUNSET   753 PM EDT
MARCH 29 2017.........SUNRISE   723 AM EDT   SUNSET   754 PM EDT

-  INDICATES NEGATIVE NUMBERS.
R  INDICATES RECORD WAS SET OR TIED.
MM INDICATES DATA IS MISSING.
T  INDICATES TRACE AMOUNT.

$$

CARICO
