000
CDUS43 KJKL 262027 AAA
CLIJKL

CLIMATE REPORT...RETRANSMITTED
NATIONAL WEATHER SERVICE JACKSON KY
427 PM EDT SUN OCT 26 2014


...................................

...THE JACKSON KY CLIMATE SUMMARY FOR OCTOBER 26 2014...
VALID TODAY AS OF 0400 PM LOCAL TIME.

CLIMATE NORMAL PERIOD 1981 TO 2010
CLIMATE RECORD PERIOD 1981 TO 2014


WEATHER ITEM   OBSERVED TIME   RECORD YEAR NORMAL DEPARTURE LAST
                VALUE   (LST)  VALUE       VALUE  FROM      YEAR
                                                  NORMAL
..................................................................
TEMPERATURE (F)
 TODAY
  MAXIMUM         71    257 PM  86    1991  65      6       52
  MINIMUM         54    724 AM  29    2013  45      9       29
  AVERAGE         63                        55      8       41

PRECIPITATION (IN)
  TODAY            0.00          0.94 1997   0.11  -0.11     0.00
  MONTH TO DATE    6.45                      2.62   3.83     1.53
  SINCE SEP 1      8.80                      6.08   2.72     2.80
  SINCE JAN 1     47.10                     39.63   7.47    46.02

SNOWFALL (IN)
  TODAY            0.0                       0.1   -0.1      0.0
  MONTH TO DATE    0.0                       0.1   -0.1      0.1
  SINCE SEP 1      0.0                       0.1   -0.1      0.1
  SINCE JUL 1      0.0                       0.1   -0.1      0.1
  SNOW DEPTH       0

DEGREE DAYS
 HEATING
  TODAY            2                        10     -8       24
  MONTH TO DATE  210                       190     20      207
  SINCE SEP 1    243                       240      3      235
  SINCE JUL 1    246                       242      4      237

 COOLING
  TODAY            0                         0      0        0
  MONTH TO DATE   17                        30    -13       42
  SINCE SEP 1    162                       173    -11      173
  SINCE JAN 1   1163                      1151     12     1068
..................................................................

WIND (MPH)
  HIGHEST WIND SPEED     9   HIGHEST WIND DIRECTION     W (280)
  HIGHEST GUST SPEED    13   HIGHEST GUST DIRECTION     W (280)
  AVERAGE WIND SPEED     3.7

SKY COVER
  POSSIBLE SUNSHINE  MM
  AVERAGE SKY COVER 0.0

WEATHER CONDITIONS
 THE FOLLOWING WEATHER WAS RECORDED TODAY.
  NO SIGNIFICANT WEATHER WAS OBSERVED.

RELATIVE HUMIDITY (PERCENT)
 HIGHEST    93           100 AM
 LOWEST     22           300 PM
 AVERAGE    58

..........................................................

THE JACKSON KY CLIMATE NORMALS FOR TOMORROW
                         NORMAL    RECORD    YEAR
 MAXIMUM TEMPERATURE (F)   65        83      1991
 MINIMUM TEMPERATURE (F)   45        31      1990

SUNRISE AND SUNSET
OCTOBER 26 2014.......SUNRISE   752 AM EDT   SUNSET   642 PM EDT
OCTOBER 27 2014.......SUNRISE   753 AM EDT   SUNSET   641 PM EDT

-  INDICATES NEGATIVE NUMBERS.
R  INDICATES RECORD WAS SET OR TIED.
MM INDICATES DATA IS MISSING.
T  INDICATES TRACE AMOUNT.

$$

CARICO

...RETRANSMITTED FOR MISSING LOW TEMP TIME AND PEAK WIND...
