000
CDUS43 KJKL 210917 RRA
CLIJKL

CLIMATE REPORT
NATIONAL WEATHER SERVICE JACKSON KY
517 AM EDT MON JUL 21 2014

...................................

...THE LONDON KY CLIMATE SUMMARY FOR JULY 20 2014...

CLIMATE NORMAL PERIOD 1981 TO 2010
CLIMATE RECORD PERIOD 1954 TO 2014


WEATHER ITEM   OBSERVED TIME   RECORD YEAR NORMAL DEPARTURE LAST
                VALUE   (LST)  VALUE       VALUE  FROM      YEAR
                                                  NORMAL
..................................................................

TEMPERATURE (F)
 YESTERDAY
  MAXIMUM         85    305 PM  95    2008  86     -1       88
  MINIMUM         69    713 AM  54    2009  66      3       68
  AVERAGE         77                        76      1       78

PRECIPITATION (IN)
  YESTERDAY        0.33          1.23 2001   0.12   0.21     0.00
                                      1963
  MONTH TO DATE    5.92                      2.63   3.29     6.49
  SINCE JUN 1     MM                         7.03  MM       13.73
  SINCE JAN 1     MM                        27.56  MM       36.74

SNOWFALL (IN)
  YESTERDAY       MM
  MONTH TO DATE   MM
  SINCE JUN 1     MM
  SINCE JUL 1     MM
  SNOW DEPTH      MM

DEGREE DAYS
 HEATING
  YESTERDAY        0                         0      0        0
  MONTH TO DATE    0                         0      0        0
  SINCE JUN 1      0                         9     -9        0
  SINCE JUL 1      0                         0      0        0

 COOLING
  YESTERDAY       12                        11      1       13
  MONTH TO DATE  190                       220    -30      205
  SINCE JUN 1     MM                       463     MM      436
  SINCE JAN 1     MM                       577     MM      536
..................................................................

WIND (MPH)
  HIGHEST WIND SPEED    12   HIGHEST WIND DIRECTION     S (180)
  HIGHEST GUST SPEED    14   HIGHEST GUST DIRECTION     S (180)
  AVERAGE WIND SPEED     2.6


SKY COVER
  POSSIBLE SUNSHINE  MM
  AVERAGE SKY COVER 0.9


WEATHER CONDITIONS
 THE FOLLOWING WEATHER WAS RECORDED YESTERDAY.
  HEAVY RAIN
  RAIN
  LIGHT RAIN
  FOG


RELATIVE HUMIDITY (PERCENT)
 HIGHEST    93          1000 PM
 LOWEST     58           300 PM
 AVERAGE    76
..........................................................

THE LONDON KY CLIMATE NORMALS FOR TODAY
                         NORMAL    RECORD    YEAR
 MAXIMUM TEMPERATURE (F)   86        95      2008
 MINIMUM TEMPERATURE (F)   66        54      1971


SUNRISE AND SUNSET
JULY 21 2014..........SUNRISE   633 AM EDT   SUNSET   852 PM EDT
JULY 22 2014..........SUNRISE   633 AM EDT   SUNSET   852 PM EDT


-  INDICATES NEGATIVE NUMBERS.
R  INDICATES RECORD WAS SET OR TIED.
MM INDICATES DATA IS MISSING.
T  INDICATES TRACE AMOUNT.
$$
