000
CDUS43 KJKL 010555
CLIJKL

CLIMATE REPORT
NATIONAL WEATHER SERVICE JACKSON KY
155 AM EDT WED JUL 1 2015

...................................

...THE JACKSON KY CLIMATE SUMMARY FOR JUNE 30 2015...

CLIMATE NORMAL PERIOD 1981 TO 2010
CLIMATE RECORD PERIOD 1981 TO 2015

WEATHER ITEM   OBSERVED TIME   RECORD YEAR NORMAL DEPARTURE LAST
                VALUE   (LST)  VALUE       VALUE  FROM      YEAR
                                                  NORMAL
..................................................................
TEMPERATURE (F)
 YESTERDAY
  MAXIMUM         80    459 PM 103    2012  84     -4       84
  MINIMUM         60   1159 PM  57    2000  66     -6       69
                                      1989
  AVERAGE         70                        75     -5       77

PRECIPITATION (IN)
  YESTERDAY        0.42          0.69 1997   0.14   0.28      T
  MONTH TO DATE    7.42                      4.70   2.72     3.12
  SINCE JUN 1      7.42                      4.70   2.72     3.12
  SINCE JAN 1     31.89                     25.21   6.68    23.98

SNOWFALL (IN)
  YESTERDAY        0.0                       0.0    0.0      0.0
  MONTH TO DATE    0.0                       0.0    0.0      0.0
  SINCE JUN 1      0.0                       0.0    0.0      0.0
  SINCE JUL 1     29.1                      23.5    5.6     38.9
  SNOW DEPTH       0

DEGREE DAYS
 HEATING
  YESTERDAY        0                         0      0        0
  MONTH TO DATE    9                         9      0        0
  SINCE JUN 1      9                        12     -3        0
  SINCE JUL 1   4575                      4234    341     4509

 COOLING
  YESTERDAY        5                        10     -5       12
  MONTH TO DATE  274                       223     51      287
  SINCE JUN 1    274                       223     51      287
  SINCE JAN 1    478                       359    119      478
..................................................................

WIND (MPH)
  HIGHEST WIND SPEED    13   HIGHEST WIND DIRECTION    NW (330)
  HIGHEST GUST SPEED    26   HIGHEST GUST DIRECTION    NW (330)
  AVERAGE WIND SPEED     1.2

SKY COVER
  POSSIBLE SUNSHINE  MM
  AVERAGE SKY COVER 0.4

WEATHER CONDITIONS
 THE FOLLOWING WEATHER WAS RECORDED YESTERDAY.
  THUNDERSTORM
  HEAVY RAIN
  LIGHT RAIN
  FOG
  FOG W/VISIBILITY <= 1/4 MILE

RELATIVE HUMIDITY (PERCENT)
 HIGHEST    93          1200 AM
 LOWEST     67           100 PM
 AVERAGE    80
..........................................................

THE JACKSON KY CLIMATE NORMALS FOR TODAY
                         NORMAL    RECORD    YEAR
 MAXIMUM TEMPERATURE (F)   84        98      2012
 MINIMUM TEMPERATURE (F)   66        53      1988

SUNRISE AND SUNSET
JULY  1 2015..........SUNRISE   615 AM EDT   SUNSET   859 PM EDT
JULY  2 2015..........SUNRISE   616 AM EDT   SUNSET   858 PM EDT

-  INDICATES NEGATIVE NUMBERS.
R  INDICATES RECORD WAS SET OR TIED.
MM INDICATES DATA IS MISSING.
T  INDICATES TRACE AMOUNT.

$$

RAY
