000
CDUS43 KJKL 170523
CLIJKL

CLIMATE REPORT
NATIONAL WEATHER SERVICE JACKSON KY
120 AM EDT TUE OCT 17 2017

...................................

...THE JACKSON KY CLIMATE SUMMARY FOR OCTOBER 16 2017...

CLIMATE NORMAL PERIOD 1981 TO 2010
CLIMATE RECORD PERIOD 1981 TO 2017

WEATHER ITEM   OBSERVED TIME   RECORD YEAR NORMAL DEPARTURE LAST
                VALUE   (LST)  VALUE       VALUE  FROM      YEAR
                                                  NORMAL
..................................................................
TEMPERATURE (F)
 YESTERDAY
  MAXIMUM         61    325 PM  82    1984  68     -7       80
  MINIMUM         46   1159 PM  38    1997  48     -2       59
  AVERAGE         54                        58     -4       70

PRECIPITATION (IN)
  YESTERDAY        0.00          2.12 1989   0.10  -0.10     0.00
  MONTH TO DATE    3.17                      1.60   1.57     0.19
  SINCE SEP 1      6.50                      5.06   1.44     1.51
  SINCE JAN 1     44.82                     38.61   6.21    42.50

SNOWFALL (IN)
  YESTERDAY        0.0                       0.0    0.0      0.0
  MONTH TO DATE    0.0                       0.0    0.0      0.0
  SINCE SEP 1      0.0                       0.0    0.0      0.0
  SINCE JUL 1      0.0                       0.0    0.0      0.0
  SNOW DEPTH       0

DEGREE DAYS
 HEATING
  YESTERDAY       11                         8      3        0
  MONTH TO DATE   21                       100    -79       44
  SINCE SEP 1     55                       150    -95       60
  SINCE JUL 1     55                       152    -97       60

 COOLING
  YESTERDAY        0                         1     -1        5
  MONTH TO DATE   59                        22     37       29
  SINCE SEP 1    193                       165     28      277
  SINCE JAN 1   1195                      1143     52     1509
..................................................................

WIND (MPH)
  HIGHEST WIND SPEED    12   HIGHEST WIND DIRECTION    NW (320)
  HIGHEST GUST SPEED    19   HIGHEST GUST DIRECTION    NW (330)
  AVERAGE WIND SPEED     2.1

SKY COVER
  POSSIBLE SUNSHINE  MM
  AVERAGE SKY COVER 0.6

WEATHER CONDITIONS
 THE FOLLOWING WEATHER WAS RECORDED YESTERDAY.
  NO SIGNIFICANT WEATHER WAS OBSERVED.

RELATIVE HUMIDITY (PERCENT)
 HIGHEST    86           700 AM
 LOWEST     46           300 PM
 AVERAGE    66
..........................................................

THE JACKSON KY CLIMATE NORMALS FOR TODAY
                         NORMAL    RECORD    YEAR
 MAXIMUM TEMPERATURE (F)   68        82      2016
 MINIMUM TEMPERATURE (F)   48        33      1991

SUNRISE AND SUNSET
OCTOBER 17 2017.......SUNRISE   744 AM EDT   SUNSET   653 PM EDT
OCTOBER 18 2017.......SUNRISE   745 AM EDT   SUNSET   652 PM EDT

-  INDICATES NEGATIVE NUMBERS.
R  INDICATES RECORD WAS SET OR TIED.
MM INDICATES DATA IS MISSING.
T  INDICATES TRACE AMOUNT.

$$
GREIF
