000
CDUS43 KJKL 180527
CLIJKL

CLIMATE REPORT
NATIONAL WEATHER SERVICE JACKSON KY
127 AM EDT MON SEP 18 2017

...................................

...THE JACKSON KY CLIMATE SUMMARY FOR SEPTEMBER 17 2017...

CLIMATE NORMAL PERIOD 1981 TO 2010
CLIMATE RECORD PERIOD 1981 TO 2017

WEATHER ITEM   OBSERVED TIME   RECORD YEAR NORMAL DEPARTURE LAST
                VALUE   (LST)  VALUE       VALUE  FROM      YEAR
                                                  NORMAL
..................................................................
TEMPERATURE (F)
 YESTERDAY
  MAXIMUM         82    418 PM  90    1991  78      4       87
  MINIMUM         61    534 AM  42    2000  58      3       68
  AVERAGE         72                        68      4       78

PRECIPITATION (IN)
  YESTERDAY        0.00          2.67 2004   0.12  -0.12     0.35
  MONTH TO DATE    3.08                      1.92   1.16     0.52
  SINCE SEP 1      3.08                      1.92   1.16     0.52
  SINCE JAN 1     41.40                     35.47   5.93    41.51

SNOWFALL (IN)
  YESTERDAY        0.0                       0.0    0.0      0.0
  MONTH TO DATE    0.0                       0.0    0.0      0.0
  SINCE SEP 1      0.0                       0.0    0.0      0.0
  SINCE JUL 1      0.0                       0.0    0.0      0.0
  SNOW DEPTH       0

DEGREE DAYS
 HEATING
  YESTERDAY        0                         2     -2        0
  MONTH TO DATE   29                        10     19        0
  SINCE SEP 1     29                        10     19        0
  SINCE JUL 1     29                        12     17        0

 COOLING
  YESTERDAY        7                         4      3       13
  MONTH TO DATE   33                       103    -70      168
  SINCE SEP 1     33                       103    -70      168
  SINCE JAN 1   1035                      1081    -46     1400
..................................................................

WIND (MPH)
  HIGHEST WIND SPEED     7   HIGHEST WIND DIRECTION    NW (330)
  HIGHEST GUST SPEED     9   HIGHEST GUST DIRECTION     N (340)
  AVERAGE WIND SPEED     0.6

SKY COVER
  POSSIBLE SUNSHINE  MM
  AVERAGE SKY COVER 0.1

WEATHER CONDITIONS
 THE FOLLOWING WEATHER WAS RECORDED YESTERDAY.
  FOG

RELATIVE HUMIDITY (PERCENT)
 HIGHEST   100           500 AM
 LOWEST     51           400 PM
 AVERAGE    76
..........................................................

THE JACKSON KY CLIMATE NORMALS FOR TODAY
                         NORMAL    RECORD    YEAR
 MAXIMUM TEMPERATURE (F)   77        91      1991
 MINIMUM TEMPERATURE (F)   57        42      1981

SUNRISE AND SUNSET
SEPTEMBER 18 2017.....SUNRISE   718 AM EDT   SUNSET   736 PM EDT
SEPTEMBER 19 2017.....SUNRISE   719 AM EDT   SUNSET   734 PM EDT

-  INDICATES NEGATIVE NUMBERS.
R  INDICATES RECORD WAS SET OR TIED.
MM INDICATES DATA IS MISSING.
T  INDICATES TRACE AMOUNT.

$$

GEOGERIAN
