000
CDUS43 KJKL 201033 CCA
CLIJKL

CLIMATE REPORT...CORRECTED
NATIONAL WEATHER SERVICE JACKSON KY
454 AM EDT WED MAY 20 2015

...................................

...THE JACKSON KY CLIMATE SUMMARY FOR MAY 19 2015...

CLIMATE NORMAL PERIOD 1981 TO 2010
CLIMATE RECORD PERIOD 1981 TO 2015


WEATHER ITEM   OBSERVED TIME   RECORD YEAR NORMAL DEPARTURE LAST
                VALUE   (LST)  VALUE       VALUE  FROM      YEAR
                                                  NORMAL
..................................................................

TEMPERATURE (F)
 YESTERDAY
  MAXIMUM         78    436 PM  88    1996  75      3       72
  MINIMUM         59   1159 PM  36    2002  55      4       48
  AVERAGE         69                        65      4       60

PRECIPITATION (IN)
  YESTERDAY        T             0.96 2005   0.17  -0.17     0.00
  MONTH TO DATE    1.17                      3.12  -1.95     1.21
  SINCE MAR 1     17.72                     11.07   6.65    12.15
  SINCE JAN 1     23.90                     18.43   5.47    19.77

SNOWFALL (IN)
  YESTERDAY        0.0           0.0  2002   0.0    0.0      0.0
                                      2001
  MONTH TO DATE    0.0                       0.0    0.0      0.0
  SINCE MAR 1      3.7                       3.9   -0.2     11.9
  SINCE JUL 1     29.1                      23.5    5.6     38.9
  SNOW DEPTH       0

DEGREE DAYS
 HEATING
  YESTERDAY        0                         3     -3        5
  MONTH TO DATE   22                        75    -53       78
  SINCE MAR 1    779                       896   -117      907
  SINCE JUL 1   4544                      4196    348     4508

 COOLING
  YESTERDAY        4                         3      1        0
  MONTH TO DATE  108                        46     62       74
  SINCE MAR 1    133                        92     41      113
  SINCE JAN 1    133                        92     41      113
..................................................................

WIND (MPH)
  HIGHEST WIND SPEED    10   HIGHEST WIND DIRECTION    NW (300)
  HIGHEST GUST SPEED    16   HIGHEST GUST DIRECTION     W (280)
  AVERAGE WIND SPEED     3.3


SKY COVER
  POSSIBLE SUNSHINE  MM
  AVERAGE SKY COVER 0.6


WEATHER CONDITIONS
 THE FOLLOWING WEATHER WAS RECORDED YESTERDAY.
  LIGHT RAIN
  FOG
  FOG W/VISIBILITY <= 1/4 MILE


RELATIVE HUMIDITY (PERCENT)
 HIGHEST   100           500 AM
 LOWEST     43           600 PM
 AVERAGE    72
..........................................................

THE JACKSON KY CLIMATE NORMALS FOR TODAY
                         NORMAL    RECORD    YEAR
 MAXIMUM TEMPERATURE (F)   75        87      1996
 MINIMUM TEMPERATURE (F)   56        38      2002


SUNRISE AND SUNSET
MAY 20 2015...........SUNRISE   620 AM EDT   SUNSET   840 PM EDT
MAY 21 2015...........SUNRISE   619 AM EDT   SUNSET   841 PM EDT


-  INDICATES NEGATIVE NUMBERS.
R  INDICATES RECORD WAS SET OR TIED.
MM INDICATES DATA IS MISSING.
T  INDICATES TRACE AMOUNT.
$$
