000
CDUS43 KJKL 150530
CLIJKL

CLIMATE REPORT
NATIONAL WEATHER SERVICE JACKSON KY
122 AM EDT TUE AUG 15 2017

...................................

...THE JACKSON KY CLIMATE SUMMARY FOR AUGUST 14 2017...

CLIMATE NORMAL PERIOD 1981 TO 2010
CLIMATE RECORD PERIOD 1981 TO 2017

WEATHER ITEM   OBSERVED TIME   RECORD YEAR NORMAL DEPARTURE LAST
                VALUE   (LST)  VALUE       VALUE  FROM      YEAR
                                                  NORMAL
..................................................................
TEMPERATURE (F)
 YESTERDAY
  MAXIMUM         82    252 PM  97    1988  84     -2       89
  MINIMUM         65    700 AM  53    2004  65      0       72
  AVERAGE         74                        75     -1       81

PRECIPITATION (IN)
  YESTERDAY        0.31          1.30 1994   0.12   0.19      T
  MONTH TO DATE    2.51                      1.89   0.62     2.75
  SINCE JUN 1     12.85                     11.24   1.61    14.11
  SINCE JAN 1     36.27                     31.75   4.52    36.91

SNOWFALL (IN)
  YESTERDAY        0.0                       0.0    0.0      0.0
  MONTH TO DATE    0.0                       0.0    0.0      0.0
  SINCE JUN 1      0.0                       0.0    0.0      0.0
  SINCE JUL 1      0.0                       0.0    0.0      0.0
  SNOW DEPTH       0

DEGREE DAYS
 HEATING
  YESTERDAY        0                         0      0        0
  MONTH TO DATE    0                         0      0        0
  SINCE JUN 1      4                        12     -8        1
  SINCE JUL 1      0                         0      0        0

 COOLING
  YESTERDAY        9                        10     -1       16
  MONTH TO DATE  102                       140    -38      200
  SINCE JUN 1    659                       684    -25      887
  SINCE JAN 1    858                       820     38     1028
..................................................................

WIND (MPH)
  HIGHEST WIND SPEED     6   HIGHEST WIND DIRECTION    SE (150)
  HIGHEST GUST SPEED     9   HIGHEST GUST DIRECTION    SE (130)
  AVERAGE WIND SPEED     0.8

SKY COVER
  POSSIBLE SUNSHINE  MM
  AVERAGE SKY COVER 0.8

WEATHER CONDITIONS
 THE FOLLOWING WEATHER WAS RECORDED YESTERDAY.
  HEAVY RAIN
  RAIN
  LIGHT RAIN
  FOG
  FOG W/VISIBILITY <= 1/4 MILE

RELATIVE HUMIDITY (PERCENT)
 HIGHEST   100           900 PM
 LOWEST     69           200 PM
 AVERAGE    85
..........................................................

THE JACKSON KY CLIMATE NORMALS FOR TODAY
                         NORMAL    RECORD    YEAR
 MAXIMUM TEMPERATURE (F)   84        96      1995
                                             1988
 MINIMUM TEMPERATURE (F)   65        52      2013

SUNRISE AND SUNSET
AUGUST 15 2017........SUNRISE   649 AM EDT   SUNSET   825 PM EDT
AUGUST 16 2017........SUNRISE   650 AM EDT   SUNSET   824 PM EDT

-  INDICATES NEGATIVE NUMBERS.
R  INDICATES RECORD WAS SET OR TIED.
MM INDICATES DATA IS MISSING.
T  INDICATES TRACE AMOUNT.

$$

SHALLENBERGER
