000
CDUS43 KJKL 180541
CLIJKL

CLIMATE REPORT
NATIONAL WEATHER SERVICE JACKSON KY
141 AM EDT WED MAY 18 2016
...................................

...THE JACKSON KY CLIMATE SUMMARY FOR MAY 17 2016...

CLIMATE NORMAL PERIOD 1981 TO 2010
CLIMATE RECORD PERIOD 1981 TO 2016

WEATHER ITEM   OBSERVED TIME   RECORD YEAR NORMAL DEPARTURE LAST
                VALUE   (LST)  VALUE       VALUE  FROM      YEAR
                                                  NORMAL
..................................................................

TEMPERATURE (F)
 YESTERDAY
  MAXIMUM         59    227 PM  87    1986  75    -16       81
  MINIMUM         46    705 AM  35    1983  55     -9       65
  AVERAGE         53                        65    -12       73

PRECIPITATION (IN)
  YESTERDAY        0.27          1.45 1995   0.18   0.09      T
  MONTH TO DATE    5.55                      2.79   2.76     0.80
  SINCE MAR 1     11.75                     10.74   1.01    17.35
  SINCE JAN 1     21.31                     18.10   3.21    23.53

SNOWFALL (IN)
  YESTERDAY        0.0                       0.0    0.0      0.0
  MONTH TO DATE    0.0                       0.0    0.0      0.0
  SINCE MAR 1      2.9                       3.9   -1.0      3.7
  SINCE JUL 1     32.5                      23.5    9.0     29.1
  SNOW DEPTH       0

DEGREE DAYS
 HEATING
  YESTERDAY       12                         3      9        0
  MONTH TO DATE  107                        69     38       22
  SINCE MAR 1    670                       890   -220      779
  SINCE JUL 1   3424                      4190   -766     4544

 COOLING
  YESTERDAY        0                         3     -3        8
  MONTH TO DATE   22                        40    -18       97
  SINCE MAR 1     76                        86    -10      122
  SINCE JAN 1     76                        86    -10      122
..................................................................

WIND (MPH)
  HIGHEST WIND SPEED     6   HIGHEST WIND DIRECTION    NE (60)
  HIGHEST GUST SPEED    11   HIGHEST GUST DIRECTION     E (80)
  AVERAGE WIND SPEED     0.6

SKY COVER
  POSSIBLE SUNSHINE  MM
  AVERAGE SKY COVER 0.9

WEATHER CONDITIONS
 THE FOLLOWING WEATHER WAS RECORDED YESTERDAY.
  RAIN
  LIGHT RAIN
  FOG

RELATIVE HUMIDITY (PERCENT)
 HIGHEST    93           500 AM
 LOWEST     80           200 AM
 AVERAGE    87
..........................................................

THE JACKSON KY CLIMATE NORMALS FOR TODAY
                         NORMAL    RECORD    YEAR
 MAXIMUM TEMPERATURE (F)   75        88      1996
                                             1982
 MINIMUM TEMPERATURE (F)   55        41      2002

SUNRISE AND SUNSET
MAY 18 2016...........SUNRISE   621 AM EDT   SUNSET   839 PM EDT
MAY 19 2016...........SUNRISE   620 AM EDT   SUNSET   840 PM EDT

-  INDICATES NEGATIVE NUMBERS.
R  INDICATES RECORD WAS SET OR TIED.
MM INDICATES DATA IS MISSING.
T  INDICATES TRACE AMOUNT.

$$
