000
CDUS43 KJKL 300537
CLIJKL

CLIMATE REPORT
NATIONAL WEATHER SERVICE JACKSON KY
1227 AM EST WED NOV 30 2016

...................................

...THE JACKSON KY CLIMATE SUMMARY FOR NOVEMBER 29 2016...

CLIMATE NORMAL PERIOD 1981 TO 2010
CLIMATE RECORD PERIOD 1981 TO 2016


WEATHER ITEM   OBSERVED TIME   RECORD YEAR NORMAL DEPARTURE LAST
                VALUE   (LST)  VALUE       VALUE  FROM      YEAR
                                                  NORMAL
..................................................................
TEMPERATURE (F)
 YESTERDAY
  MAXIMUM         69    308 PM  72    1991  51     18       57
  MINIMUM         51    827 AM  24    1993  35     16       45
  AVERAGE         60                        43     17       51

PRECIPITATION (IN)
  YESTERDAY        0.51          0.69 2005   0.15   0.36     0.66
  MONTH TO DATE    1.00                      3.82  -2.82     1.88
  SINCE SEP 1      3.83                     10.47  -6.64     6.37
  SINCE JAN 1     44.82                     44.02   0.80    52.15

SNOWFALL (IN)
  YESTERDAY        0.0           0.1  2003   0.1   -0.1      0.0
  MONTH TO DATE    0.0                       0.5   -0.5       T
  SINCE SEP 1      0.0                       0.6   -0.6       T
  SINCE JUL 1      0.0                       0.6   -0.6       T
  SNOW DEPTH       0

DEGREE DAYS
 HEATING
  YESTERDAY        5                        22    -17       14
  MONTH TO DATE  391                       482    -91      342
  SINCE SEP 1    513                       777   -264      583
  SINCE JUL 1    513                       779   -266      583

 COOLING
  YESTERDAY        0                         0      0        0
  MONTH TO DATE   22                         0     22       15
  SINCE SEP 1    348                       172    176      212
  SINCE JAN 1   1580                      1150    430     1263
..................................................................


WIND (MPH)
  HIGHEST WIND SPEED    12   HIGHEST WIND DIRECTION    SW (230)
  HIGHEST GUST SPEED    21   HIGHEST GUST DIRECTION     S (160)
  AVERAGE WIND SPEED     4.1


SKY COVER
  POSSIBLE SUNSHINE  MM
  AVERAGE SKY COVER 0.3


WEATHER CONDITIONS
 THE FOLLOWING WEATHER WAS RECORDED YESTERDAY.
  HEAVY RAIN
  RAIN
  LIGHT RAIN
  FOG


RELATIVE HUMIDITY (PERCENT)
 HIGHEST    96           100 AM
 LOWEST     39           600 PM
 AVERAGE    68

..........................................................


THE JACKSON KY CLIMATE NORMALS FOR TODAY
                         NORMAL    RECORD    YEAR
 MAXIMUM TEMPERATURE (F)   51        73      1998
 MINIMUM TEMPERATURE (F)   35        24      1989


SUNRISE AND SUNSET
NOVEMBER 30 2016......SUNRISE   729 AM EST   SUNSET   515 PM EST
DECEMBER  1 2016......SUNRISE   730 AM EST   SUNSET   515 PM EST


-  INDICATES NEGATIVE NUMBERS.
R  INDICATES RECORD WAS SET OR TIED.
MM INDICATES DATA IS MISSING.
T  INDICATES TRACE AMOUNT.




$$
