000
CDUS43 KJKL 112128
CLIJKL

CLIMATE REPORT
NATIONAL WEATHER SERVICE JACKSON KY
428 PM EST THU JAN 11 2018

...................................

...THE JACKSON KY CLIMATE SUMMARY FOR JANUARY 11 2018...
VALID TODAY AS OF 0400 PM LOCAL TIME.

CLIMATE NORMAL PERIOD 1981 TO 2010
CLIMATE RECORD PERIOD 1981 TO 2018

WEATHER ITEM   OBSERVED TIME   RECORD YEAR NORMAL DEPARTURE LAST
                VALUE   (LST)  VALUE       VALUE  FROM      YEAR
                                                  NORMAL
..................................................................
TEMPERATURE (F)
 TODAY
  MAXIMUM         69R   207 PM  65    2013  43     26       61
  MINIMUM         51    540 AM  -8    1982  27     24       48
  AVERAGE         60                        35     25       55

PRECIPITATION (IN)
  TODAY            0.01          1.00 2012   0.12  -0.11     0.16
  MONTH TO DATE    0.30                      1.27  -0.97     1.29
  SINCE DEC 1      3.58                      5.45  -1.87     7.45
  SINCE JAN 1      0.30                      1.27  -0.97     1.29

SNOWFALL (IN)
  TODAY            0.0           1.2  1987   0.3   -0.3      0.0
  MONTH TO DATE    0.1                       2.4   -2.3      2.5
  SINCE DEC 1      1.1                       7.3   -6.2      2.8
  SINCE JUL 1      1.1                       7.9   -6.8      2.8
  SNOW DEPTH       0

DEGREE DAYS
 HEATING
  TODAY            5                        30    -25       10
  MONTH TO DATE  406                       330     76      325
  SINCE DEC 1   1286                      1164    122     1122
  SINCE JUL 1   2008                      1964     44     1648

 COOLING
  TODAY            0                         0      0        0
  MONTH TO DATE    0                         0      0        0
  SINCE DEC 1      0                         1     -1        0
  SINCE JAN 1      0                         0      0        0
..................................................................

WIND (MPH)
  HIGHEST WIND SPEED    12   HIGHEST WIND DIRECTION    SE (150)
  HIGHEST GUST SPEED    22   HIGHEST GUST DIRECTION     S (170)
  AVERAGE WIND SPEED     5.6

SKY COVER
  POSSIBLE SUNSHINE  MM
  AVERAGE SKY COVER 0.6

WEATHER CONDITIONS
 THE FOLLOWING WEATHER WAS RECORDED TODAY.
  LIGHT RAIN

RELATIVE HUMIDITY (PERCENT)
 HIGHEST    78           400 PM
 LOWEST     58          1200 PM
 AVERAGE    68

..........................................................

THE JACKSON KY CLIMATE NORMALS FOR TOMORROW
                         NORMAL    RECORD    YEAR
 MAXIMUM TEMPERATURE (F)   43        69      2005
 MINIMUM TEMPERATURE (F)   27         2      1981

SUNRISE AND SUNSET
JANUARY 11 2018.......SUNRISE   748 AM EST   SUNSET   535 PM EST
JANUARY 12 2018.......SUNRISE   748 AM EST   SUNSET   536 PM EST

-  INDICATES NEGATIVE NUMBERS.
R  INDICATES RECORD WAS SET OR TIED.
MM INDICATES DATA IS MISSING.
T  INDICATES TRACE AMOUNT.

$$

CARICO
