000
CDUS43 KJKL 252019
CLIJKL

CLIMATE REPORT
NATIONAL WEATHER SERVICE JACKSON KY
419 PM EDT TUE AUG 25 2015

...................................

...THE JACKSON KY CLIMATE SUMMARY FOR AUGUST 25 2015...
VALID TODAY AS OF 0400 PM LOCAL TIME.

CLIMATE NORMAL PERIOD 1981 TO 2010
CLIMATE RECORD PERIOD 1981 TO 2015

WEATHER ITEM   OBSERVED TIME   RECORD YEAR NORMAL DEPARTURE LAST
                VALUE   (LST)  VALUE       VALUE  FROM      YEAR
                                                  NORMAL
..................................................................
TEMPERATURE (F)
 TODAY
  MAXIMUM         76    208 PM  94    1995  84     -8       84
  MINIMUM         56    652 AM  55    1984  64     -8       66
  AVERAGE         66                        74     -8       75

PRECIPITATION (IN)
  TODAY            0.00          0.54 1985   0.11  -0.11     0.00
  MONTH TO DATE    5.02                      3.10   1.92     6.28
  SINCE JUN 1     21.31                     12.45   8.86    15.17
  SINCE JAN 1     45.78                     32.96  12.82    36.03

SNOWFALL (IN)
  TODAY            0.0                       0.0    0.0      0.0
  MONTH TO DATE    0.0                       0.0    0.0      0.0
  SINCE JUN 1      0.0                       0.0    0.0      0.0
  SINCE JUL 1      0.0                       0.0    0.0      0.0
  SNOW DEPTH       0

DEGREE DAYS
 HEATING
  TODAY            0                         0      0        0
  MONTH TO DATE    0                         0      0        0
  SINCE JUN 1      9                        12     -3        3
  SINCE JUL 1      0                         0      0        3

 COOLING
  TODAY            1                         9     -8       10
  MONTH TO DATE  212                       246    -34      209
  SINCE JUN 1    811                       790     21      745
  SINCE JAN 1   1015                       926     89      936
..................................................................

WIND (MPH)
  HIGHEST WIND SPEED     9   HIGHEST WIND DIRECTION    NW (310)
  HIGHEST GUST SPEED    14   HIGHEST GUST DIRECTION    NW (300)
  AVERAGE WIND SPEED     2.2

SKY COVER
  POSSIBLE SUNSHINE  MM
  AVERAGE SKY COVER 0.1

WEATHER CONDITIONS
 THE FOLLOWING WEATHER WAS RECORDED TODAY.
  NO SIGNIFICANT WEATHER WAS OBSERVED.

RELATIVE HUMIDITY (PERCENT)
 HIGHEST    93           600 AM
 LOWEST     44           100 PM
 AVERAGE    69
..........................................................

THE JACKSON KY CLIMATE NORMALS FOR TOMORROW
                         NORMAL    RECORD    YEAR
 MAXIMUM TEMPERATURE (F)   84        93      1993
                                             1987
 MINIMUM TEMPERATURE (F)   64        58      1984

SUNRISE AND SUNSET
AUGUST 25 2015........SUNRISE   657 AM EDT   SUNSET   813 PM EDT
AUGUST 26 2015........SUNRISE   658 AM EDT   SUNSET   811 PM EDT

-  INDICATES NEGATIVE NUMBERS.
R  INDICATES RECORD WAS SET OR TIED.
MM INDICATES DATA IS MISSING.
T  INDICATES TRACE AMOUNT.

$$

TAB
