000
CDUS43 KJKL 250643
CLIJKL

CLIMATE REPORT
NATIONAL WEATHER SERVICE JACKSON KY
143 AM EST TUE NOV 25 2014


...................................

...THE JACKSON KY CLIMATE SUMMARY FOR NOVEMBER 24 2014...

CLIMATE NORMAL PERIOD 1981 TO 2010
CLIMATE RECORD PERIOD 1981 TO 2014


WEATHER ITEM   OBSERVED TIME   RECORD YEAR NORMAL DEPARTURE LAST
                VALUE   (LST)  VALUE       VALUE  FROM      YEAR
                                                  NORMAL
..................................................................
TEMPERATURE (F)
 YESTERDAY
  MAXIMUM         70R  1145 AM  70    2001  54     16       30
  MINIMUM         45   1159 PM  17    2013  37      8       17
  AVERAGE         58                        45     13       24

PRECIPITATION (IN)
  YESTERDAY        T             0.66 2008   0.14  -0.14      T
  MONTH TO DATE    2.95                      3.12  -0.17     1.87
  SINCE SEP 1     13.07                      9.77   3.30     5.27
  SINCE JAN 1     51.37                     43.32   8.05    48.49

SNOWFALL (IN)
  YESTERDAY        0.0                       0.0    0.0       T
  MONTH TO DATE    1.0                       0.3    0.7      0.9
  SINCE SEP 1      1.0                       0.4    0.6      1.0
  SINCE JUL 1      1.0                       0.4    0.6      1.0
  SNOW DEPTH       0

DEGREE DAYS
 HEATING
  YESTERDAY        7                        20    -13       41
  MONTH TO DATE  556                       376    180      423
  SINCE SEP 1    852                       671    181      691
  SINCE JUL 1    855                       673    182      693

COOLING
  YESTERDAY        0                         0      0        0
  MONTH TO DATE    0                         0      0        0
  SINCE SEP 1    164                       172     -8      174
  SINCE JAN 1   1165                      1150     15     1069
..................................................................


WIND (MPH)
  HIGHEST WIND SPEED    21   HIGHEST WIND DIRECTION     W (260)
  HIGHEST GUST SPEED    34   HIGHEST GUST DIRECTION    SW (220)
  AVERAGE WIND SPEED     7.1


SKY COVER
  POSSIBLE SUNSHINE  MM
  AVERAGE SKY COVER 0.5


WEATHER CONDITIONS
 THE FOLLOWING WEATHER WAS RECORDED YESTERDAY.
  LIGHT RAIN


RELATIVE HUMIDITY (PERCENT)
 HIGHEST    72          1200 AM
 LOWEST     37           200 PM
 AVERAGE    55

..........................................................


THE JACKSON KY CLIMATE NORMALS FOR TODAY
                         NORMAL    RECORD    YEAR
 MAXIMUM TEMPERATURE (F)   53        73      2010
                                             1990
 MINIMUM TEMPERATURE (F)   36        15      2005


SUNRISE AND SUNSET
NOVEMBER 25 2014......SUNRISE   723 AM EST   SUNSET   517 PM EST
NOVEMBER 26 2014......SUNRISE   724 AM EST   SUNSET   516 PM EST


-  INDICATES NEGATIVE NUMBERS.
R  INDICATES RECORD WAS SET OR TIED.
MM INDICATES DATA IS MISSING.
T  INDICATES TRACE AMOUNT.

$$
