000
CDUS43 KJKL 120523
CLIJKL

CLIMATE REPORT
NATIONAL WEATHER SERVICE JACKSON KY
1223 AM EST SUN NOV 12 2017

...................................

...THE JACKSON KY CLIMATE SUMMARY FOR NOVEMBER 11 2017...

CLIMATE NORMAL PERIOD 1981 TO 2010
CLIMATE RECORD PERIOD 1981 TO 2017

WEATHER ITEM   OBSERVED TIME   RECORD YEAR NORMAL DEPARTURE LAST
                VALUE   (LST)  VALUE       VALUE  FROM      YEAR
                                                  NORMAL
..................................................................
TEMPERATURE (F)
 YESTERDAY
  MAXIMUM         52    415 PM  73    2012  59     -7       60
  MINIMUM         24R   743 AM  26    1987  41    -17       41
  AVERAGE         38                        50    -12       51

PRECIPITATION (IN)
  YESTERDAY        0.00          0.78 1986   0.12  -0.12     0.00
  MONTH TO DATE    0.47                      1.35  -0.88     0.14
  SINCE SEP 1      9.09                      8.00   1.09     2.97
  SINCE JAN 1     47.41                     41.55   5.86    43.96

SNOWFALL (IN)
  YESTERDAY        0.0           0.4  1995   0.0    0.0      0.0
  MONTH TO DATE    0.0                       0.1   -0.1      0.0
  SINCE SEP 1      T                         0.2   -0.2      0.0
  SINCE JUL 1      T                         0.2   -0.2      0.0
  SNOW DEPTH       0

DEGREE DAYS
 HEATING
  YESTERDAY       27                        15     12       14
  MONTH TO DATE  135                       147    -12       92
  SINCE SEP 1    369                       442    -73      214
  SINCE JUL 1    369                       444    -75      214

 COOLING
  YESTERDAY        0                         0      0        0
  MONTH TO DATE    5                         0      5       20
  SINCE SEP 1    198                       172     26      346
  SINCE JAN 1   1200                      1150     50     1578
..................................................................

WIND (MPH)
  HIGHEST WIND SPEED     7   HIGHEST WIND DIRECTION    NE (50)
  HIGHEST GUST SPEED    13   HIGHEST GUST DIRECTION    NE (60)
  AVERAGE WIND SPEED     1.9

SKY COVER
  POSSIBLE SUNSHINE  MM
  AVERAGE SKY COVER 0.0

WEATHER CONDITIONS
 THE FOLLOWING WEATHER WAS RECORDED YESTERDAY.
  NO SIGNIFICANT WEATHER WAS OBSERVED.

RELATIVE HUMIDITY (PERCENT)
 HIGHEST    75           200 AM
 LOWEST     44           400 PM
 AVERAGE    60

..........................................................

THE JACKSON KY CLIMATE NORMALS FOR TODAY
                         NORMAL    RECORD    YEAR
 MAXIMUM TEMPERATURE (F)   59        73      2010
                                             1989
                                             1985
 MINIMUM TEMPERATURE (F)   41        19      1995

SUNRISE AND SUNSET
NOVEMBER 12 2017......SUNRISE   710 AM EST   SUNSET   524 PM EST
NOVEMBER 13 2017......SUNRISE   711 AM EST   SUNSET   524 PM EST

-  INDICATES NEGATIVE NUMBERS.
R  INDICATES RECORD WAS SET OR TIED.
MM INDICATES DATA IS MISSING.
T  INDICATES TRACE AMOUNT.

$$
