000
CDUS43 KJKL 230534
CLIJKL

CLIMATE REPORT
NATIONAL WEATHER SERVICE JACKSON KY
134 AM EDT TUE MAY 23 2017
...................................

...THE JACKSON KY CLIMATE SUMMARY FOR MAY 22 2017...

CLIMATE NORMAL PERIOD 1981 TO 2010
CLIMATE RECORD PERIOD 1981 TO 2017

WEATHER ITEM   OBSERVED TIME   RECORD YEAR NORMAL DEPARTURE LAST
                VALUE   (LST)  VALUE       VALUE  FROM      YEAR
                                                  NORMAL
..................................................................
TEMPERATURE (F)
 YESTERDAY
  MAXIMUM         69    359 PM  86    2007  76     -7       74
  MINIMUM         57    755 AM  38    2002  56      1       50
                                      1993
  AVERAGE         63                        66     -3       62

PRECIPITATION (IN)
  YESTERDAY        T             1.44 2001   0.17  -0.17     0.00
  MONTH TO DATE    4.55                      3.64   0.91     6.40
  SINCE MAR 1     12.99                     11.59   1.40    12.60
  SINCE JAN 1     20.56                     18.95   1.61    22.16

SNOWFALL (IN)
  YESTERDAY        0.0                       0.0    0.0      0.0
  MONTH TO DATE    0.0                       0.0    0.0      0.0
  SINCE MAR 1      0.2                       3.9   -3.7      2.9
  SINCE JUL 1      4.8                      23.5  -18.7     32.5
  SNOW DEPTH       0

DEGREE DAYS
 HEATING
  YESTERDAY        2                         3     -1        3
  MONTH TO DATE   76                        84     -8      134
  SINCE MAR 1    705                       905   -200      697
  SINCE JUL 1   3197                      4205  -1008     3451

 COOLING
  YESTERDAY        0                         3     -3        0
  MONTH TO DATE   73                        55     18       22
  SINCE MAR 1    169                       101     68       76
  SINCE JAN 1    171                       101     70       76
..................................................................

WIND (MPH)
  HIGHEST WIND SPEED    12   HIGHEST WIND DIRECTION    NW (330)
  HIGHEST GUST SPEED    22   HIGHEST GUST DIRECTION    NW (320)
  AVERAGE WIND SPEED     2.4

SKY COVER
  POSSIBLE SUNSHINE  MM
  AVERAGE SKY COVER 0.2

WEATHER CONDITIONS
 THE FOLLOWING WEATHER WAS RECORDED YESTERDAY.
  LIGHT RAIN

RELATIVE HUMIDITY (PERCENT)
 HIGHEST    93           100 AM
 LOWEST     55          1000 AM
 AVERAGE    74
..........................................................

THE JACKSON KY CLIMATE NORMALS FOR TODAY
                         NORMAL    RECORD    YEAR
 MAXIMUM TEMPERATURE (F)   76        87      1994
 MINIMUM TEMPERATURE (F)   56        47      2006
                                             2002
                                             2001

SUNRISE AND SUNSET
MAY 23 2017...........SUNRISE   618 AM EDT   SUNSET   843 PM EDT
MAY 24 2017...........SUNRISE   617 AM EDT   SUNSET   843 PM EDT

-  INDICATES NEGATIVE NUMBERS.
R  INDICATES RECORD WAS SET OR TIED.
MM INDICATES DATA IS MISSING.
T  INDICATES TRACE AMOUNT.

$$
