000
CDUS43 KJKL 062023 CCA
CLIJKL

CLIMATE REPORT
NATIONAL WEATHER SERVICE JACKSON KY
423 PM EDT SUN JUL 6 2014

...................................

...THE JACKSON KY CLIMATE SUMMARY FOR JULY 6 2014...
VALID TODAY AS OF 0400 PM LOCAL TIME.

CLIMATE NORMAL PERIOD 1981 TO 2010
CLIMATE RECORD PERIOD 1981 TO 2014


WEATHER ITEM   OBSERVED TIME   RECORD YEAR NORMAL DEPARTURE LAST
                VALUE   (LST)  VALUE       VALUE  FROM      YEAR
                                                  NORMAL
..................................................................
TEMPERATURE (F)
 TODAY
  MAXIMUM         87    248 PM  94    2012  85      2       79
                                      1988
  MINIMUM         62    516 AM  56    1997  66     -4       66
  AVERAGE         75                        75      0       73

PRECIPITATION (IN)
  TODAY            0.00          0.79 2013   0.14  -0.14     0.79
  MONTH TO DATE    0.04                      0.88  -0.84     2.21
  SINCE JUN 1      3.16                      5.58  -2.42     8.57
  SINCE JAN 1     24.02                     26.09  -2.07    28.77

SNOWFALL (IN)
  TODAY            0.0                       0.0    0.0      0.0
  MONTH TO DATE    0.0                       0.0    0.0      0.0
  SINCE JUN 1      0.0                       0.0    0.0      0.0
  SINCE JUL 1      0.0                       0.0    0.0      0.0
  SNOW DEPTH       0

DEGREE DAYS
 HEATING
  TODAY            0                         0      0        0
  MONTH TO DATE    0                         0      0        0
  SINCE JUN 1      0                        12    -12        0
  SINCE JUL 1      0                         0      0        0

 COOLING
  TODAY           10                        10      0        8
  MONTH TO DATE   54                        60     -6       42
  SINCE JUN 1    341                       283     58      266
  SINCE JAN 1    532                       419    113      414
..................................................................

WIND (MPH)
  HIGHEST WIND SPEED     8   HIGHEST WIND DIRECTION    SW (220)
  HIGHEST GUST SPEED    16   HIGHEST GUST DIRECTION     W (260)
  AVERAGE WIND SPEED     2.6

SKY COVER
  POSSIBLE SUNSHINE  MM
  AVERAGE SKY COVER 0.2

WEATHER CONDITIONS
 THE FOLLOWING WEATHER WAS RECORDED TODAY.
  NO SIGNIFICANT WEATHER WAS OBSERVED.

RELATIVE HUMIDITY (PERCENT)
 HIGHEST    72           400 AM
 LOWEST     37           300 PM
 AVERAGE    55

..........................................................

THE JACKSON KY CLIMATE NORMALS FOR TOMORROW
                         NORMAL    RECORD    YEAR
 MAXIMUM TEMPERATURE (F)   85        98      2012
 MINIMUM TEMPERATURE (F)   66        52      1983

SUNRISE AND SUNSET
JULY  6 2014..........SUNRISE   618 AM EDT   SUNSET   858 PM EDT
JULY  7 2014..........SUNRISE   619 AM EDT   SUNSET   857 PM EDT

-  INDICATES NEGATIVE NUMBERS.
R  INDICATES RECORD WAS SET OR TIED.
MM INDICATES DATA IS MISSING.
T  INDICATES TRACE AMOUNT.

$$

CARICO
