000
CDUS43 KJKL 080549
CLIJKL

CLIMATE REPORT
NATIONAL WEATHER SERVICE JACKSON KY
149 AM EST MON FEB 8 2016

...................................

...THE JACKSON KY CLIMATE SUMMARY FOR FEBRUARY 7 2016...

CLIMATE NORMAL PERIOD 1981 TO 2010
CLIMATE RECORD PERIOD 1981 TO 2016

WEATHER ITEM   OBSERVED TIME   RECORD YEAR NORMAL DEPARTURE LAST
                VALUE   (LST)  VALUE       VALUE  FROM      YEAR
                                                  NORMAL
..................................................................
TEMPERATURE (F)
 YESTERDAY
  MAXIMUM         54    405 PM  66    2009  46      8       62
  MINIMUM         30    717 AM   8    1988  28      2       34
  AVERAGE         42                        37      5       48

PRECIPITATION (IN)
  YESTERDAY        0.00          0.31 1996   0.14  -0.14     0.00
  MONTH TO DATE    1.86                      0.94   0.92     0.58
  SINCE DEC 1      9.79                      8.73   1.06     5.19
  SINCE JAN 1      5.15                      4.55   0.60     2.70

SNOWFALL (IN)
  YESTERDAY        0.0           2.2  2003   0.3   -0.3      0.0
                                      1995
  MONTH TO DATE    0.0                       2.0   -2.0      0.3
  SINCE DEC 1     21.4                      14.0    7.4      3.0
  SINCE JUL 1     21.4                      14.6    6.8      4.2
  SNOW DEPTH       0

DEGREE DAYS
 HEATING
  YESTERDAY       23                        28     -5       17
  MONTH TO DATE  143                       200    -57      199
  SINCE DEC 1   1557                      1966   -409     1923
  SINCE JUL 1   2155                      2766   -611     2913

 COOLING
  YESTERDAY        0                         0      0        0
  MONTH TO DATE    0                         0      0        0
  SINCE DEC 1      2                         1      1        0
  SINCE JAN 1      0                         0      0        0
..................................................................

WIND (MPH)
  HIGHEST WIND SPEED    10   HIGHEST WIND DIRECTION     W (260)
  HIGHEST GUST SPEED    15   HIGHEST GUST DIRECTION     W (250)
  AVERAGE WIND SPEED     3.6

SKY COVER
  POSSIBLE SUNSHINE  MM
  AVERAGE SKY COVER 0.0

WEATHER CONDITIONS
 THE FOLLOWING WEATHER WAS RECORDED YESTERDAY.
  NO SIGNIFICANT WEATHER WAS OBSERVED.

RELATIVE HUMIDITY (PERCENT)
 HIGHEST    69           600 AM
 LOWEST     28           400 PM
 AVERAGE    49
..........................................................

THE JACKSON KY CLIMATE NORMALS FOR TODAY
                         NORMAL    RECORD    YEAR
 MAXIMUM TEMPERATURE (F)   46        72      2001
 MINIMUM TEMPERATURE (F)   29         6      1985

SUNRISE AND SUNSET
FEBRUARY  8 2016......SUNRISE   731 AM EST   SUNSET   604 PM EST
FEBRUARY  9 2016......SUNRISE   730 AM EST   SUNSET   606 PM EST

-  INDICATES NEGATIVE NUMBERS.
R  INDICATES RECORD WAS SET OR TIED.
MM INDICATES DATA IS MISSING.
T  INDICATES TRACE AMOUNT.

$$

RAY
