000
CDUS43 KJKL 172120
CLIJKL

CLIMATE REPORT
NATIONAL WEATHER SERVICE JACKSON KY
420 PM EST FRI FEB 17 2017

...................................

...THE JACKSON KY CLIMATE SUMMARY FOR FEBRUARY 17 2017...
VALID TODAY AS OF 0400 PM LOCAL TIME.

CLIMATE NORMAL PERIOD 1981 TO 2010
CLIMATE RECORD PERIOD 1981 TO 2017

WEATHER ITEM   OBSERVED TIME   RECORD YEAR NORMAL DEPARTURE LAST
                VALUE   (LST)  VALUE       VALUE  FROM      YEAR
                                                  NORMAL
..................................................................
TEMPERATURE (F)
 TODAY
  MAXIMUM         69    324 PM  70    2011  48     21       34
  MINIMUM         38    249 AM   7    2015  30      8       32
  AVERAGE         54                        39     15       33

PRECIPITATION (IN)
  TODAY            0.00          1.15 1986   0.14  -0.14     0.01
  MONTH TO DATE    1.26                      2.26  -1.00     4.73
  SINCE DEC 1     12.13                     10.05   2.08    12.66
  SINCE JAN 1      5.97                      5.87   0.10     8.02

SNOWFALL (IN)
  TODAY            0.0           1.6  2007   0.2   -0.2       T
  MONTH TO DATE    T                         4.7   -4.7      7.4
  SINCE DEC 1      4.6                      16.7  -12.1     28.8
  SINCE JUL 1      4.6                      17.3  -12.7     28.8
  SNOW DEPTH       0

DEGREE DAYS
 HEATING
  TODAY           11                        26    -15       32
  MONTH TO DATE  357                       468   -111      531
  SINCE DEC 1   1852                      2234   -382     1945
  SINCE JUL 1   2378                      3034   -656     2543

 COOLING
  TODAY            0                         0      0        0
  MONTH TO DATE    0                         0      0        0
  SINCE DEC 1      0                         1     -1        2
  SINCE JAN 1      0                         0      0        0
..................................................................

WIND (MPH)
  HIGHEST WIND SPEED    13   HIGHEST WIND DIRECTION    SW (240)
  HIGHEST GUST SPEED    20   HIGHEST GUST DIRECTION    SW (220)
  AVERAGE WIND SPEED     6.0

SKY COVER
  POSSIBLE SUNSHINE  MM
  AVERAGE SKY COVER 0.0

WEATHER CONDITIONS
 THE FOLLOWING WEATHER WAS RECORDED TODAY.
  NO SIGNIFICANT WEATHER WAS OBSERVED.

RELATIVE HUMIDITY (PERCENT)
 HIGHEST    49           800 AM
 LOWEST     26           300 PM
 AVERAGE    38
..........................................................

THE JACKSON KY CLIMATE NORMALS FOR TOMORROW
                         NORMAL    RECORD    YEAR
 MAXIMUM TEMPERATURE (F)   49        70      1994
                                             1986
 MINIMUM TEMPERATURE (F)   31         5      2015

SUNRISE AND SUNSET
FEBRUARY 17 2017......SUNRISE   720 AM EST   SUNSET   615 PM EST
FEBRUARY 18 2017......SUNRISE   719 AM EST   SUNSET   616 PM EST

-  INDICATES NEGATIVE NUMBERS.
R  INDICATES RECORD WAS SET OR TIED.
MM INDICATES DATA IS MISSING.
T  INDICATES TRACE AMOUNT.

$$

TAB
