000
CDUS43 KJKL 220533
CLIJKL

CLIMATE REPORT
NATIONAL WEATHER SERVICE JACKSON KY
133 AM EDT WED MAR 22 2017

...................................

...THE JACKSON KY CLIMATE SUMMARY FOR MARCH 21 2017...

CLIMATE NORMAL PERIOD 1981 TO 2010
CLIMATE RECORD PERIOD 1981 TO 2017

WEATHER ITEM   OBSERVED TIME   RECORD YEAR NORMAL DEPARTURE LAST
                VALUE   (LST)  VALUE       VALUE  FROM      YEAR
                                                  NORMAL
..................................................................
TEMPERATURE (F)
 YESTERDAY
  MAXIMUM         64    431 PM  84    2012  59      5       53
  MINIMUM         48   1140 PM  16    1986  39      9       30
  AVERAGE         56                        49      7       42

PRECIPITATION (IN)
  YESTERDAY        0.00          0.72 1994   0.13  -0.13     0.00
  MONTH TO DATE    2.47                      2.80  -0.33     1.19
  SINCE MAR 1      2.47                      2.80  -0.33     1.19
  SINCE JAN 1     10.04                     10.16  -0.12    10.75

SNOWFALL (IN)
  YESTERDAY        0.0           1.7  1984   0.1   -0.1      0.0
  MONTH TO DATE    0.2                       2.2   -2.0      2.8
  SINCE MAR 1      0.2                       2.2   -2.0      2.8
  SINCE JUL 1      4.8                      21.8  -17.0     32.4
  SNOW DEPTH       0

DEGREE DAYS
 HEATING
  YESTERDAY        9                        16     -7       23
  MONTH TO DATE  446                       408     38      267
  SINCE MAR 1    446                       408     38      267
  SINCE JUL 1   2938                      3708   -770     3021

 COOLING
  YESTERDAY        0                         0      0        0
  MONTH TO DATE    0                         0      0        7
  SINCE MAR 1      0                         0      0        7
  SINCE JAN 1      2                         0      2        7
..................................................................

WIND (MPH)
  HIGHEST WIND SPEED     7   HIGHEST WIND DIRECTION     N (20)
  HIGHEST GUST SPEED    13   HIGHEST GUST DIRECTION     N (10)
  AVERAGE WIND SPEED     2.8

SKY COVER
  POSSIBLE SUNSHINE  MM
  AVERAGE SKY COVER 0.6

WEATHER CONDITIONS
 THE FOLLOWING WEATHER WAS RECORDED YESTERDAY.
  NO SIGNIFICANT WEATHER WAS OBSERVED.

RELATIVE HUMIDITY (PERCENT)
 HIGHEST    77           700 AM
 LOWEST     56           300 PM
 AVERAGE    67

..........................................................

THE JACKSON KY CLIMATE NORMALS FOR TODAY
                         NORMAL    RECORD    YEAR
 MAXIMUM TEMPERATURE (F)   60        84      2012
 MINIMUM TEMPERATURE (F)   39        17      2013

SUNRISE AND SUNSET
MARCH 22 2017.........SUNRISE   733 AM EDT   SUNSET   747 PM EDT
MARCH 23 2017.........SUNRISE   732 AM EDT   SUNSET   748 PM EDT

-  INDICATES NEGATIVE NUMBERS.
R  INDICATES RECORD WAS SET OR TIED.
MM INDICATES DATA IS MISSING.
T  INDICATES TRACE AMOUNT.

$$
