072
CDUS43 KJKL 082119
CLIJKL

CLIMATE REPORT
NATIONAL WEATHER SERVICE JACKSON KY
419 PM EST FRI DEC 8 2017

...................................

...THE JACKSON KY CLIMATE SUMMARY FOR DECEMBER 8 2017...
VALID TODAY AS OF 0400 PM LOCAL TIME.

CLIMATE NORMAL PERIOD 1981 TO 2010
CLIMATE RECORD PERIOD 1981 TO 2017

WEATHER ITEM   OBSERVED TIME   RECORD YEAR NORMAL DEPARTURE LAST
                VALUE   (LST)  VALUE       VALUE  FROM      YEAR
                                                  NORMAL
..................................................................
TEMPERATURE (F)
 TODAY
  MAXIMUM         29    359 PM  67    1987  48    -19       38
  MINIMUM         24    920 AM  10    2006  32     -8       24
  AVERAGE         27                        40    -13       31

PRECIPITATION (IN)
  TODAY            0.00          1.53 2009   0.14  -0.14     0.00
  MONTH TO DATE    0.69                      1.12  -0.43     0.83
  SINCE DEC 1      0.69                      1.12  -0.43     0.83
  SINCE JAN 1     48.93                     45.28   3.65    47.56

SNOWFALL (IN)
  TODAY            0.0           2.6  1989   0.1   -0.1      0.0
  MONTH TO DATE    T                         0.8   -0.8      0.0
  SINCE DEC 1      T                         0.8   -0.8      0.0
  SINCE JUL 1      T                         1.4   -1.4      0.0
  SNOW DEPTH       0

DEGREE DAYS
 HEATING
  TODAY           38                        25     13       34
  MONTH TO DATE  178                       191    -13      196
  SINCE DEC 1    178                       191    -13      196
  SINCE JUL 1    900                       991    -91      722

 COOLING
  TODAY            0                         0      0        0
  MONTH TO DATE    0                         0      0        0
  SINCE DEC 1      0                         0      0        0
  SINCE JAN 1   1200                      1154     46     1580
..................................................................

WIND (MPH)
  HIGHEST WIND SPEED     5   HIGHEST WIND DIRECTION     W (290)
  HIGHEST GUST SPEED     9   HIGHEST GUST DIRECTION     N (340)
  AVERAGE WIND SPEED     0.8

SKY COVER
  POSSIBLE SUNSHINE  MM
  AVERAGE SKY COVER 0.6

WEATHER CONDITIONS
 THE FOLLOWING WEATHER WAS RECORDED TODAY.
  NO SIGNIFICANT WEATHER WAS OBSERVED.

RELATIVE HUMIDITY (PERCENT)
 HIGHEST    74          1200 AM
 LOWEST     63           300 PM
 AVERAGE    69
..........................................................

THE JACKSON KY CLIMATE NORMALS FOR TOMORROW
                         NORMAL    RECORD    YEAR
 MAXIMUM TEMPERATURE (F)   48        69      2007
 MINIMUM TEMPERATURE (F)   32         7      1995

SUNRISE AND SUNSET
DECEMBER  8 2017......SUNRISE   736 AM EST   SUNSET   515 PM EST
DECEMBER  9 2017......SUNRISE   737 AM EST   SUNSET   515 PM EST

-  INDICATES NEGATIVE NUMBERS.
R  INDICATES RECORD WAS SET OR TIED.
MM INDICATES DATA IS MISSING.
T  INDICATES TRACE AMOUNT.

$$

TAB
