000
CDUS43 KJKL 280600
CLIJKL

CLIMATE REPORT
NATIONAL WEATHER SERVICE JACKSON KY
200 AM EDT SUN JUN 28 2015

...................................

...THE JACKSON KY CLIMATE SUMMARY FOR JUNE 27 2015...

CLIMATE NORMAL PERIOD 1981 TO 2010
CLIMATE RECORD PERIOD 1981 TO 2015

WEATHER ITEM   OBSERVED TIME   RECORD YEAR NORMAL DEPARTURE LAST
                VALUE   (LST)  VALUE       VALUE  FROM      YEAR
                                                  NORMAL
..................................................................
TEMPERATURE (F)
 YESTERDAY
  MAXIMUM         76    203 PM  91    1986  84     -8       88
  MINIMUM         60   1159 PM  54    2012  65     -5       67
                                      2004
  AVERAGE         68                        75     -7       78

PRECIPITATION (IN)
  YESTERDAY        0.70          1.48 1989   0.15   0.55     0.00
  MONTH TO DATE    6.91                      4.27   2.64     2.84
  SINCE JUN 1      6.91                      4.27   2.64     2.84
  SINCE JAN 1     31.38                     24.78   6.60    23.70

SNOWFALL (IN)
  YESTERDAY        0.0                       0.0    0.0      0.0
  MONTH TO DATE    0.0                       0.0    0.0      0.0
  SINCE JUN 1      0.0                       0.0    0.0      0.0
  SINCE JUL 1     29.1                      23.5    5.6     38.9
  SNOW DEPTH       0

DEGREE DAYS
 HEATING
  YESTERDAY        0                         0      0        0
  MONTH TO DATE    9                         9      0        0
  SINCE JUN 1      9                         9      0        0
  SINCE JUL 1   4575                      4231    344     4509

 COOLING
  YESTERDAY        3                        10     -7       13
  MONTH TO DATE  263                       194     69      251
  SINCE JUN 1    263                       194     69      251
  SINCE JAN 1    467                       330    137      442
..................................................................

WIND (MPH)
  HIGHEST WIND SPEED    16   HIGHEST WIND DIRECTION     W (280)
  HIGHEST GUST SPEED    25   HIGHEST GUST DIRECTION    NW (300)
  AVERAGE WIND SPEED     3.6

SKY COVER
  POSSIBLE SUNSHINE  MM
  AVERAGE SKY COVER 0.8

WEATHER CONDITIONS
 THE FOLLOWING WEATHER WAS RECORDED YESTERDAY.
  HEAVY RAIN
  RAIN
  LIGHT RAIN
  FOG

RELATIVE HUMIDITY (PERCENT)
 HIGHEST    93          1200 AM
 LOWEST     66           600 PM
 AVERAGE    80
..........................................................

THE JACKSON KY CLIMATE NORMALS FOR TODAY
                         NORMAL    RECORD    YEAR
 MAXIMUM TEMPERATURE (F)   84       100      2012
 MINIMUM TEMPERATURE (F)   65        53      1987

SUNRISE AND SUNSET
JUNE 28 2015..........SUNRISE   614 AM EDT   SUNSET   859 PM EDT
JUNE 29 2015..........SUNRISE   615 AM EDT   SUNSET   859 PM EDT

-  INDICATES NEGATIVE NUMBERS.
R  INDICATES RECORD WAS SET OR TIED.
MM INDICATES DATA IS MISSING.
T  INDICATES TRACE AMOUNT.

$$

RAY
