000
CDUS43 KJKL 170523
CLIJKL

CLIMATE REPORT
NATIONAL WEATHER SERVICE JACKSON KY
123 AM EDT WED SEP 17 2014

...................................

...THE JACKSON KY CLIMATE SUMMARY FOR SEPTEMBER 16 2014...

CLIMATE NORMAL PERIOD 1981 TO 2010
CLIMATE RECORD PERIOD 1981 TO 2014

WEATHER ITEM   OBSERVED TIME   RECORD YEAR NORMAL DEPARTURE LAST
                VALUE   (LST)  VALUE       VALUE  FROM      YEAR
                                                  NORMAL
..................................................................
TEMPERATURE (F)
 YESTERDAY
  MAXIMUM         66   1253 PM  92    1991  78    -12       72
  MINIMUM         56   1007 PM  45    2000  58     -2       58
                                      1984
  AVERAGE         61                        68     -7       65

PRECIPITATION (IN)
  YESTERDAY        0.05          1.69 1996   0.12  -0.07      T
  MONTH TO DATE    2.35                      1.80   0.55     0.43
  SINCE SEP 1      2.35                      1.80   0.55     0.43
  SINCE JAN 1     40.65                     35.35   5.30    43.65

SNOWFALL (IN)
  YESTERDAY        0.0                       0.0    0.0      0.0
  MONTH TO DATE    0.0                       0.0    0.0      0.0
  SINCE SEP 1      0.0                       0.0    0.0      0.0
  SINCE JUL 1      0.0                       0.0    0.0      0.0
  SNOW DEPTH       0

DEGREE DAYS
 HEATING
  YESTERDAY        4                         1      3        0
  MONTH TO DATE   16                         8      8       13
  SINCE SEP 1     16                         8      8       13
  SINCE JUL 1     19                        10      9       15

 COOLING
  YESTERDAY        0                         4     -4        0
  MONTH TO DATE  107                        99      8      108
  SINCE SEP 1    107                        99      8      108
  SINCE JAN 1   1108                      1077     31     1003
..................................................................

WIND (MPH)
  HIGHEST WIND SPEED     5   HIGHEST WIND DIRECTION     N (350)
  HIGHEST GUST SPEED     9   HIGHEST GUST DIRECTION     N (350)
  AVERAGE WIND SPEED     0.4

SKY COVER
  POSSIBLE SUNSHINE  MM
  AVERAGE SKY COVER 0.9

WEATHER CONDITIONS
 THE FOLLOWING WEATHER WAS RECORDED YESTERDAY.
  LIGHT RAIN
  FOG
  FOG W/VISIBILITY <= 1/4 MILE

RELATIVE HUMIDITY (PERCENT)
 HIGHEST    93          1200 AM
 LOWEST     87           100 PM
 AVERAGE    90
..........................................................

THE JACKSON KY CLIMATE NORMALS FOR TODAY
                         NORMAL    RECORD    YEAR
 MAXIMUM TEMPERATURE (F)   78        90      1991
 MINIMUM TEMPERATURE (F)   58        42      2000

SUNRISE AND SUNSET
SEPTEMBER 17 2014.....SUNRISE   717 AM EDT   SUNSET   738 PM EDT
SEPTEMBER 18 2014.....SUNRISE   718 AM EDT   SUNSET   736 PM EDT

-  INDICATES NEGATIVE NUMBERS.
R  INDICATES RECORD WAS SET OR TIED.
MM INDICATES DATA IS MISSING.
T  INDICATES TRACE AMOUNT.

$$

GEOGERIAN
