000
CDUS43 KJKL 100615
CLIJKL

CLIMATE REPORT
NATIONAL WEATHER SERVICE JACKSON KY
115 AM EST TUE JAN 10 2017

...................................

...THE JACKSON KY CLIMATE SUMMARY FOR JANUARY 9 2017...

CLIMATE NORMAL PERIOD 1981 TO 2010
CLIMATE RECORD PERIOD 1981 TO 2017

WEATHER ITEM   OBSERVED TIME   RECORD YEAR NORMAL DEPARTURE LAST
                VALUE   (LST)  VALUE       VALUE  FROM      YEAR
                                                  NORMAL
..................................................................
TEMPERATURE (F)
 YESTERDAY
  MAXIMUM         37    440 PM  62    2006  43     -6       57
  MINIMUM         14    233 AM   6    2011  27    -13       44
                                      1982
  AVERAGE         26                        35     -9       51

PRECIPITATION (IN)
  YESTERDAY        0.00          1.13 1999   0.12  -0.12     0.10
  MONTH TO DATE    0.79                      1.04  -0.25     0.51
  SINCE DEC 1      6.95                      5.22   1.73     5.15
  SINCE JAN 1      0.79                      1.04  -0.25     0.51

SNOWFALL (IN)
  YESTERDAY        0.0           2.4  2004   0.2   -0.2      0.0
  MONTH TO DATE    2.5                       1.9    0.6      0.1
  SINCE DEC 1      2.8                       6.8   -4.0      0.1
  SINCE JUL 1      2.8                       7.4   -4.6      0.1
  SNOW DEPTH       1

DEGREE DAYS
 HEATING
  YESTERDAY       39                        30      9       14
  MONTH TO DATE  292                       270     22      237
  SINCE DEC 1   1089                      1104    -15      665
  SINCE JUL 1   1615                      1904   -289     1263

 COOLING
  YESTERDAY        0                         0      0        0
  MONTH TO DATE    0                         0      0        0
  SINCE DEC 1      0                         1     -1        2
  SINCE JAN 1      0                         0      0        0
..................................................................

WIND (MPH)
  HIGHEST WIND SPEED    10   HIGHEST WIND DIRECTION    SW (220)
  HIGHEST GUST SPEED    20   HIGHEST GUST DIRECTION    SW (240)
  AVERAGE WIND SPEED     2.9

SKY COVER
  POSSIBLE SUNSHINE  MM
  AVERAGE SKY COVER 0.3

WEATHER CONDITIONS
 THE FOLLOWING WEATHER WAS RECORDED YESTERDAY.
  NO SIGNIFICANT WEATHER WAS OBSERVED.

RELATIVE HUMIDITY (PERCENT)
 HIGHEST    67           400 AM
 LOWEST     29           300 PM
 AVERAGE    48

..........................................................

THE JACKSON KY CLIMATE NORMALS FOR TODAY
                         NORMAL    RECORD    YEAR
 MAXIMUM TEMPERATURE (F)   43        60      2008
 MINIMUM TEMPERATURE (F)   27       -10      1982

SUNRISE AND SUNSET
JANUARY 10 2017.......SUNRISE   748 AM EST   SUNSET   534 PM EST
JANUARY 11 2017.......SUNRISE   748 AM EST   SUNSET   535 PM EST

-  INDICATES NEGATIVE NUMBERS.
R  INDICATES RECORD WAS SET OR TIED.
MM INDICATES DATA IS MISSING.
T  INDICATES TRACE AMOUNT.

$$
