000
CDUS43 KJKL 010530
CLIJKL

CLIMATE REPORT
NATIONAL WEATHER SERVICE JACKSON KY
119 AM EDT SAT AUG 1 2015

...................................

...THE JACKSON KY CLIMATE SUMMARY FOR JULY 31 2015...

CLIMATE NORMAL PERIOD 1981 TO 2010
CLIMATE RECORD PERIOD 1981 TO 2015

WEATHER ITEM   OBSERVED TIME   RECORD YEAR NORMAL DEPARTURE LAST
                VALUE   (LST)  VALUE       VALUE  FROM      YEAR
                                                  NORMAL
..................................................................
TEMPERATURE (F)
 YESTERDAY
  MAXIMUM         85    433 PM  97    1999  84      1       82
                                      1995
  MINIMUM         62    529 AM  59    2014  66     -4       59
                                      1993
  AVERAGE         74                        75     -1       71

PRECIPITATION (IN)
  YESTERDAY        0.00          1.72 1996   0.15  -0.15     0.00
  MONTH TO DATE    8.87                      4.65   4.22     5.77
  SINCE JUN 1     16.29                      9.35   6.94     8.89
  SINCE JAN 1     40.76                     29.86  10.90    29.75

SNOWFALL (IN)
  YESTERDAY        0.0                       0.0    0.0      0.0
  MONTH TO DATE    0.0                       0.0    0.0      0.0
  SINCE JUN 1      0.0                       0.0    0.0      0.0
  SINCE JUL 1      0.0                       0.0    0.0      0.0
  SNOW DEPTH       0

DEGREE DAYS
 HEATING
  YESTERDAY        0                         0      0        0
  MONTH TO DATE    0                         0      0        3
  SINCE JUN 1      9                        12     -3        3
  SINCE JUL 1      0                         0      0        3

 COOLING
  YESTERDAY        9                        10     -1        6
  MONTH TO DATE  325                       316      9      249
  SINCE JUN 1    599                       544     55      536
  SINCE JAN 1    803                       675    128      727
..................................................................

WIND (MPH)
  HIGHEST WIND SPEED     8   HIGHEST WIND DIRECTION    NW (310)
  HIGHEST GUST SPEED    12   HIGHEST GUST DIRECTION    NW (330)
  AVERAGE WIND SPEED     2.3

SKY COVER
  POSSIBLE SUNSHINE  MM
  AVERAGE SKY COVER 0.1

WEATHER CONDITIONS
 THE FOLLOWING WEATHER WAS RECORDED YESTERDAY.
  NO SIGNIFICANT WEATHER WAS OBSERVED.

RELATIVE HUMIDITY (PERCENT)
 HIGHEST    90           600 AM
 LOWEST     40           300 PM
 AVERAGE    65
..........................................................

THE JACKSON KY CLIMATE NORMALS FOR TODAY
                         NORMAL    RECORD    YEAR
 MAXIMUM TEMPERATURE (F)   84        97      1995
 MINIMUM TEMPERATURE (F)   66        57      1992

SUNRISE AND SUNSET
AUGUST  1 2015........SUNRISE   637 AM EDT   SUNSET   842 PM EDT
AUGUST  2 2015........SUNRISE   638 AM EDT   SUNSET   841 PM EDT

-  INDICATES NEGATIVE NUMBERS.
R  INDICATES RECORD WAS SET OR TIED.
MM INDICATES DATA IS MISSING.
T  INDICATES TRACE AMOUNT.

$$

SHALLENBERGER
