000
CDUS43 KJKL 090601
CLIJKL

CLIMATE REPORT
NATIONAL WEATHER SERVICE JACKSON KY
201 AM EDT WED AUG 9 2017

...................................

...THE JACKSON KY CLIMATE SUMMARY FOR AUGUST 8 2017...

CLIMATE NORMAL PERIOD 1981 TO 2010
CLIMATE RECORD PERIOD 1981 TO 2017

WEATHER ITEM   OBSERVED TIME   RECORD YEAR NORMAL DEPARTURE LAST
                VALUE   (LST)  VALUE       VALUE  FROM      YEAR
                                                  NORMAL
..................................................................
TEMPERATURE (F)
 YESTERDAY
  MAXIMUM         79    424 PM  94    2007  85     -6       83
  MINIMUM         62    639 AM  45    1989  66     -4       70
  AVERAGE         71                        75     -4       77

PRECIPITATION (IN)
  YESTERDAY        0.00          1.14 2000   0.14  -0.14     0.00
  MONTH TO DATE    1.51                      1.12   0.39     2.18
  SINCE JUN 1     11.85                     10.47   1.38    13.54
  SINCE JAN 1     35.27                     30.98   4.29    36.34

SNOWFALL (IN)
  YESTERDAY        0.0                       0.0    0.0      0.0
  MONTH TO DATE    0.0                       0.0    0.0      0.0
  SINCE JUN 1      0.0                       0.0    0.0      0.0
  SINCE JUL 1      0.0                       0.0    0.0      0.0
  SNOW DEPTH       0

DEGREE DAYS
 HEATING
  YESTERDAY        0                         0      0        0
  MONTH TO DATE    0                         0      0        0
  SINCE JUN 1      4                        12     -8        1
  SINCE JUL 1      0                         0      0        0

 COOLING
  YESTERDAY        6                        10     -4       12
  MONTH TO DATE   50                        80    -30      102
  SINCE JUN 1    607                       624    -17      789
  SINCE JAN 1    806                       760     46      930
..................................................................

WIND (MPH)
  HIGHEST WIND SPEED     6   HIGHEST WIND DIRECTION     E (70)
  HIGHEST GUST SPEED    11   HIGHEST GUST DIRECTION     E (70)
  AVERAGE WIND SPEED     0.1

SKY COVER
  POSSIBLE SUNSHINE  MM
  AVERAGE SKY COVER 0.3

WEATHER CONDITIONS
 THE FOLLOWING WEATHER WAS RECORDED YESTERDAY.
  FOG
  FOG W/VISIBILITY <= 1/4 MILE

RELATIVE HUMIDITY (PERCENT)
 HIGHEST   100           400 AM
 LOWEST     54           500 PM
 AVERAGE    77

..........................................................

THE JACKSON KY CLIMATE NORMALS FOR TODAY
                         NORMAL    RECORD    YEAR
 MAXIMUM TEMPERATURE (F)   85        96      2007
 MINIMUM TEMPERATURE (F)   66        51      1989

SUNRISE AND SUNSET
AUGUST  9 2017........SUNRISE   644 AM EDT   SUNSET   833 PM EDT
AUGUST 10 2017........SUNRISE   645 AM EDT   SUNSET   832 PM EDT

-  INDICATES NEGATIVE NUMBERS.
R  INDICATES RECORD WAS SET OR TIED.
MM INDICATES DATA IS MISSING.
T  INDICATES TRACE AMOUNT.

$$
