000
CDUS43 KJKL 180537
CLIJKL

CLIMATE REPORT
NATIONAL WEATHER SERVICE JACKSON KY
137 AM EDT SUN JUN 18 2017


...................................

...THE JACKSON KY CLIMATE SUMMARY FOR JUNE 17 2017...

CLIMATE NORMAL PERIOD 1981 TO 2010
CLIMATE RECORD PERIOD 1981 TO 2017


WEATHER ITEM   OBSERVED TIME   RECORD YEAR NORMAL DEPARTURE LAST
                VALUE   (LST)  VALUE       VALUE  FROM      YEAR
                                                  NORMAL
..................................................................
TEMPERATURE (F)
 YESTERDAY
  MAXIMUM         87    429 PM  91    2014  82      5       77
                                      2007
                                      1994
  MINIMUM         67    528 AM  54    2002  63      4       66
  AVERAGE         77                        73      4       72

PRECIPITATION (IN)
  YESTERDAY        0.00          0.93 2000   0.16  -0.16      T
  MONTH TO DATE    3.09                      2.78   0.31     1.45
  SINCE JUN 1      3.09                      2.78   0.31     1.45
  SINCE JAN 1     26.51                     23.29   3.22    24.25

SNOWFALL (IN)
  YESTERDAY        0.0                       0.0    0.0      0.0
  MONTH TO DATE    0.0                       0.0    0.0      0.0
  SINCE JUN 1      0.0                       0.0    0.0      0.0
  SINCE JUL 1      4.8                      23.5  -18.7     32.5
  SNOW DEPTH       0

DEGREE DAYS
 HEATING
  YESTERDAY        0                         0      0        0
  MONTH TO DATE    4                         9     -5        1
  SINCE JUN 1      4                         9     -5        1
  SINCE JUL 1   3213                      4231  -1018     3455

COOLING
  YESTERDAY       12                         8      4        7
  MONTH TO DATE  112                       106      6      150
  SINCE JUN 1    112                       106      6      150
  SINCE JAN 1    311                       242     69      291
..................................................................


WIND (MPH)
  HIGHEST WIND SPEED     7   HIGHEST WIND DIRECTION     S (160)
  HIGHEST GUST SPEED    11   HIGHEST GUST DIRECTION    SE (150)
  AVERAGE WIND SPEED     0.7


SKY COVER
  POSSIBLE SUNSHINE  MM
  AVERAGE SKY COVER 0.0


WEATHER CONDITIONS
 THE FOLLOWING WEATHER WAS RECORDED YESTERDAY.
  FOG


RELATIVE HUMIDITY (PERCENT)
 HIGHEST   100           400 AM
 LOWEST     57           400 PM
 AVERAGE    79

..........................................................


THE JACKSON KY CLIMATE NORMALS FOR TODAY
                         NORMAL    RECORD    YEAR
 MAXIMUM TEMPERATURE (F)   82        94      2007
 MINIMUM TEMPERATURE (F)   63        52      1999


SUNRISE AND SUNSET
JUNE 18 2017..........SUNRISE   612 AM EDT   SUNSET   857 PM EDT
JUNE 19 2017..........SUNRISE   612 AM EDT   SUNSET   858 PM EDT


-  INDICATES NEGATIVE NUMBERS.
R  INDICATES RECORD WAS SET OR TIED.
MM INDICATES DATA IS MISSING.
T  INDICATES TRACE AMOUNT.




$$
