000
CDUS43 KJKL 172019
CLIJKL

CLIMATE REPORT
NATIONAL WEATHER SERVICE JACKSON KY
419 PM EDT MON APR 17 2017

...................................

...THE JACKSON KY CLIMATE SUMMARY FOR APRIL 17 2017...
VALID TODAY AS OF 0400 PM LOCAL TIME.

CLIMATE NORMAL PERIOD 1981 TO 2010
CLIMATE RECORD PERIOD 1981 TO 2017

WEATHER ITEM   OBSERVED TIME   RECORD YEAR NORMAL DEPARTURE LAST
                VALUE   (LST)  VALUE       VALUE  FROM      YEAR
                                                  NORMAL
..................................................................
TEMPERATURE (F)
 TODAY
  MAXIMUM         69    257 PM  86    2002  69      0       82
  MINIMUM         59    734 AM  28    2001  47     12       53
  AVERAGE         64                        58      6       68

PRECIPITATION (IN)
  TODAY            0.25          0.89 2000   0.12   0.13     0.00
  MONTH TO DATE    1.39                      2.11  -0.72     0.74
  SINCE MAR 1      5.81                      6.23  -0.42     3.12
  SINCE JAN 1     13.38                     13.59  -0.21    12.68

SNOWFALL (IN)
  TODAY            0.0           0.9  2001   0.0    0.0      0.0
  MONTH TO DATE    0.0                       0.9   -0.9      0.1
  SINCE MAR 1      0.2                       3.8   -3.6      2.9
  SINCE JUL 1      4.8                      23.4  -18.6     32.5
  SNOW DEPTH       0

DEGREE DAYS
 HEATING
  TODAY            1                         8     -7        0
  MONTH TO DATE   81                       180    -99      205
  SINCE MAR 1    589                       733   -144      544
  SINCE JUL 1   3081                      4033   -952     3298

 COOLING
  TODAY            0                         1     -1        3
  MONTH TO DATE   40                        17     23        5
  SINCE MAR 1     46                        24     22       13
  SINCE JAN 1     48                        24     24       13
..................................................................

WIND (MPH)
  HIGHEST WIND SPEED     9   HIGHEST WIND DIRECTION     W (270)
  HIGHEST GUST SPEED    14   HIGHEST GUST DIRECTION     W (290)
  AVERAGE WIND SPEED     0.5

SKY COVER
  POSSIBLE SUNSHINE  MM
  AVERAGE SKY COVER 0.9

WEATHER CONDITIONS
 THE FOLLOWING WEATHER WAS RECORDED TODAY.
  RAIN
  LIGHT RAIN

RELATIVE HUMIDITY (PERCENT)
 HIGHEST    97           800 AM
 LOWEST     73           300 PM
 AVERAGE    85
..........................................................

THE JACKSON KY CLIMATE NORMALS FOR TOMORROW
                         NORMAL    RECORD    YEAR
 MAXIMUM TEMPERATURE (F)   69        88      2002
                                             1985
 MINIMUM TEMPERATURE (F)   48        28      1983

SUNRISE AND SUNSET
APRIL 17 2017.........SUNRISE   655 AM EDT   SUNSET   811 PM EDT
APRIL 18 2017.........SUNRISE   654 AM EDT   SUNSET   812 PM EDT

-  INDICATES NEGATIVE NUMBERS.
R  INDICATES RECORD WAS SET OR TIED.
MM INDICATES DATA IS MISSING.
T  INDICATES TRACE AMOUNT.

$$

TAB
