000
CDUS43 KJKL 150608
CLIJKL

SDFCLIJKL 000
TTAA00 KJKL 150606

CLIMATE REPORT
NATIONAL WEATHER SERVICE JACKSON KY
206 AM EDT FRI JUL 15 2016

...................................

...THE JACKSON KY CLIMATE SUMMARY FOR JULY 14 2016...

CLIMATE NORMAL PERIOD 1981 TO 2010
CLIMATE RECORD PERIOD 1981 TO 2016


WEATHER ITEM   OBSERVED TIME   RECORD YEAR NORMAL DEPARTURE LAST
                VALUE   (LST)  VALUE       VALUE  FROM      YEAR
                                                  NORMAL
..................................................................
TEMPERATURE (F)
 YESTERDAY
  MAXIMUM         89    246 PM  91    1993  85      4       82
  MINIMUM         69   1158 PM  54    2001  66      3       66
  AVERAGE         79                        76      3       74

PRECIPITATION (IN)
  YESTERDAY        0.03          3.04 2015   0.15  -0.12     3.04
  MONTH TO DATE    4.25                      2.04   2.21     7.52
  SINCE JUN 1      9.26                      6.74   2.52    14.94
  SINCE JAN 1     32.06                     27.25   4.81    39.41

SNOWFALL (IN)
  YESTERDAY        0.0                       0.0    0.0      0.0
  MONTH TO DATE    0.0                       0.0    0.0      0.0
  SINCE JUN 1      0.0                       0.0    0.0      0.0
  SINCE JUL 1      0.0                       0.0    0.0      0.0
  SNOW DEPTH       0

DEGREE DAYS
 HEATING
  YESTERDAY        0                         0      0        0
  MONTH TO DATE    0                         0      0        0
  SINCE JUN 1      1                        12    -11        9
  SINCE JUL 1      0                         0      0        0

 COOLING
  YESTERDAY       14                        11      3        9
  MONTH TO DATE  154                       144     10      124
  SINCE JUN 1    450                       367     83      398
  SINCE JAN 1    591                       503     88      602
..................................................................

WIND (MPH)
  HIGHEST WIND SPEED     8   HIGHEST WIND DIRECTION    SW (240)
  HIGHEST GUST SPEED    16   HIGHEST GUST DIRECTION     S (170)
  AVERAGE WIND SPEED     1.5

SKY COVER
  POSSIBLE SUNSHINE  MM
  AVERAGE SKY COVER 0.3

WEATHER CONDITIONS
 THE FOLLOWING WEATHER WAS RECORDED YESTERDAY.
  THUNDERSTORM
  LIGHT RAIN
  FOG

RELATIVE HUMIDITY (PERCENT)
 HIGHEST    84           500 AM
 LOWEST     59           200 PM
 AVERAGE    72

..........................................................

THE JACKSON KY CLIMATE NORMALS FOR TODAY
                         NORMAL    RECORD    YEAR
 MAXIMUM TEMPERATURE (F)   85        95      1995
                                             1988
 MINIMUM TEMPERATURE (F)   66        57      1987


SUNRISE AND SUNSET
JULY 15 2016..........SUNRISE   624 AM EDT   SUNSET   854 PM EDT
JULY 16 2016..........SUNRISE   625 AM EDT   SUNSET   853 PM EDT


-  INDICATES NEGATIVE NUMBERS.
R  INDICATES RECORD WAS SET OR TIED.
MM INDICATES DATA IS MISSING.
T  INDICATES TRACE AMOUNT.


$$

JVM
