000
CDUS43 KJKL 200811
CLIJKL

CLIMATE REPORT
NATIONAL WEATHER SERVICE JACKSON KY
410 AM EDT FRI MAY 20 2016

...................................

...THE JACKSON KY CLIMATE SUMMARY FOR MAY 19 2016...

CLIMATE NORMAL PERIOD 1981 TO 2010
CLIMATE RECORD PERIOD 1981 TO 2016

WEATHER ITEM   OBSERVED TIME   RECORD YEAR NORMAL DEPARTURE LAST
                VALUE   (LST)  VALUE       VALUE  FROM      YEAR
                                                  NORMAL
..................................................................
TEMPERATURE (F)
 YESTERDAY
  MAXIMUM         69    437 PM  88    1996  75     -6       78
  MINIMUM         45    617 AM  36    2002  55    -10       59
  AVERAGE         57                        65     -8       69

PRECIPITATION (IN)
  YESTERDAY        0.00          0.96 2005   0.17  -0.17      T
  MONTH TO DATE    5.63                      3.12   2.51     1.17
  SINCE MAR 1     11.83                     11.07   0.76    17.72
  SINCE JAN 1     21.39                     18.43   2.96    23.90

SNOWFALL (IN)
  YESTERDAY        0.0                       0.0    0.0      0.0
  MONTH TO DATE    0.0                       0.0    0.0      0.0
  SINCE MAR 1      2.9                       3.9   -1.0      3.7
  SINCE JUL 1     32.5                      23.5    9.0     29.1
  SNOW DEPTH       0

DEGREE DAYS
 HEATING
  YESTERDAY        8                         3      5        0
  MONTH TO DATE  127                        75     52       22
  SINCE MAR 1    690                       896   -206      779
  SINCE JUL 1   3444                      4196   -752     4544

 COOLING
  YESTERDAY        0                         3     -3        4
  MONTH TO DATE   22                        46    -24      108
  SINCE MAR 1     76                        92    -16      133
  SINCE JAN 1     76                        92    -16      133
..................................................................

WIND (MPH)
  HIGHEST WIND SPEED     8   HIGHEST WIND DIRECTION     E (110)
  HIGHEST GUST SPEED    14   HIGHEST GUST DIRECTION     E (110)
  AVERAGE WIND SPEED     1.9

SKY COVER
  POSSIBLE SUNSHINE  MM
  AVERAGE SKY COVER 0.4

WEATHER CONDITIONS
 THE FOLLOWING WEATHER WAS RECORDED YESTERDAY.
  FOG
  FOG W/VISIBILITY <= 1/4 MILE

RELATIVE HUMIDITY (PERCENT)
 HIGHEST    93           100 AM
 LOWEST     42           400 PM
 AVERAGE    68

..........................................................

THE JACKSON KY CLIMATE NORMALS FOR TODAY
                         NORMAL    RECORD    YEAR
 MAXIMUM TEMPERATURE (F)   75        87      1996
 MINIMUM TEMPERATURE (F)   56        38      2002

SUNRISE AND SUNSET
MAY 20 2016...........SUNRISE   620 AM EDT   SUNSET   840 PM EDT
MAY 21 2016...........SUNRISE   619 AM EDT   SUNSET   841 PM EDT

-  INDICATES NEGATIVE NUMBERS.
R  INDICATES RECORD WAS SET OR TIED.
MM INDICATES DATA IS MISSING.
T  INDICATES TRACE AMOUNT.

$$
