000
CDUS43 KJKL 052028
CLIJKL

CLIMATE REPORT
NATIONAL WEATHER SERVICE JACKSON KY
428 PM EDT SAT JUL 5 2014

...................................

...THE JACKSON KY CLIMATE SUMMARY FOR JULY 5 2014...
VALID TODAY AS OF 0400 PM LOCAL TIME.

CLIMATE NORMAL PERIOD 1981 TO 2010
CLIMATE RECORD PERIOD 1981 TO 2014

WEATHER ITEM   OBSERVED TIME   RECORD YEAR NORMAL DEPARTURE LAST
                VALUE   (LST)  VALUE       VALUE  FROM      YEAR
                                                  NORMAL
..................................................................
TEMPERATURE (F)
 TODAY
  MAXIMUM         80    247 PM  94    2012  85     -5       81
                                      1993
  MINIMUM         60    609 AM  56    1996  66     -6       64
  AVERAGE         70                        75     -5       73

PRECIPITATION (IN)
  TODAY            0.00          1.80 1984   0.15  -0.15     0.06
  MONTH TO DATE    0.04                      0.74  -0.70     1.42
  SINCE JUN 1      3.16                      5.44  -2.28     7.78
  SINCE JAN 1     24.02                     25.95  -1.93    27.98

SNOWFALL (IN)
  TODAY            0.0                       0.0    0.0      0.0
  MONTH TO DATE    0.0                       0.0    0.0      0.0
  SINCE JUN 1      0.0                       0.0    0.0      0.0
  SINCE JUL 1      0.0                       0.0    0.0      0.0
  SNOW DEPTH       0

DEGREE DAYS
 HEATING
  TODAY            0                         0      0        0
  MONTH TO DATE    0                         0      0        0
  SINCE JUN 1      0                        12    -12        0
  SINCE JUL 1      0                         0      0        0

 COOLING
  TODAY            5                        10     -5        8
  MONTH TO DATE   42                        50     -8       34
  SINCE JUN 1    329                       273     56      258
  SINCE JAN 1    520                       409    111      406
..................................................................

WIND (MPH)
  HIGHEST WIND SPEED     8   HIGHEST WIND DIRECTION    SE (140)
  HIGHEST GUST SPEED    13   HIGHEST GUST DIRECTION    SE (140)
  AVERAGE WIND SPEED     1.5

SKY COVER
  POSSIBLE SUNSHINE  MM
  AVERAGE SKY COVER 0.0

WEATHER CONDITIONS
 THE FOLLOWING WEATHER WAS RECORDED TODAY.
  NO SIGNIFICANT WEATHER WAS OBSERVED.

RELATIVE HUMIDITY (PERCENT)
 HIGHEST    69           400 AM
 LOWEST     28           200 PM
 AVERAGE    49

..........................................................

THE JACKSON KY CLIMATE NORMALS FOR TOMORROW
                         NORMAL    RECORD    YEAR
 MAXIMUM TEMPERATURE (F)   85        94      2012
                                             1988
 MINIMUM TEMPERATURE (F)   66        56      1997

SUNRISE AND SUNSET
JULY  5 2014..........SUNRISE   618 AM EDT   SUNSET   858 PM EDT
JULY  6 2014..........SUNRISE   618 AM EDT   SUNSET   858 PM EDT

-  INDICATES NEGATIVE NUMBERS.
R  INDICATES RECORD WAS SET OR TIED.
MM INDICATES DATA IS MISSING.
T  INDICATES TRACE AMOUNT.

$$

CARICO
