000
CDUS43 KJKL 210918 CCA
CLIJKL

CLIMATE REPORT...CORRECTED
NATIONAL WEATHER SERVICE JACKSON KY
517 AM EDT MON JUL 21 2014

...................................

...THE JACKSON KY CLIMATE SUMMARY FOR JULY 20 2014...

CLIMATE NORMAL PERIOD 1981 TO 2010
CLIMATE RECORD PERIOD 1981 TO 2014


WEATHER ITEM   OBSERVED TIME   RECORD YEAR NORMAL DEPARTURE LAST
                VALUE   (LST)  VALUE       VALUE  FROM      YEAR
                                                  NORMAL
..................................................................

TEMPERATURE (F)
 YESTERDAY
  MAXIMUM         83    509 PM  96    1986  85     -2       88
  MINIMUM         67    813 AM  53    2009  66      1       70
  AVERAGE         75                        75      0       79

PRECIPITATION (IN)
  YESTERDAY        0.46          1.41 1988   0.15   0.31      T
  MONTH TO DATE    3.73                      2.97   0.76     4.62
  SINCE JUN 1      6.85                      7.67  -0.82    10.98
  SINCE JAN 1     27.71                     28.18  -0.47    31.18

SNOWFALL (IN)
  YESTERDAY        0.0                       0.0    0.0      0.0
  MONTH TO DATE    0.0                       0.0    0.0      0.0
  SINCE JUN 1      0.0                       0.0    0.0      0.0
  SINCE JUL 1      0.0                       0.0    0.0      0.0
  SNOW DEPTH       0

DEGREE DAYS
 HEATING
  YESTERDAY        0                         0      0        0
  MONTH TO DATE    1                         0      1        0
  SINCE JUN 1      1                        12    -11        0
  SINCE JUL 1      1                         0      1        0

 COOLING
  YESTERDAY       10                        10      0       14
  MONTH TO DATE  180                       206    -26      206
  SINCE JUN 1    467                       429     38      430
  SINCE JAN 1    658                       565     93      578
..................................................................

WIND (MPH)
  HIGHEST WIND SPEED     6   HIGHEST WIND DIRECTION     N (350)
  HIGHEST GUST SPEED    11   HIGHEST GUST DIRECTION     W (250)
  AVERAGE WIND SPEED     1.2


SKY COVER
  POSSIBLE SUNSHINE  MM
  AVERAGE SKY COVER 0.7


WEATHER CONDITIONS
 THE FOLLOWING WEATHER WAS RECORDED YESTERDAY.
  HEAVY RAIN
  RAIN
  LIGHT RAIN
  FOG


RELATIVE HUMIDITY (PERCENT)
 HIGHEST    93           100 AM
 LOWEST     62           500 PM
 AVERAGE    78
..........................................................

THE JACKSON KY CLIMATE NORMALS FOR TODAY
                         NORMAL    RECORD    YEAR
 MAXIMUM TEMPERATURE (F)   85        93      1983
 MINIMUM TEMPERATURE (F)   66        57      2009
                                             2007


SUNRISE AND SUNSET
JULY 21 2014..........SUNRISE   628 AM EDT   SUNSET   851 PM EDT
JULY 22 2014..........SUNRISE   629 AM EDT   SUNSET   850 PM EDT


-  INDICATES NEGATIVE NUMBERS.
R  INDICATES RECORD WAS SET OR TIED.
MM INDICATES DATA IS MISSING.
T  INDICATES TRACE AMOUNT.
$$
