000
CDUS43 KJKL 250954
CLIJKL

CLIMATE REPORT
NATIONAL WEATHER SERVICE JACKSON KY
554 AM EDT THU SEP 25 2014

...................................

...THE JACKSON KY CLIMATE SUMMARY FOR SEPTEMBER 24 2014...

CLIMATE NORMAL PERIOD 1981 TO 2010
CLIMATE RECORD PERIOD 1981 TO 2014


WEATHER ITEM   OBSERVED TIME   RECORD YEAR NORMAL DEPARTURE LAST
                VALUE   (LST)  VALUE       VALUE  FROM      YEAR
                                                  NORMAL
..................................................................

TEMPERATURE (F)
 YESTERDAY
  MAXIMUM         74    339 PM  93    2005  75     -1       78
  MINIMUM         51    652 AM  34    1989  55     -4       50
  AVERAGE         63                        65     -2       64

PRECIPITATION (IN)
  YESTERDAY        0.00          1.89 2000   0.12  -0.12     0.00
  MONTH TO DATE    2.35                      2.76  -0.41     1.26
  SINCE SEP 1      2.35                      2.76  -0.41     1.26
  SINCE JAN 1     40.65                     36.31   4.34    44.48

SNOWFALL (IN)
  YESTERDAY        0.0                       0.0    0.0      0.0
  MONTH TO DATE    0.0                       0.0    0.0      0.0
  SINCE SEP 1      0.0                       0.0    0.0      0.0
  SINCE JUL 1      0.0                       0.0    0.0      0.0
  SNOW DEPTH       0

DEGREE DAYS
 HEATING
  YESTERDAY        2                         3     -1        1
  MONTH TO DATE   33                        27      6       28
  SINCE SEP 1     33                        27      6       28
  SINCE JUL 1     36                        29      7       30

 COOLING
  YESTERDAY        0                         3     -3        0
  MONTH TO DATE  119                       128     -9      123
  SINCE SEP 1    119                       128     -9      123
  SINCE JAN 1   1120                      1106     14     1018
..................................................................

WIND (MPH)
  HIGHEST WIND SPEED     6   HIGHEST WIND DIRECTION     E (90)
  HIGHEST GUST SPEED    10   HIGHEST GUST DIRECTION     E (70)
  AVERAGE WIND SPEED     1.7


SKY COVER
  POSSIBLE SUNSHINE  MM
  AVERAGE SKY COVER 0.0


WEATHER CONDITIONS
 THE FOLLOWING WEATHER WAS RECORDED YESTERDAY.
  HAZE


RELATIVE HUMIDITY (PERCENT)
 HIGHEST    89           600 AM
 LOWEST     44           200 PM
 AVERAGE    67
..........................................................

THE JACKSON KY CLIMATE NORMALS FOR TODAY
                         NORMAL    RECORD    YEAR
 MAXIMUM TEMPERATURE (F)   75        89      2007
                                             2005
 MINIMUM TEMPERATURE (F)   55        42      2001


SUNRISE AND SUNSET
SEPTEMBER 25 2014.....SUNRISE   724 AM EDT   SUNSET   726 PM EDT
SEPTEMBER 26 2014.....SUNRISE   724 AM EDT   SUNSET   724 PM EDT


-  INDICATES NEGATIVE NUMBERS.
R  INDICATES RECORD WAS SET OR TIED.
MM INDICATES DATA IS MISSING.
T  INDICATES TRACE AMOUNT.
$$
