000
CDUS43 KJKL 190905
CLIJKL

CLIMATE REPORT
NATIONAL WEATHER SERVICE JACKSON KY
505 AM EDT WED APR 19 2017

...................................

...THE JACKSON KY CLIMATE SUMMARY FOR APRIL 18 2017...

CLIMATE NORMAL PERIOD 1981 TO 2010
CLIMATE RECORD PERIOD 1981 TO 2017


WEATHER ITEM   OBSERVED TIME   RECORD YEAR NORMAL DEPARTURE LAST
                VALUE   (LST)  VALUE       VALUE  FROM      YEAR
                                                  NORMAL
..................................................................

TEMPERATURE (F)
 YESTERDAY
  MAXIMUM         71    305 PM  88    2002  69      2       86
                                      1985
  MINIMUM         58    711 AM  28    1983  48     10       54
  AVERAGE         65                        58      7       70

PRECIPITATION (IN)
  YESTERDAY        T             1.37 1998   0.12  -0.12     0.00
  MONTH TO DATE    1.39                      2.23  -0.84     0.74
  SINCE MAR 1      5.81                      6.35  -0.54     3.12
  SINCE JAN 1     13.38                     13.71  -0.33    12.68

SNOWFALL (IN)
  YESTERDAY        0.0           0.1  1983   0.0    0.0      0.0
  MONTH TO DATE    0.0                       0.9   -0.9      0.1
  SINCE MAR 1      0.2                       3.8   -3.6      2.9
  SINCE JUL 1      4.8                      23.4  -18.6     32.5
  SNOW DEPTH       0

DEGREE DAYS
 HEATING
  YESTERDAY        0                         8     -8        0
  MONTH TO DATE   81                       188   -107      205
  SINCE MAR 1    589                       741   -152      544
  SINCE JUL 1   3081                      4041   -960     3298

 COOLING
  YESTERDAY        0                         1     -1        5
  MONTH TO DATE   40                        18     22       10
  SINCE MAR 1     46                        25     21       18
  SINCE JAN 1     48                        25     23       18
..................................................................

WIND (MPH)
  HIGHEST WIND SPEED     8   HIGHEST WIND DIRECTION    SE (140)
  HIGHEST GUST SPEED    14   HIGHEST GUST DIRECTION     S (160)
  AVERAGE WIND SPEED     3.4


SKY COVER
  POSSIBLE SUNSHINE  MM
  AVERAGE SKY COVER 0.8


WEATHER CONDITIONS
 THE FOLLOWING WEATHER WAS RECORDED YESTERDAY.
  NO SIGNIFICANT WEATHER WAS OBSERVED.


RELATIVE HUMIDITY (PERCENT)
 HIGHEST    84          1200 AM
 LOWEST     53           500 AM
 AVERAGE    69
..........................................................

THE JACKSON KY CLIMATE NORMALS FOR TODAY
                         NORMAL    RECORD    YEAR
 MAXIMUM TEMPERATURE (F)   69        89      2002
 MINIMUM TEMPERATURE (F)   48        24      1983


SUNRISE AND SUNSET
APRIL 19 2017.........SUNRISE   653 AM EDT   SUNSET   813 PM EDT
APRIL 20 2017.........SUNRISE   651 AM EDT   SUNSET   814 PM EDT


-  INDICATES NEGATIVE NUMBERS.
R  INDICATES RECORD WAS SET OR TIED.
MM INDICATES DATA IS MISSING.
T  INDICATES TRACE AMOUNT.
$$
