000
CDUS43 KJKL 180553
CLIJKL

CLIMATE REPORT
NATIONAL WEATHER SERVICE JACKSON KY
1251 AM EST TUE NOV 18 2014
...................................

...THE JACKSON KY CLIMATE SUMMARY FOR NOVEMBER 17 2014...

CLIMATE NORMAL PERIOD 1981 TO 2010
CLIMATE RECORD PERIOD 1981 TO 2014

WEATHER ITEM   OBSERVED TIME   RECORD YEAR NORMAL DEPARTURE LAST
                VALUE   (LST)  VALUE       VALUE  FROM      YEAR
                                                  NORMAL
..................................................................
TEMPERATURE (F)
 YESTERDAY
  MAXIMUM         41    353 AM  71    2009  57    -16       68
                                      1993
  MINIMUM         20R  1159 PM  20    1997  39    -19       54
  AVERAGE         31                        48    -17       61

PRECIPITATION (IN)
  YESTERDAY        0.87          0.96 1993   0.14   0.73     0.41
  MONTH TO DATE    2.70                      2.14   0.56     1.43
  SINCE SEP 1     12.82                      8.79   4.03     4.83
  SINCE JAN 1     51.12                     42.34   8.78    48.05

SNOWFALL (IN)
  YESTERDAY        0.2                       0.0    0.2      0.0
  MONTH TO DATE    1.0                       0.1    0.9      0.9
  SINCE SEP 1      1.0                       0.2    0.8      1.0
  SINCE JUL 1      1.0                       0.2    0.8      1.0
  SNOW DEPTH       0

DEGREE DAYS
 HEATING
  YESTERDAY       34                        17     17        4
  MONTH TO DATE  381                       244    137      264
  SINCE SEP 1    677                       539    138      532
  SINCE JUL 1    680                       541    139      534

 COOLING
  YESTERDAY        0                         0      0        0
  MONTH TO DATE    0                         0      0        0
  SINCE SEP 1    164                       172     -8      174
  SINCE JAN 1   1165                      1150     15     1069
..................................................................

WIND (MPH)
  HIGHEST WIND SPEED    20   HIGHEST WIND DIRECTION     W (290)
  HIGHEST GUST SPEED    28   HIGHEST GUST DIRECTION     W (290)
  AVERAGE WIND SPEED     6.3

SKY COVER
  POSSIBLE SUNSHINE  MM
  AVERAGE SKY COVER 0.9

WEATHER CONDITIONS
 THE FOLLOWING WEATHER WAS RECORDED YESTERDAY.
  RAIN
  LIGHT RAIN
  LIGHT SNOW
  FOG
  FOG W/VISIBILITY <= 1/4 MILE

RELATIVE HUMIDITY (PERCENT)
 HIGHEST   100           200 AM
 LOWEST     63           600 PM
 AVERAGE    82
..........................................................

THE JACKSON KY CLIMATE NORMALS FOR TODAY
                         NORMAL    RECORD    YEAR
 MAXIMUM TEMPERATURE (F)   56        79      1985
 MINIMUM TEMPERATURE (F)   39        21      2005

SUNRISE AND SUNSET
NOVEMBER 18 2014......SUNRISE   716 AM EST   SUNSET   520 PM EST
NOVEMBER 19 2014......SUNRISE   717 AM EST   SUNSET   520 PM EST

-  INDICATES NEGATIVE NUMBERS.
R  INDICATES RECORD WAS SET OR TIED.
MM INDICATES DATA IS MISSING.
T  INDICATES TRACE AMOUNT.

$$
