000
CDUS43 KJKL 130555
CLIJKL

CLIMATE REPORT
NATIONAL WEATHER SERVICE JACKSON KY
154 AM EDT FRI MAY 13 2016
...................................

...THE JACKSON KY CLIMATE SUMMARY FOR MAY 12 2016...

CLIMATE NORMAL PERIOD 1981 TO 2010
CLIMATE RECORD PERIOD 1981 TO 2016

WEATHER ITEM   OBSERVED TIME   RECORD YEAR NORMAL DEPARTURE LAST
                VALUE   (LST)  VALUE       VALUE  FROM      YEAR
                                                  NORMAL
..................................................................
TEMPERATURE (F)
 YESTERDAY
  MAXIMUM         83    209 PM  88    1982  74      9       78
  MINIMUM         60    528 AM  40    1989  54      6       58
  AVERAGE         72                        64      8       68

PRECIPITATION (IN)
  YESTERDAY        0.29R         0.24 1985   0.17   0.12     0.00
  MONTH TO DATE    5.14                      1.92   3.22     0.17
  SINCE MAR 1     11.34                      9.87   1.47    16.72
  SINCE JAN 1     20.90                     17.23   3.67    22.90

SNOWFALL (IN)
  YESTERDAY        0.0                       0.0    0.0      0.0
  MONTH TO DATE    0.0                       0.0    0.0      0.0
  SINCE MAR 1      2.9                       3.9   -1.0      3.7
  SINCE JUL 1     32.5                      23.5    9.0     29.1
  SNOW DEPTH       0

DEGREE DAYS
 HEATING
  YESTERDAY        0                         4     -4        0
  MONTH TO DATE   49                        52     -3       15
  SINCE MAR 1    612                       873   -261      772
  SINCE JUL 1   3366                      4173   -807     4537

 COOLING
  YESTERDAY        7                         3      4        3
  MONTH TO DATE   22                        25     -3       74
  SINCE MAR 1     76                        71      5       99
  SINCE JAN 1     76                        71      5       99
..................................................................

WIND (MPH)
  HIGHEST WIND SPEED    10   HIGHEST WIND DIRECTION    NW (330)
  HIGHEST GUST SPEED    18   HIGHEST GUST DIRECTION     W (280)
  AVERAGE WIND SPEED     1.3

SKY COVER
  POSSIBLE SUNSHINE  MM
  AVERAGE SKY COVER 0.5

WEATHER CONDITIONS
 THE FOLLOWING WEATHER WAS RECORDED YESTERDAY.
  THUNDERSTORM
  HEAVY RAIN
  RAIN
  LIGHT RAIN
  FOG
  FOG W/VISIBILITY <= 1/4 MILE

RELATIVE HUMIDITY (PERCENT)
 HIGHEST   100           800 PM
 LOWEST     45           200 PM
 AVERAGE    73
..........................................................

THE JACKSON KY CLIMATE NORMALS FOR TODAY
                         NORMAL    RECORD    YEAR
 MAXIMUM TEMPERATURE (F)   74        90      1982
 MINIMUM TEMPERATURE (F)   54        37      2013

SUNRISE AND SUNSET
MAY 13 2016...........SUNRISE   625 AM EDT   SUNSET   835 PM EDT
MAY 14 2016...........SUNRISE   624 AM EDT   SUNSET   835 PM EDT

-  INDICATES NEGATIVE NUMBERS.
R  INDICATES RECORD WAS SET OR TIED.
MM INDICATES DATA IS MISSING.
T  INDICATES TRACE AMOUNT.

$$
