000
CDUS43 KJKL 200523
CLIJKL

CLIMATE REPORT
NATIONAL WEATHER SERVICE JACKSON KY
1222 AM EST SAT DEC 20 2014

...................................

...THE JACKSON KY CLIMATE SUMMARY FOR DECEMBER 19 2014...

CLIMATE NORMAL PERIOD 1981 TO 2010
CLIMATE RECORD PERIOD 1981 TO 2014


WEATHER ITEM   OBSERVED TIME   RECORD YEAR NORMAL DEPARTURE LAST
                VALUE   (LST)  VALUE       VALUE  FROM      YEAR
                                                  NORMAL
..................................................................
TEMPERATURE (F)
 YESTERDAY
  MAXIMUM         38    329 PM  66    2008  45     -7       62
  MINIMUM         27   1159 PM   5    1985  29     -2       34
  AVERAGE         33                        37     -4       48

PRECIPITATION (IN)
  YESTERDAY        0.00          0.75 2009   0.12  -0.12     0.00
  MONTH TO DATE    1.63                      2.64  -1.01     4.71
  SINCE DEC 1      1.63                      2.64  -1.01     4.71
  SINCE JAN 1     53.02                     46.80   6.22    54.34

SNOWFALL (IN)
  YESTERDAY        0.0                       0.1   -0.1      0.0
  MONTH TO DATE    T                         2.5   -2.5      1.2
  SINCE DEC 1      T                         2.5   -2.5      1.2
  SINCE JUL 1      1.2                       3.1   -1.9      4.1
  SNOW DEPTH       0

DEGREE DAYS
 HEATING
  YESTERDAY       32                        28      4       17
  MONTH TO DATE  472                       486    -14      481
  SINCE DEC 1    472                       486    -14      481
  SINCE JUL 1   1462                      1286    176     1368

 COOLING
  YESTERDAY        0                         0      0        0
  MONTH TO DATE    0                         0      0        0
  SINCE DEC 1      0                         0      0        0
  SINCE JAN 1   1165                      1154     11     1069
..................................................................


WIND (MPH)
  HIGHEST WIND SPEED     8   HIGHEST WIND DIRECTION    NE (60)
  HIGHEST GUST SPEED    11   HIGHEST GUST DIRECTION    NE (40)
  AVERAGE WIND SPEED     1.7


SKY COVER
  POSSIBLE SUNSHINE  MM
  AVERAGE SKY COVER 0.4


WEATHER CONDITIONS
 THE FOLLOWING WEATHER WAS RECORDED YESTERDAY.
  NO SIGNIFICANT WEATHER WAS OBSERVED.


RELATIVE HUMIDITY (PERCENT)
 HIGHEST    81          1100 PM
 LOWEST     54           300 PM
 AVERAGE    68

..........................................................


THE JACKSON KY CLIMATE NORMALS FOR TODAY
                         NORMAL    RECORD    YEAR
 MAXIMUM TEMPERATURE (F)   45        64      2013
 MINIMUM TEMPERATURE (F)   29         3      2004


SUNRISE AND SUNSET
DECEMBER 20 2014......SUNRISE   744 AM EST   SUNSET   518 PM EST
DECEMBER 21 2014......SUNRISE   744 AM EST   SUNSET   518 PM EST


-  INDICATES NEGATIVE NUMBERS.
R  INDICATES RECORD WAS SET OR TIED.
MM INDICATES DATA IS MISSING.
T  INDICATES TRACE AMOUNT.




$$
