000
CDUS43 KJKL 262019
CLIJKL

CLIMATE REPORT
NATIONAL WEATHER SERVICE JACKSON KY
419 PM EDT WED AUG 26 2015

...................................

...THE JACKSON KY CLIMATE SUMMARY FOR AUGUST 26 2015...
VALID TODAY AS OF 0400 PM LOCAL TIME.

CLIMATE NORMAL PERIOD 1981 TO 2010
CLIMATE RECORD PERIOD 1981 TO 2015

WEATHER ITEM   OBSERVED TIME   RECORD YEAR NORMAL DEPARTURE LAST
                VALUE   (LST)  VALUE       VALUE  FROM      YEAR
                                                  NORMAL
..................................................................
TEMPERATURE (F)
 TODAY
  MAXIMUM         75    228 PM  93    1993  84     -9       83
                                      1987
  MINIMUM         57R   610 AM  58    1984  64     -7       63
  AVERAGE         66                        74     -8       73

PRECIPITATION (IN)
  TODAY            0.00          0.93 2008   0.10  -0.10     0.00
  MONTH TO DATE    5.02                      3.20   1.82     6.28
  SINCE JUN 1     21.31                     12.55   8.76    15.17
  SINCE JAN 1     45.78                     33.06  12.72    36.03

SNOWFALL (IN)
  TODAY            0.0                       0.0    0.0      0.0
  MONTH TO DATE    0.0                       0.0    0.0      0.0
  SINCE JUN 1      0.0                       0.0    0.0      0.0
  SINCE JUL 1      0.0                       0.0    0.0      0.0
  SNOW DEPTH       0

DEGREE DAYS
 HEATING
  TODAY            0                         0      0        0
  MONTH TO DATE    0                         0      0        0
  SINCE JUN 1      9                        12     -3        3
  SINCE JUL 1      0                         0      0        3

 COOLING
  TODAY            1                         9     -8        8
  MONTH TO DATE  213                       255    -42      217
  SINCE JUN 1    812                       799     13      753
  SINCE JAN 1   1016                       935     81      944
..................................................................

WIND (MPH)
  HIGHEST WIND SPEED     6   HIGHEST WIND DIRECTION    NW (320)
  HIGHEST GUST SPEED     9   HIGHEST GUST DIRECTION    NW (320)
  AVERAGE WIND SPEED     0.5

SKY COVER
  POSSIBLE SUNSHINE  MM
  AVERAGE SKY COVER 0.6

WEATHER CONDITIONS
 THE FOLLOWING WEATHER WAS RECORDED TODAY.
  NO SIGNIFICANT WEATHER WAS OBSERVED.

RELATIVE HUMIDITY (PERCENT)
 HIGHEST    86           600 AM
 LOWEST     53          1100 AM
 AVERAGE    70
..........................................................

THE JACKSON KY CLIMATE NORMALS FOR TOMORROW
                         NORMAL    RECORD    YEAR
 MAXIMUM TEMPERATURE (F)   83        92      1988
 MINIMUM TEMPERATURE (F)   64        59      2010

SUNRISE AND SUNSET
AUGUST 26 2015........SUNRISE   658 AM EDT   SUNSET   811 PM EDT
AUGUST 27 2015........SUNRISE   659 AM EDT   SUNSET   810 PM EDT

-  INDICATES NEGATIVE NUMBERS.
R  INDICATES RECORD WAS SET OR TIED.
MM INDICATES DATA IS MISSING.
T  INDICATES TRACE AMOUNT.

$$

TAB
