000
CDUS43 KJKL 030640
CLIJKL

CLIMATE REPORT
NATIONAL WEATHER SERVICE JACKSON KY
140 AM EST SAT DEC 3 2016

...................................

...THE JACKSON KY CLIMATE SUMMARY FOR DECEMBER 2 2016...

CLIMATE NORMAL PERIOD 1981 TO 2010
CLIMATE RECORD PERIOD 1981 TO 2016

WEATHER ITEM   OBSERVED TIME   RECORD YEAR NORMAL DEPARTURE LAST
                VALUE   (LST)  VALUE       VALUE  FROM      YEAR
                                                  NORMAL
..................................................................
TEMPERATURE (F)
 YESTERDAY
  MAXIMUM         47    319 PM  78    1982  50     -3       51
  MINIMUM         29    706 AM  18    1985  34     -5       36
  AVERAGE         38                        42     -4       44

PRECIPITATION (IN)
  YESTERDAY        0.00          2.44 1991   0.14  -0.14     0.43
  MONTH TO DATE    0.00                      0.28  -0.28     1.71
  SINCE DEC 1      0.00                      0.28  -0.28     1.71
  SINCE JAN 1     46.73                     44.44   2.29    54.39

SNOWFALL (IN)
  YESTERDAY        0.0           1.5  2000   0.1   -0.1      0.0
  MONTH TO DATE    0.0                       0.2   -0.2      0.0
  SINCE DEC 1      0.0                       0.2   -0.2      0.0
  SINCE JUL 1      0.0                       0.8   -0.8       T
  SNOW DEPTH       0

DEGREE DAYS
 HEATING
  YESTERDAY       27                        23      4       21
  MONTH TO DATE   50                        46      4       31
  SINCE DEC 1     50                        46      4       31
  SINCE JUL 1    576                       846   -270      629

 COOLING
  YESTERDAY        0                         0      0        0
  MONTH TO DATE    0                         0      0        0
  SINCE DEC 1      0                         0      0        0
  SINCE JAN 1   1580                      1154    426     1263
..................................................................

WIND (MPH)
  HIGHEST WIND SPEED    12   HIGHEST WIND DIRECTION    NW (310)
  HIGHEST GUST SPEED    17   HIGHEST GUST DIRECTION    NW (300)
  AVERAGE WIND SPEED     4.3

SKY COVER
  POSSIBLE SUNSHINE  MM
  AVERAGE SKY COVER 0.2

WEATHER CONDITIONS
 THE FOLLOWING WEATHER WAS RECORDED YESTERDAY.
  NO SIGNIFICANT WEATHER WAS OBSERVED.

RELATIVE HUMIDITY (PERCENT)
 HIGHEST    85           500 AM
 LOWEST     53           200 PM
 AVERAGE    69
..........................................................

THE JACKSON KY CLIMATE NORMALS FOR TODAY
                         NORMAL    RECORD    YEAR
 MAXIMUM TEMPERATURE (F)   50        79      1982
 MINIMUM TEMPERATURE (F)   34        12      1985

SUNRISE AND SUNSET
DECEMBER  3 2016......SUNRISE   732 AM EST   SUNSET   515 PM EST
DECEMBER  4 2016......SUNRISE   733 AM EST   SUNSET   515 PM EST

-  INDICATES NEGATIVE NUMBERS.
R  INDICATES RECORD WAS SET OR TIED.
MM INDICATES DATA IS MISSING.
T  INDICATES TRACE AMOUNT.

$$

RAY
