000
CDUS43 KJKL 062021
CLIJKL

CLIMATE REPORT
NATIONAL WEATHER SERVICE JACKSON KY
422 PM EDT WED SEP 6 2017

...................................

...THE JACKSON KY CLIMATE SUMMARY FOR SEPTEMBER 6 2017...
VALID TODAY AS OF 0400 PM LOCAL TIME.

CLIMATE NORMAL PERIOD 1981 TO 2010
CLIMATE RECORD PERIOD 1981 TO 2017

WEATHER ITEM   OBSERVED TIME   RECORD YEAR NORMAL DEPARTURE LAST
                VALUE   (LST)  VALUE       VALUE  FROM      YEAR
                                                  NORMAL
..................................................................
TEMPERATURE (F)
 TODAY
  MAXIMUM         69    204 PM  95    1998  81    -12       89
  MINIMUM         53    726 AM  47    1984  62     -9       65
  AVERAGE         61                        71    -10       77

PRECIPITATION (IN)
  TODAY            0.00          0.55 2011   0.11  -0.11     0.00
  MONTH TO DATE    2.55                      0.64   1.91      T
  SINCE SEP 1      2.55                      0.64   1.91      T
  SINCE JAN 1     40.87                     34.19   6.68    40.99

SNOWFALL (IN)
  TODAY            0.0                       0.0    0.0      0.0
  MONTH TO DATE    0.0                       0.0    0.0      0.0
  SINCE SEP 1      0.0                       0.0    0.0      0.0
  SINCE JUL 1      0.0                       0.0    0.0      0.0
  SNOW DEPTH       0

DEGREE DAYS
 HEATING
  TODAY            4                         0      4        0
  MONTH TO DATE    7                         0      7        0
  SINCE SEP 1      7                         0      7        0
  SINCE JUL 1      7                         2      5        0

 COOLING
  TODAY            0                         7     -7       12
  MONTH TO DATE   13                        44    -31       41
  SINCE SEP 1     13                        44    -31       41
  SINCE JAN 1   1015                      1022     -7     1273
..................................................................

WIND (MPH)
  HIGHEST WIND SPEED     9   HIGHEST WIND DIRECTION    NW (300)
  HIGHEST GUST SPEED    13   HIGHEST GUST DIRECTION     W (290)
  AVERAGE WIND SPEED     1.6

SKY COVER
  POSSIBLE SUNSHINE  MM
  AVERAGE SKY COVER 0.5

WEATHER CONDITIONS
 THE FOLLOWING WEATHER WAS RECORDED TODAY.
  FOG
  FOG W/VISIBILITY <= 1/4 MILE

RELATIVE HUMIDITY (PERCENT)
 HIGHEST   100           300 AM
 LOWEST     55           200 PM
 AVERAGE    78
..........................................................

THE JACKSON KY CLIMATE NORMALS FOR TOMORROW
                         NORMAL    RECORD    YEAR
 MAXIMUM TEMPERATURE (F)   81        94      1990
 MINIMUM TEMPERATURE (F)   61        47      1988

SUNRISE AND SUNSET
SEPTEMBER  6 2017.....SUNRISE   708 AM EDT   SUNSET   754 PM EDT
SEPTEMBER  7 2017.....SUNRISE   709 AM EDT   SUNSET   753 PM EDT

-  INDICATES NEGATIVE NUMBERS.
R  INDICATES RECORD WAS SET OR TIED.
MM INDICATES DATA IS MISSING.
T  INDICATES TRACE AMOUNT.

$$

TAB
