000
CDUS43 KJKL 162022
CLIJKL

CLIMATE REPORT
NATIONAL WEATHER SERVICE JACKSON KY
422 PM EDT WED JUL 16 2014

...................................

...THE JACKSON KY CLIMATE SUMMARY FOR JULY 16 2014...
VALID TODAY AS OF 0400 PM LOCAL TIME.

CLIMATE NORMAL PERIOD 1981 TO 2010
CLIMATE RECORD PERIOD 1981 TO 2014

WEATHER ITEM   OBSERVED TIME   RECORD YEAR NORMAL DEPARTURE LAST
                VALUE   (LST)  VALUE       VALUE  FROM      YEAR
                                                  NORMAL
..................................................................
TEMPERATURE (F)
 TODAY
  MAXIMUM         74    229 PM  96    1988  85    -11       89
  MINIMUM         55R   609 AM  58    1990  66    -11       70
                                      1987
  AVERAGE         65                        76    -11       80

PRECIPITATION (IN)
  TODAY            0.00          0.25 1981   0.16  -0.16     0.00
  MONTH TO DATE    2.12                      2.35  -0.23     4.40
  SINCE JUN 1      5.24                      7.05  -1.81    10.76
  SINCE JAN 1     26.10                     27.56  -1.46    30.96

SNOWFALL (IN)
  TODAY            0.0                       0.0    0.0      0.0
  MONTH TO DATE    0.0                       0.0    0.0      0.0
  SINCE JUN 1      0.0                       0.0    0.0      0.0
  SINCE JUL 1      0.0                       0.0    0.0      0.0
  SNOW DEPTH       0

DEGREE DAYS
 HEATING
  TODAY            0                         0      0        0
  MONTH TO DATE    0                         0      0        0
  SINCE JUN 1      0                        12    -12        0
  SINCE JUL 1      0                         0      0        0

 COOLING
  TODAY            0                        11    -11       15
  MONTH TO DATE  164                       166     -2      149
  SINCE JUN 1    451                       389     62      373
  SINCE JAN 1    642                       525    117      521
..................................................................

WIND (MPH)
  HIGHEST WIND SPEED     8   HIGHEST WIND DIRECTION    NW (320)
  HIGHEST GUST SPEED    12   HIGHEST GUST DIRECTION    NW (320)
  AVERAGE WIND SPEED     2.2

SKY COVER
  POSSIBLE SUNSHINE  MM
  AVERAGE SKY COVER 0.4

WEATHER CONDITIONS
 THE FOLLOWING WEATHER WAS RECORDED TODAY.
  NO SIGNIFICANT WEATHER WAS OBSERVED.

RELATIVE HUMIDITY (PERCENT)
 HIGHEST    83           500 AM
 LOWEST     47           100 PM
 AVERAGE    65
..........................................................

THE JACKSON KY CLIMATE NORMALS FOR TOMORROW
                         NORMAL    RECORD    YEAR
 MAXIMUM TEMPERATURE (F)   85        95      1988
 MINIMUM TEMPERATURE (F)   66        59      1989

SUNRISE AND SUNSET
JULY 16 2014..........SUNRISE   625 AM EDT   SUNSET   854 PM EDT
JULY 17 2014..........SUNRISE   625 AM EDT   SUNSET   853 PM EDT

-  INDICATES NEGATIVE NUMBERS.
R  INDICATES RECORD WAS SET OR TIED.
MM INDICATES DATA IS MISSING.
T  INDICATES TRACE AMOUNT.

$$

TAB
