000
CDUS43 KJKL 040533
CLIJKL

CLIMATE REPORT
NATIONAL WEATHER SERVICE JACKSON KY
1223 AM EST THU JAN 4 2018

...................................

...THE JACKSON KY CLIMATE SUMMARY FOR JANUARY 3 2018...

CLIMATE NORMAL PERIOD 1981 TO 2010
CLIMATE RECORD PERIOD 1981 TO 2018

WEATHER ITEM   OBSERVED TIME   RECORD YEAR NORMAL DEPARTURE LAST
                VALUE   (LST)  VALUE       VALUE  FROM      YEAR
                                                  NORMAL
..................................................................
TEMPERATURE (F)
 YESTERDAY
  MAXIMUM         34    308 PM  70    2000  43     -9       58
  MINIMUM          9    609 AM   6    2010  27    -18       50
  AVERAGE         22                        35    -13       54

PRECIPITATION (IN)
  YESTERDAY        0.00          1.45 1982   0.12  -0.12     0.50
  MONTH TO DATE    T                         0.35  -0.35     0.58
  SINCE DEC 1      3.28                      4.53  -1.25     6.74
  SINCE JAN 1      T                         0.35  -0.35     0.58

SNOWFALL (IN)
  YESTERDAY        0.0           1.4  1988   0.2   -0.2      0.0
  MONTH TO DATE    T                         0.6   -0.6      0.0
  SINCE DEC 1      1.0                       5.5   -4.5      0.3
  SINCE JUL 1      1.0                       6.1   -5.1      0.3
  SNOW DEPTH       0

DEGREE DAYS
 HEATING
  YESTERDAY       43                        30     13       11
  MONTH TO DATE  148                        90     58       39
  SINCE DEC 1   1028                       924    104      836
  SINCE JUL 1   1750                      1724     26     1362

 COOLING
  YESTERDAY        0                         0      0        0
  MONTH TO DATE    0                         0      0        0
  SINCE DEC 1      0                         1     -1        0
  SINCE JAN 1      0                         0      0        0
..................................................................

WIND (MPH)
  HIGHEST WIND SPEED    14   HIGHEST WIND DIRECTION    NW (300)
  HIGHEST GUST SPEED    22   HIGHEST GUST DIRECTION    NW (320)
  AVERAGE WIND SPEED     4.2

SKY COVER
  POSSIBLE SUNSHINE  MM
  AVERAGE SKY COVER 0.4

WEATHER CONDITIONS
 THE FOLLOWING WEATHER WAS RECORDED YESTERDAY.
  NO SIGNIFICANT WEATHER WAS OBSERVED.

RELATIVE HUMIDITY (PERCENT)
 HIGHEST    73           700 AM
 LOWEST     28           300 PM
 AVERAGE    51
..........................................................

THE JACKSON KY CLIMATE NORMALS FOR TODAY
                         NORMAL    RECORD    YEAR
 MAXIMUM TEMPERATURE (F)   43        72      1993
 MINIMUM TEMPERATURE (F)   27         6      1981

SUNRISE AND SUNSET
JANUARY  4 2018.......SUNRISE   749 AM EST   SUNSET   528 PM EST
JANUARY  5 2018.......SUNRISE   749 AM EST   SUNSET   529 PM EST

-  INDICATES NEGATIVE NUMBERS.
R  INDICATES RECORD WAS SET OR TIED.
MM INDICATES DATA IS MISSING.
T  INDICATES TRACE AMOUNT.

$$

SHALLENBERGER
