000
CDUS43 KJKL 090532
CLIJKL

CLIMATE REPORT
NATIONAL WEATHER SERVICE JACKSON KY
1232 AM EST MON JAN 9 2017


...................................

...THE JACKSON KY CLIMATE SUMMARY FOR JANUARY 8 2017...

CLIMATE NORMAL PERIOD 1981 TO 2010
CLIMATE RECORD PERIOD 1981 TO 2017


WEATHER ITEM   OBSERVED TIME   RECORD YEAR NORMAL DEPARTURE LAST
                VALUE   (LST)  VALUE       VALUE  FROM      YEAR
                                                  NORMAL
..................................................................
TEMPERATURE (F)
 YESTERDAY
  MAXIMUM         22    328 PM  71    2008  43    -21       56
  MINIMUM          9   1206 AM  -1    2015  27    -18       43
  AVERAGE         16                        35    -19       50

PRECIPITATION (IN)
  YESTERDAY        T             1.24 1999   0.11  -0.11     0.41
  MONTH TO DATE    0.79                      0.92  -0.13     0.41
  SINCE DEC 1      6.95                      5.10   1.85     5.05
  SINCE JAN 1      0.79                      0.92  -0.13     0.41

SNOWFALL (IN)
  YESTERDAY        0.1           2.1  2011   0.2   -0.1      0.0
  MONTH TO DATE    2.5                       1.7    0.8      0.1
  SINCE DEC 1      2.8                       6.6   -3.8      0.1
  SINCE JUL 1      2.8                       7.2   -4.4      0.1
  SNOW DEPTH       1

DEGREE DAYS
 HEATING
  YESTERDAY       49                        30     19       15
  MONTH TO DATE  253                       240     13      223
  SINCE DEC 1   1050                      1074    -24      651
  SINCE JUL 1   1576                      1874   -298     1249

COOLING
  YESTERDAY        0                         0      0        0
  MONTH TO DATE    0                         0      0        0
  SINCE DEC 1      0                         1     -1        2
  SINCE JAN 1      0                         0      0        0
..................................................................


WIND (MPH)
  HIGHEST WIND SPEED     8   HIGHEST WIND DIRECTION     W (280)
  HIGHEST GUST SPEED    13   HIGHEST GUST DIRECTION    NW (300)
  AVERAGE WIND SPEED     3.0


SKY COVER
  POSSIBLE SUNSHINE  MM
  AVERAGE SKY COVER 0.5


WEATHER CONDITIONS
 THE FOLLOWING WEATHER WAS RECORDED YESTERDAY.
  LIGHT SNOW
  FOG
  HAZE


RELATIVE HUMIDITY (PERCENT)
 HIGHEST    83           800 AM
 LOWEST     45           400 PM
 AVERAGE    64

..........................................................


THE JACKSON KY CLIMATE NORMALS FOR TODAY
                         NORMAL    RECORD    YEAR
 MAXIMUM TEMPERATURE (F)   43        62      2006
 MINIMUM TEMPERATURE (F)   27         6      2011
                                             1982


SUNRISE AND SUNSET
JANUARY  9 2017.......SUNRISE   748 AM EST   SUNSET   533 PM EST
JANUARY 10 2017.......SUNRISE   748 AM EST   SUNSET   534 PM EST


-  INDICATES NEGATIVE NUMBERS.
R  INDICATES RECORD WAS SET OR TIED.
MM INDICATES DATA IS MISSING.
T  INDICATES TRACE AMOUNT.




$$
