000
CDUS43 KJKL 160528
CLIJKL

CLIMATE REPORT
NATIONAL WEATHER SERVICE JACKSON KY
1228 AM EST THU FEB 16 2017

...................................

...THE JACKSON KY CLIMATE SUMMARY FOR FEBRUARY 15 2017...

CLIMATE NORMAL PERIOD 1981 TO 2010
CLIMATE RECORD PERIOD 1981 TO 2017

WEATHER ITEM   OBSERVED TIME   RECORD YEAR NORMAL DEPARTURE LAST
                VALUE   (LST)  VALUE       VALUE  FROM      YEAR
                                                  NORMAL
..................................................................
TEMPERATURE (F)
 YESTERDAY
  MAXIMUM         47    338 PM  72    1990  48     -1       39
  MINIMUM         32   1151 PM   3    2015  30      2       23
  AVERAGE         40                        39      1       31

PRECIPITATION (IN)
  YESTERDAY        0.00          2.10 2003   0.14  -0.14     1.71
  MONTH TO DATE    1.26                      1.99  -0.73     4.08
  SINCE DEC 1     12.13                      9.78   2.35    12.01
  SINCE JAN 1      5.97                      5.60   0.37     7.37

SNOWFALL (IN)
  YESTERDAY        0.0           5.0  2010   0.3   -0.3      0.2
  MONTH TO DATE    T                         4.2   -4.2      5.7
  SINCE DEC 1      4.6                      16.2  -11.6     27.1
  SINCE JUL 1      4.6                      16.8  -12.2     27.1
  SNOW DEPTH       0

DEGREE DAYS
 HEATING
  YESTERDAY       25                        26     -1       34
  MONTH TO DATE  317                       416    -99      469
  SINCE DEC 1   1812                      2182   -370     1883
  SINCE JUL 1   2338                      2982   -644     2481

 COOLING
  YESTERDAY        0                         0      0        0
  MONTH TO DATE    0                         0      0        0
  SINCE DEC 1      0                         1     -1        2
  SINCE JAN 1      0                         0      0        0
..................................................................

WIND (MPH)
  HIGHEST WIND SPEED    16   HIGHEST WIND DIRECTION    NW (330)
  HIGHEST GUST SPEED    24   HIGHEST GUST DIRECTION     N (340)
  AVERAGE WIND SPEED     7.2

SKY COVER
  POSSIBLE SUNSHINE  MM
  AVERAGE SKY COVER 0.5

WEATHER CONDITIONS
 THE FOLLOWING WEATHER WAS RECORDED YESTERDAY.
  NO SIGNIFICANT WEATHER WAS OBSERVED.

RELATIVE HUMIDITY (PERCENT)
 HIGHEST    92           600 AM
 LOWEST     28           300 PM
 AVERAGE    60
..........................................................

THE JACKSON KY CLIMATE NORMALS FOR TODAY
                         NORMAL    RECORD    YEAR
 MAXIMUM TEMPERATURE (F)   48        72      2006
 MINIMUM TEMPERATURE (F)   30         2      1991

SUNRISE AND SUNSET
FEBRUARY 16 2017......SUNRISE   721 AM EST   SUNSET   614 PM EST
FEBRUARY 17 2017......SUNRISE   720 AM EST   SUNSET   615 PM EST

-  INDICATES NEGATIVE NUMBERS.
R  INDICATES RECORD WAS SET OR TIED.
MM INDICATES DATA IS MISSING.
T  INDICATES TRACE AMOUNT.

$$

GEOGERIAN
