710
CDUS43 KJKL 230530
CLIJKL

CLIMATE REPORT
NATIONAL WEATHER SERVICE JACKSON KY
130 AM EDT MON MAY 23 2016


...................................

...THE JACKSON KY CLIMATE SUMMARY FOR MAY 22 2016...

CLIMATE NORMAL PERIOD 1981 TO 2010
CLIMATE RECORD PERIOD 1981 TO 2016


WEATHER ITEM   OBSERVED TIME   RECORD YEAR NORMAL DEPARTURE LAST
                VALUE   (LST)  VALUE       VALUE  FROM      YEAR
                                                  NORMAL
..................................................................
TEMPERATURE (F)
 YESTERDAY
  MAXIMUM         74    330 PM  86    2007  76     -2       71
  MINIMUM         50    625 AM  38    2002  56     -6       43
                                      1993
  AVERAGE         62                        66     -4       57

PRECIPITATION (IN)
  YESTERDAY        0.00          1.44 2001   0.17  -0.17     0.00
  MONTH TO DATE    6.40                      3.64   2.76     1.28
  SINCE MAR 1     12.60                     11.59   1.01    17.83
  SINCE JAN 1     22.16                     18.95   3.21    24.01

SNOWFALL (IN)
  YESTERDAY        0.0                       0.0    0.0      0.0
  MONTH TO DATE    0.0                       0.0    0.0      0.0
  SINCE MAR 1      2.9                       3.9   -1.0      3.7
  SINCE JUL 1     32.5                      23.5    9.0     29.1
  SNOW DEPTH       0

DEGREE DAYS
 HEATING
  YESTERDAY        3                         3      0        8
  MONTH TO DATE  134                        84     50       44
  SINCE MAR 1    697                       905   -208      801
  SINCE JUL 1   3451                      4205   -754     4566

COOLING
  YESTERDAY        0                         3     -3        0
  MONTH TO DATE   22                        55    -33      108
  SINCE MAR 1     76                       101    -25      133
  SINCE JAN 1     76                       101    -25      133
..................................................................


WIND (MPH)
  HIGHEST WIND SPEED    15   HIGHEST WIND DIRECTION    NW (320)
  HIGHEST GUST SPEED    19   HIGHEST GUST DIRECTION    NW (310)
  AVERAGE WIND SPEED     4.2


SKY COVER
  POSSIBLE SUNSHINE  MM
  AVERAGE SKY COVER 0.2


WEATHER CONDITIONS
 THE FOLLOWING WEATHER WAS RECORDED YESTERDAY.
  FOG
  FOG W/VISIBILITY <= 1/4 MILE


RELATIVE HUMIDITY (PERCENT)
 HIGHEST    96           300 AM
 LOWEST     33           400 PM
 AVERAGE    65

..........................................................


THE JACKSON KY CLIMATE NORMALS FOR TODAY
                         NORMAL    RECORD    YEAR
 MAXIMUM TEMPERATURE (F)   76        87      1994
 MINIMUM TEMPERATURE (F)   56        47      2006
                                             2002
                                             2001


SUNRISE AND SUNSET
MAY 23 2016...........SUNRISE   618 AM EDT   SUNSET   843 PM EDT
MAY 24 2016...........SUNRISE   617 AM EDT   SUNSET   844 PM EDT


-  INDICATES NEGATIVE NUMBERS.
R  INDICATES RECORD WAS SET OR TIED.
MM INDICATES DATA IS MISSING.
T  INDICATES TRACE AMOUNT.

$$
