000
CDUS43 KJKL 050532
CLIJKL

CLIMATE REPORT
NATIONAL WEATHER SERVICE JACKSON KY
132 AM EDT THU OCT 5 2017


...................................

...THE JACKSON KY CLIMATE SUMMARY FOR OCTOBER 4 2017...

CLIMATE NORMAL PERIOD 1981 TO 2010
CLIMATE RECORD PERIOD 1981 TO 2017


WEATHER ITEM   OBSERVED TIME   RECORD YEAR NORMAL DEPARTURE LAST
                VALUE   (LST)  VALUE       VALUE  FROM      YEAR
                                                  NORMAL
..................................................................
TEMPERATURE (F)
 YESTERDAY
  MAXIMUM         81    225 PM  86    2005  72      9       81
  MINIMUM         56    712 AM  31    1987  51      5       59
  AVERAGE         69                        62      7       70

PRECIPITATION (IN)
  YESTERDAY        0.00          1.20 1990   0.10  -0.10     0.00
  MONTH TO DATE    0.00                      0.40  -0.40      T
  SINCE SEP 1      3.33                      3.86  -0.53     1.32
  SINCE JAN 1     41.65                     37.41   4.24    42.31

SNOWFALL (IN)
  YESTERDAY        0.0                       0.0    0.0      0.0
  MONTH TO DATE    0.0                       0.0    0.0      0.0
  SINCE SEP 1      0.0                       0.0    0.0      0.0
  SINCE JUL 1      0.0                       0.0    0.0      0.0
  SNOW DEPTH       0

DEGREE DAYS
 HEATING
  YESTERDAY        0                         5     -5        0
  MONTH TO DATE    8                        20    -12       10
  SINCE SEP 1     42                        70    -28       26
  SINCE JUL 1     42                        72    -30       26

COOLING
  YESTERDAY        4                         2      2        5
  MONTH TO DATE    5                         8     -3        5
  SINCE SEP 1    139                       151    -12      253
  SINCE JAN 1   1141                      1129     12     1485
..................................................................


WIND (MPH)
  HIGHEST WIND SPEED     8   HIGHEST WIND DIRECTION    NW (310)
  HIGHEST GUST SPEED    13   HIGHEST GUST DIRECTION    NW (300)
  AVERAGE WIND SPEED     1.6


SKY COVER
  POSSIBLE SUNSHINE  MM
  AVERAGE SKY COVER 0.0


WEATHER CONDITIONS
 THE FOLLOWING WEATHER WAS RECORDED YESTERDAY.
  NO SIGNIFICANT WEATHER WAS OBSERVED.


RELATIVE HUMIDITY (PERCENT)
 HIGHEST    80           200 AM
 LOWEST     42           400 PM
 AVERAGE    61

..........................................................


THE JACKSON KY CLIMATE NORMALS FOR TODAY
                         NORMAL    RECORD    YEAR
 MAXIMUM TEMPERATURE (F)   71        87      2005
 MINIMUM TEMPERATURE (F)   51        36      1989
                                             1988


SUNRISE AND SUNSET
OCTOBER  5 2017.......SUNRISE   733 AM EDT   SUNSET   710 PM EDT
OCTOBER  6 2017.......SUNRISE   733 AM EDT   SUNSET   709 PM EDT


-  INDICATES NEGATIVE NUMBERS.
R  INDICATES RECORD WAS SET OR TIED.
MM INDICATES DATA IS MISSING.
T  INDICATES TRACE AMOUNT.




$$
