000
CDUS43 KJKL 090630
CLIJKL

CLIMATE REPORT
NATIONAL WEATHER SERVICE JACKSON KY
130 AM EST THU NOV 9 2017


...................................

...THE JACKSON KY CLIMATE SUMMARY FOR NOVEMBER 8 2017...

CLIMATE NORMAL PERIOD 1981 TO 2010
CLIMATE RECORD PERIOD 1981 TO 2017


WEATHER ITEM   OBSERVED TIME   RECORD YEAR NORMAL DEPARTURE LAST
                VALUE   (LST)  VALUE       VALUE  FROM      YEAR
                                                  NORMAL
..................................................................
TEMPERATURE (F)
 YESTERDAY
  MAXIMUM         45    353 PM  80    2005  61    -16       66
  MINIMUM         39    857 AM  22    1993  42     -3       45
  AVERAGE         42                        51     -9       56

PRECIPITATION (IN)
  YESTERDAY        0.04          3.45 1986   0.12  -0.08     0.03
  MONTH TO DATE    0.47                      0.99  -0.52     0.06
  SINCE SEP 1      9.09                      7.64   1.45     2.89
  SINCE JAN 1     47.41                     41.19   6.22    43.88

SNOWFALL (IN)
  YESTERDAY        0.0           T    1995   0.1   -0.1      0.0
                                      1991
  MONTH TO DATE    0.0                       0.1   -0.1      0.0
  SINCE SEP 1      T                         0.2   -0.2      0.0
  SINCE JUL 1      T                         0.2   -0.2      0.0
  SNOW DEPTH       0

DEGREE DAYS
 HEATING
  YESTERDAY       23                        14      9        9
  MONTH TO DATE   63                       103    -40       43
  SINCE SEP 1    297                       398   -101      165
  SINCE JUL 1    297                       400   -103      165

COOLING
  YESTERDAY        0                         0      0        0
  MONTH TO DATE    5                         0      5       20
  SINCE SEP 1    198                       172     26      346
  SINCE JAN 1   1200                      1150     50     1578
..................................................................


WIND (MPH)
  HIGHEST WIND SPEED     5   HIGHEST WIND DIRECTION    NE (50)
  HIGHEST GUST SPEED    10   HIGHEST GUST DIRECTION     N (10)
  AVERAGE WIND SPEED     0.4


SKY COVER
  POSSIBLE SUNSHINE  MM
  AVERAGE SKY COVER 1.0


WEATHER CONDITIONS
 THE FOLLOWING WEATHER WAS RECORDED YESTERDAY.
  LIGHT RAIN
  FOG


RELATIVE HUMIDITY (PERCENT)
 HIGHEST   100          1000 AM
 LOWEST     82           700 PM
 AVERAGE    91

..........................................................


THE JACKSON KY CLIMATE NORMALS FOR TODAY
                         NORMAL    RECORD    YEAR
 MAXIMUM TEMPERATURE (F)   60        80      2005
 MINIMUM TEMPERATURE (F)   42        20      1991


SUNRISE AND SUNSET
NOVEMBER  9 2017......SUNRISE   707 AM EST   SUNSET   527 PM EST
NOVEMBER 10 2017......SUNRISE   708 AM EST   SUNSET   526 PM EST


-  INDICATES NEGATIVE NUMBERS.
R  INDICATES RECORD WAS SET OR TIED.
MM INDICATES DATA IS MISSING.
T  INDICATES TRACE AMOUNT.




$$
