000
CDUS43 KJKL 080555
CLIJKL

CLIMATE REPORT
NATIONAL WEATHER SERVICE JACKSON KY
1245 AM EST WED MAR 8 2017

...................................

...THE JACKSON KY CLIMATE SUMMARY FOR MARCH 7 2017...

CLIMATE NORMAL PERIOD 1981 TO 2010
CLIMATE RECORD PERIOD 1981 TO 2017

WEATHER ITEM   OBSERVED TIME   RECORD YEAR NORMAL DEPARTURE LAST
                VALUE   (LST)  VALUE       VALUE  FROM      YEAR
                                                  NORMAL
..................................................................
TEMPERATURE (F)
 YESTERDAY
  MAXIMUM         60        MM  80    2000  54      6       66
  MINIMUM         47        MM  15    1996  35     12       42
  AVERAGE         54                        44     10       54

PRECIPITATION (IN)
  YESTERDAY        0.65          1.58 1994   0.14   0.51     0.00
  MONTH TO DATE    1.61                      0.93   0.68     0.86
  SINCE MAR 1      1.61                      0.93   0.68     0.86
  SINCE JAN 1      9.18                      8.29   0.89    10.42

SNOWFALL (IN)
  YESTERDAY        0.0           5.0  1982   0.2   -0.2      0.0
  MONTH TO DATE    T                         0.9   -0.9      2.8
  SINCE MAR 1      T                         0.9   -0.9      2.8
  SINCE JUL 1      4.6                      20.5  -15.9     32.4
  SNOW DEPTH       0

DEGREE DAYS
 HEATING
  YESTERDAY       11                        21    -10       11
  MONTH TO DATE  123                       152    -29      169
  SINCE MAR 1    123                       152    -29      169
  SINCE JUL 1   2615                      3452   -837     2923

 COOLING
  YESTERDAY        0                         0      0        0
  MONTH TO DATE    0                         0      0        0
  SINCE MAR 1      0                         0      0        0
  SINCE JAN 1      2                         0      2        0
..................................................................

WIND (MPH)
  HIGHEST WIND SPEED    10   HIGHEST WIND DIRECTION     S (200)
  HIGHEST GUST SPEED    21   HIGHEST GUST DIRECTION    SW (210)
  AVERAGE WIND SPEED     5.9

SKY COVER
  POSSIBLE SUNSHINE  MM
  AVERAGE SKY COVER 0.7

WEATHER CONDITIONS
 THE FOLLOWING WEATHER WAS RECORDED YESTERDAY.
  RAIN
  LIGHT RAIN
  FOG

RELATIVE HUMIDITY (PERCENT)
 HIGHEST   100           400 PM
 LOWEST     51           400 AM
 AVERAGE    76
..........................................................

THE JACKSON KY CLIMATE NORMALS FOR TODAY
                         NORMAL    RECORD    YEAR
 MAXIMUM TEMPERATURE (F)   55        81      2000
 MINIMUM TEMPERATURE (F)   35         9      1996

SUNRISE AND SUNSET
MARCH  8 2017.........SUNRISE   654 AM EST   SUNSET   634 PM EST
MARCH  9 2017.........SUNRISE   653 AM EST   SUNSET   635 PM EST

-  INDICATES NEGATIVE NUMBERS.
R  INDICATES RECORD WAS SET OR TIED.
MM INDICATES DATA IS MISSING.
T  INDICATES TRACE AMOUNT.

$$

SHALLENBERGER
