000
CDUS43 KJKL 310528
CLIJKL

CLIMATE REPORT
NATIONAL WEATHER SERVICE JACKSON KY
128 AM EDT MON JUL 31 2017

...................................

...THE JACKSON KY CLIMATE SUMMARY FOR JULY 30 2017...

CLIMATE NORMAL PERIOD 1981 TO 2010
CLIMATE RECORD PERIOD 1981 TO 2017

WEATHER ITEM   OBSERVED TIME   RECORD YEAR NORMAL DEPARTURE LAST
                VALUE   (LST)  VALUE       VALUE  FROM      YEAR
                                                  NORMAL
..................................................................
TEMPERATURE (F)
 YESTERDAY
  MAXIMUM         80    352 PM  97    1999  84     -4       87
  MINIMUM         59    618 AM  52    2014  66     -7       68
  AVERAGE         70                        75     -5       78

PRECIPITATION (IN)
  YESTERDAY        0.00          2.77 1985   0.15  -0.15     0.26
  MONTH TO DATE    4.13                      4.50  -0.37     6.35
  SINCE JUN 1     10.34                      9.20   1.14    11.36
  SINCE JAN 1     33.76                     29.71   4.05    34.16

SNOWFALL (IN)
  YESTERDAY        0.0                       0.0    0.0      0.0
  MONTH TO DATE    0.0                       0.0    0.0      0.0
  SINCE JUN 1      0.0                       0.0    0.0      0.0
  SINCE JUL 1      0.0                       0.0    0.0      0.0
  SNOW DEPTH       0

DEGREE DAYS
 HEATING
  YESTERDAY        0                         0      0        0
  MONTH TO DATE    0                         0      0        0
  SINCE JUN 1      4                        12     -8        1
  SINCE JUL 1      0                         0      0        0

 COOLING
  YESTERDAY        5                        10     -5       13
  MONTH TO DATE  342                       306     36      378
  SINCE JUN 1    548                       529     19      674
  SINCE JAN 1    747                       665     82      815
..................................................................

WIND (MPH)
  HIGHEST WIND SPEED     7   HIGHEST WIND DIRECTION     E (80)
  HIGHEST GUST SPEED    13   HIGHEST GUST DIRECTION     E (70)
  AVERAGE WIND SPEED     0.3

SKY COVER
  POSSIBLE SUNSHINE  MM
  AVERAGE SKY COVER 0.0

WEATHER CONDITIONS
 THE FOLLOWING WEATHER WAS RECORDED YESTERDAY.
  NO SIGNIFICANT WEATHER WAS OBSERVED.

RELATIVE HUMIDITY (PERCENT)
 HIGHEST    93           600 AM
 LOWEST     48           300 PM
 AVERAGE    71
..........................................................

THE JACKSON KY CLIMATE NORMALS FOR TODAY
                         NORMAL    RECORD    YEAR
 MAXIMUM TEMPERATURE (F)   84        97      1999
                                             1995
 MINIMUM TEMPERATURE (F)   66        59      2014
                                             1993

SUNRISE AND SUNSET
JULY 31 2017..........SUNRISE   637 AM EDT   SUNSET   842 PM EDT
AUGUST  1 2017........SUNRISE   637 AM EDT   SUNSET   841 PM EDT

-  INDICATES NEGATIVE NUMBERS.
R  INDICATES RECORD WAS SET OR TIED.
MM INDICATES DATA IS MISSING.
T  INDICATES TRACE AMOUNT.

$$

GEOGERIAN
