000
CDUS43 KJKL 161121
CLIJKL

CLIMATE REPORT
NATIONAL WEATHER SERVICE JACKSON KY
621 AM EST FRI FEB 16 2018

...................................

...THE JACKSON KY CLIMATE SUMMARY FOR FEBRUARY 15 2018...

CLIMATE NORMAL PERIOD 1981 TO 2010
CLIMATE RECORD PERIOD 1981 TO 2018


WEATHER ITEM   OBSERVED TIME   RECORD YEAR NORMAL DEPARTURE LAST
                VALUE   (LST)  VALUE       VALUE  FROM      YEAR
                                                  NORMAL
..................................................................

TEMPERATURE (F)
 YESTERDAY
  MAXIMUM         73R   226 PM  72    1990  48     25       47
  MINIMUM         58    108 AM   3    2015  30     28       32
  AVERAGE         66                        39     27       40

PRECIPITATION (IN)
  YESTERDAY        0.03          2.10 2003   0.14  -0.11     0.00
  MONTH TO DATE    4.96                      1.99   2.97     1.26
  SINCE DEC 1     10.16                      9.78   0.38    12.13
  SINCE JAN 1      6.88                      5.60   1.28     5.97

SNOWFALL (IN)
  YESTERDAY        0.0           5.0  2010   0.3   -0.3      0.0
  MONTH TO DATE    2.6                       4.2   -1.6       T
  SINCE DEC 1     10.4                      16.2   -5.8      4.6
  SINCE JUL 1     10.4                      16.8   -6.4      4.6
  SNOW DEPTH       0

DEGREE DAYS
 HEATING
  YESTERDAY        0                        26    -26       25
  MONTH TO DATE  379                       416    -37      317
  SINCE DEC 1   2258                      2182     76     1812
  SINCE JUL 1   2980                      2982     -2     2338

 COOLING
  YESTERDAY        1                         0      1        0
  MONTH TO DATE    1                         0      1        0
  SINCE DEC 1      1                         1      0        0
  SINCE JAN 1      1                         0      1        0
..................................................................

WIND (MPH)
  HIGHEST WIND SPEED    16   HIGHEST WIND DIRECTION    SW (210)
  HIGHEST GUST SPEED    36   HIGHEST GUST DIRECTION     S (200)
  AVERAGE WIND SPEED     7.0


SKY COVER
  POSSIBLE SUNSHINE  MM
  AVERAGE SKY COVER 0.9


WEATHER CONDITIONS
 THE FOLLOWING WEATHER WAS RECORDED YESTERDAY.
  LIGHT RAIN
  FOG


RELATIVE HUMIDITY (PERCENT)
 HIGHEST   100          1200 AM
 LOWEST     57           600 PM
 AVERAGE    79
..........................................................

THE JACKSON KY CLIMATE NORMALS FOR TODAY
                         NORMAL    RECORD    YEAR
 MAXIMUM TEMPERATURE (F)   48        72      2006
 MINIMUM TEMPERATURE (F)   30         2      1991


SUNRISE AND SUNSET
FEBRUARY 16 2018......SUNRISE   721 AM EST   SUNSET   614 PM EST
FEBRUARY 17 2018......SUNRISE   720 AM EST   SUNSET   615 PM EST


-  INDICATES NEGATIVE NUMBERS.
R  INDICATES RECORD WAS SET OR TIED.
MM INDICATES DATA IS MISSING.
T  INDICATES TRACE AMOUNT.
$$
