000
CDUS43 KJKL 202120
CLIJKL

CLIMATE REPORT
NATIONAL WEATHER SERVICE JACKSON KY
420 PM EST SUN NOV 20 2016

...................................

...THE JACKSON KY CLIMATE SUMMARY FOR NOVEMBER 20 2016...
VALID TODAY AS OF 0400 PM LOCAL TIME.

CLIMATE NORMAL PERIOD 1981 TO 2010
CLIMATE RECORD PERIOD 1981 TO 2016

WEATHER ITEM   OBSERVED TIME   RECORD YEAR NORMAL DEPARTURE LAST
                VALUE   (LST)  VALUE       VALUE  FROM      YEAR
                                                  NORMAL
..................................................................
TEMPERATURE (F)
 TODAY
  MAXIMUM         42    317 PM  73    1992  55    -13       52
                                      1991
  MINIMUM         29    816 AM  23    1984  38     -9       36
  AVERAGE         36                        47    -11       44

PRECIPITATION (IN)
  TODAY            0.00          1.34 1988   0.14  -0.14     0.00
  MONTH TO DATE    0.40                      2.56  -2.16     0.86
  SINCE SEP 1      3.23                      9.21  -5.98     5.35
  SINCE JAN 1     44.22                     42.76   1.46    51.13

SNOWFALL (IN)
  TODAY            0.0           1.1  2008   0.0    0.0      0.0
  MONTH TO DATE    0.0                       0.2   -0.2      0.0
  SINCE SEP 1      0.0                       0.3   -0.3      0.0
  SINCE JUL 1      0.0                       0.3   -0.3      0.0
  SNOW DEPTH       0

DEGREE DAYS
 HEATING
  TODAY           29                        18     11       21
  MONTH TO DATE  223                       298    -75      203
  SINCE SEP 1    345                       593   -248      444
  SINCE JUL 1    345                       595   -250      444

 COOLING
  TODAY            0                         0      0        0
  MONTH TO DATE   22                         0     22       15
  SINCE SEP 1    348                       172    176      212
  SINCE JAN 1   1580                      1150    430     1263
..................................................................

WIND (MPH)
  HIGHEST WIND SPEED    15   HIGHEST WIND DIRECTION    NW (300)
  HIGHEST GUST SPEED    20   HIGHEST GUST DIRECTION    NW (300)
  AVERAGE WIND SPEED     6.8

SKY COVER
  POSSIBLE SUNSHINE  MM
  AVERAGE SKY COVER 0.6

WEATHER CONDITIONS
 THE FOLLOWING WEATHER WAS RECORDED TODAY.
  NO SIGNIFICANT WEATHER WAS OBSERVED.

RELATIVE HUMIDITY (PERCENT)
 HIGHEST    63           700 AM
 LOWEST     38           300 PM
 AVERAGE    51

..........................................................

THE JACKSON KY CLIMATE NORMALS FOR TOMORROW
                         NORMAL    RECORD    YEAR
 MAXIMUM TEMPERATURE (F)   55        74      1994
 MINIMUM TEMPERATURE (F)   38        19      2000

SUNRISE AND SUNSET
NOVEMBER 20 2016......SUNRISE   719 AM EST   SUNSET   519 PM EST
NOVEMBER 21 2016......SUNRISE   720 AM EST   SUNSET   518 PM EST

-  INDICATES NEGATIVE NUMBERS.
R  INDICATES RECORD WAS SET OR TIED.
MM INDICATES DATA IS MISSING.
T  INDICATES TRACE AMOUNT.

$$

CARICO
