000
CDUS43 KJKL 040635
CLIJKL

CLIMATE REPORT
NATIONAL WEATHER SERVICE JACKSON KY
135 AM EST THU FEB 4 2016

...................................

...THE JACKSON KY CLIMATE SUMMARY FOR FEBRUARY 3 2016...

CLIMATE NORMAL PERIOD 1981 TO 2010
CLIMATE RECORD PERIOD 1981 TO 2016

WEATHER ITEM   OBSERVED TIME   RECORD YEAR NORMAL DEPARTURE LAST
                VALUE   (LST)  VALUE       VALUE  FROM      YEAR
                                                  NORMAL
..................................................................
TEMPERATURE (F)
 YESTERDAY
  MAXIMUM         65R   320 PM  64    1992  45     20       40
                                      1991
  MINIMUM         39   1159 PM   1    1996  28     11       22
  AVERAGE         52                        36     16       31

PRECIPITATION (IN)
  YESTERDAY        1.17          2.38 1990   0.13   1.04      T
  MONTH TO DATE    1.86                      0.40   1.46     0.57
  SINCE DEC 1      9.79                      8.19   1.60     5.18
  SINCE JAN 1      5.15                      4.01   1.14     2.69

SNOWFALL (IN)
  YESTERDAY        0.0           4.6  1998   0.3   -0.3       T
  MONTH TO DATE    0.0                       0.9   -0.9      0.2
  SINCE DEC 1     21.4                      12.9    8.5      2.9
  SINCE JUL 1     21.4                      13.5    7.9      4.1
  SNOW DEPTH       0

DEGREE DAYS
 HEATING
  YESTERDAY       13                        29    -16       34
  MONTH TO DATE   33                        87    -54       86
  SINCE DEC 1   1447                      1853   -406     1810
  SINCE JUL 1   2045                      2653   -608     2800

 COOLING
  YESTERDAY        0                         0      0        0
  MONTH TO DATE    0                         0      0        0
  SINCE DEC 1      2                         1      1        0
  SINCE JAN 1      0                         0      0        0
..................................................................

WIND (MPH)
  HIGHEST WIND SPEED    16   HIGHEST WIND DIRECTION     W (280)
  HIGHEST GUST SPEED    27   HIGHEST GUST DIRECTION     W (280)
  AVERAGE WIND SPEED     6.4

SKY COVER
  POSSIBLE SUNSHINE  MM
  AVERAGE SKY COVER 0.6

WEATHER CONDITIONS
 THE FOLLOWING WEATHER WAS RECORDED YESTERDAY.
  HEAVY RAIN
  RAIN
  LIGHT RAIN
  FOG

RELATIVE HUMIDITY (PERCENT)
 HIGHEST    93           500 AM
 LOWEST     39           500 PM
 AVERAGE    66
..........................................................

THE JACKSON KY CLIMATE NORMALS FOR TODAY
                         NORMAL    RECORD    YEAR
 MAXIMUM TEMPERATURE (F)   45        69      1991
 MINIMUM TEMPERATURE (F)   28        -8      1996

SUNRISE AND SUNSET
FEBRUARY  4 2016......SUNRISE   735 AM EST   SUNSET   600 PM EST
FEBRUARY  5 2016......SUNRISE   734 AM EST   SUNSET   601 PM EST

-  INDICATES NEGATIVE NUMBERS.
R  INDICATES RECORD WAS SET OR TIED.
MM INDICATES DATA IS MISSING.
T  INDICATES TRACE AMOUNT.

$$
GREIF
