000
CDUS43 KJKL 180523
CLIJKL

CLIMATE REPORT
NATIONAL WEATHER SERVICE JACKSON KY
123 AM EDT WED MAR 18 2015

...................................

...THE JACKSON KY CLIMATE SUMMARY FOR MARCH 17 2015...

CLIMATE NORMAL PERIOD 1981 TO 2010
CLIMATE RECORD PERIOD 1981 TO 2015

WEATHER ITEM   OBSERVED TIME   RECORD YEAR NORMAL DEPARTURE LAST
                VALUE   (LST)  VALUE       VALUE  FROM      YEAR
                                                  NORMAL
..................................................................
TEMPERATURE (F)
 YESTERDAY
  MAXIMUM         66    147 PM  79    1989  58      8       35
  MINIMUM         40   1159 PM  20    1994  38      2       25
  AVERAGE         53                        48      5       30

PRECIPITATION (IN)
  YESTERDAY        T             0.84 1990   0.14  -0.14     0.05
  MONTH TO DATE    5.22                      2.26   2.96     3.64
  SINCE MAR 1      5.22                      2.26   2.96     3.64
  SINCE JAN 1     11.40                      9.62   1.78    11.26

SNOWFALL (IN)
  YESTERDAY        0.0           0.1  2007   0.1   -0.1       T
  MONTH TO DATE    3.7                       1.9    1.8      8.0
  SINCE MAR 1      3.7                       1.9    1.8      8.0
  SINCE JUL 1     29.1                      21.5    7.6     35.0
  SNOW DEPTH       0

DEGREE DAYS
 HEATING
  YESTERDAY       12                        18     -6       35
  MONTH TO DATE  316                       341    -25      392
  SINCE MAR 1    316                       341    -25      392
  SINCE JUL 1   4081                      3641    440     3993

 COOLING
  YESTERDAY        0                         0      0        0
  MONTH TO DATE    0                         0      0        0
  SINCE MAR 1      0                         0      0        0
  SINCE JAN 1      0                         0      0        0
..................................................................

WIND (MPH)
  HIGHEST WIND SPEED    15   HIGHEST WIND DIRECTION    NW (320)
  HIGHEST GUST SPEED    23   HIGHEST GUST DIRECTION     N (360)
  AVERAGE WIND SPEED     6.1

SKY COVER
  POSSIBLE SUNSHINE  MM
  AVERAGE SKY COVER 0.2

WEATHER CONDITIONS
 THE FOLLOWING WEATHER WAS RECORDED YESTERDAY.
  LIGHT RAIN

RELATIVE HUMIDITY (PERCENT)
 HIGHEST    77          1100 AM
 LOWEST     39          1200 AM
 AVERAGE    58
..........................................................

THE JACKSON KY CLIMATE NORMALS FOR TODAY
                         NORMAL    RECORD    YEAR
 MAXIMUM TEMPERATURE (F)   58        81      1982
 MINIMUM TEMPERATURE (F)   38        19      1993

SUNRISE AND SUNSET
MARCH 18 2015.........SUNRISE   740 AM EDT   SUNSET   743 PM EDT
MARCH 19 2015.........SUNRISE   739 AM EDT   SUNSET   744 PM EDT

-  INDICATES NEGATIVE NUMBERS.
R  INDICATES RECORD WAS SET OR TIED.
MM INDICATES DATA IS MISSING.
T  INDICATES TRACE AMOUNT.

$$

GEOGERIAN
