000
CDUS43 KJKL 042121
CLIJKL

CLIMATE REPORT
NATIONAL WEATHER SERVICE JACKSON KY
420 PM EST SUN FEB 4 2018

...................................

...THE JACKSON KY CLIMATE SUMMARY FOR FEBRUARY 4 2018...
VALID TODAY AS OF 0400 PM LOCAL TIME.

CLIMATE NORMAL PERIOD 1981 TO 2010
CLIMATE RECORD PERIOD 1981 TO 2018

WEATHER ITEM   OBSERVED TIME   RECORD YEAR NORMAL DEPARTURE LAST
                VALUE   (LST)  VALUE       VALUE  FROM      YEAR
                                                  NORMAL
..................................................................
TEMPERATURE (F)
 TODAY
  MAXIMUM         39    359 PM  69    1991  45     -6       42
  MINIMUM         32    911 AM  -8    1996  28      4       16
  AVERAGE         36                        36      0       29

PRECIPITATION (IN)
  TODAY            0.68          1.08 1997   0.14   0.54     0.00
  MONTH TO DATE    1.29                      0.54   0.75     0.00
  SINCE DEC 1      6.49                      8.33  -1.84    10.87
  SINCE JAN 1      3.21                      4.15  -0.94     4.71

SNOWFALL (IN)
  TODAY            1.0           5.7  1998   0.3    0.7      0.0
  MONTH TO DATE    2.5                       1.2    1.3      0.0
  SINCE DEC 1     10.3                      13.2   -2.9      4.6
  SINCE JUL 1     10.3                      13.8   -3.5      4.6
  SNOW DEPTH       1

DEGREE DAYS
 HEATING
  TODAY           29                        29      0       36
  MONTH TO DATE  135                       116     19      118
  SINCE DEC 1   2014                      1882    132     1613
  SINCE JUL 1   2736                      2682     54     2139

 COOLING
  TODAY            0                         0      0        0
  MONTH TO DATE    0                         0      0        0
  SINCE DEC 1      0                         1     -1        0
  SINCE JAN 1      0                         0      0        0
..................................................................

WIND (MPH)
  HIGHEST WIND SPEED    15   HIGHEST WIND DIRECTION     S (200)
  HIGHEST GUST SPEED    28   HIGHEST GUST DIRECTION     S (200)
  AVERAGE WIND SPEED     3.3

SKY COVER
  POSSIBLE SUNSHINE  MM
  AVERAGE SKY COVER 1.0

WEATHER CONDITIONS
 THE FOLLOWING WEATHER WAS RECORDED TODAY.
  RAIN
  LIGHT RAIN
  FREEZING RAIN
  LT FREEZING RAIN
  LIGHT SNOW
  FOG
  FOG W/VISIBILITY <= 1/4 MILE
  HAZE

RELATIVE HUMIDITY (PERCENT)
 HIGHEST   100           700 AM
 LOWEST     48          1200 AM
 AVERAGE    74
..........................................................

THE JACKSON KY CLIMATE NORMALS FOR TOMORROW
                         NORMAL    RECORD    YEAR
 MAXIMUM TEMPERATURE (F)   45        71      2008
 MINIMUM TEMPERATURE (F)   28        -5      1996

SUNRISE AND SUNSET
FEBRUARY  4 2018......SUNRISE   734 AM EST   SUNSET   601 PM EST
FEBRUARY  5 2018......SUNRISE   733 AM EST   SUNSET   602 PM EST

-  INDICATES NEGATIVE NUMBERS.
R  INDICATES RECORD WAS SET OR TIED.
MM INDICATES DATA IS MISSING.
T  INDICATES TRACE AMOUNT.

$$

TAB
