242
CDUS43 KJKL 160545
CLIJKL

CLIMATE REPORT
NATIONAL WEATHER SERVICE JACKSON KY
145 AM EDT TUE MAY 16 2017

...................................

...THE JACKSON KY CLIMATE SUMMARY FOR MAY 15 2017...

CLIMATE NORMAL PERIOD 1981 TO 2010
CLIMATE RECORD PERIOD 1981 TO 2017

WEATHER ITEM   OBSERVED TIME   RECORD YEAR NORMAL DEPARTURE LAST
                VALUE   (LST)  VALUE       VALUE  FROM      YEAR
                                                  NORMAL
..................................................................
TEMPERATURE (F)
 YESTERDAY
  MAXIMUM         82    418 PM  88    1998  74      8       60
  MINIMUM         59    538 AM  37    1997  54      5       41
  AVERAGE         71                        64      7       51

PRECIPITATION (IN)
  YESTERDAY        0.00          1.67 2010   0.18  -0.18     0.00
  MONTH TO DATE    2.45                      2.44   0.01     5.28
  SINCE MAR 1     10.89                     10.39   0.50    11.48
  SINCE JAN 1     18.46                     17.75   0.71    21.04

SNOWFALL (IN)
  YESTERDAY        0.0                       0.0    0.0      0.0
  MONTH TO DATE    0.0                       0.0    0.0      0.0
  SINCE MAR 1      0.2                       3.9   -3.7      2.9
  SINCE JUL 1      4.8                      23.5  -18.7     32.5
  SNOW DEPTH       0

DEGREE DAYS
 HEATING
  YESTERDAY        0                         3     -3       14
  MONTH TO DATE   74                        63     11       78
  SINCE MAR 1    703                       884   -181      641
  SINCE JUL 1   3195                      4184   -989     3395

 COOLING
  YESTERDAY        6                         3      3        0
  MONTH TO DATE   20                        34    -14       22
  SINCE MAR 1    116                        80     36       76
  SINCE JAN 1    118                        80     38       76
..................................................................

WIND (MPH)
  HIGHEST WIND SPEED     8   HIGHEST WIND DIRECTION     W (280)
  HIGHEST GUST SPEED    13   HIGHEST GUST DIRECTION     W (280)
  AVERAGE WIND SPEED     1.7

SKY COVER
  POSSIBLE SUNSHINE  MM
  AVERAGE SKY COVER 0.0

WEATHER CONDITIONS
 THE FOLLOWING WEATHER WAS RECORDED YESTERDAY.
  NO SIGNIFICANT WEATHER WAS OBSERVED.

RELATIVE HUMIDITY (PERCENT)
 HIGHEST    78           400 AM
 LOWEST     42           400 PM
 AVERAGE    60
..........................................................

THE JACKSON KY CLIMATE NORMALS FOR TODAY
                         NORMAL    RECORD    YEAR
 MAXIMUM TEMPERATURE (F)   75        85      1991
                                             1986
 MINIMUM TEMPERATURE (F)   55        32      1997

SUNRISE AND SUNSET
MAY 16 2017...........SUNRISE   623 AM EDT   SUNSET   837 PM EDT
MAY 17 2017...........SUNRISE   622 AM EDT   SUNSET   838 PM EDT

-  INDICATES NEGATIVE NUMBERS.
R  INDICATES RECORD WAS SET OR TIED.
MM INDICATES DATA IS MISSING.
T  INDICATES TRACE AMOUNT.

$$
GREIF
