000
CDUS43 KJKL 012119
CLIJKL

CLIMATE REPORT
NATIONAL WEATHER SERVICE JACKSON KY
419 PM EST THU FEB 1 2018

...................................

...THE JACKSON KY CLIMATE SUMMARY FOR FEBRUARY 1 2018...
VALID TODAY AS OF 0400 PM LOCAL TIME.

CLIMATE NORMAL PERIOD 1981 TO 2010
CLIMATE RECORD PERIOD 1981 TO 2018

WEATHER ITEM   OBSERVED TIME   RECORD YEAR NORMAL DEPARTURE LAST
                VALUE   (LST)  VALUE       VALUE  FROM      YEAR
                                                  NORMAL
..................................................................
TEMPERATURE (F)
 TODAY
  MAXIMUM         49   1218 PM  73    1989  45      4       54
  MINIMUM         43    359 PM   9    2013  28     15       41
  AVERAGE         46                        36     10       48

PRECIPITATION (IN)
  TODAY            0.26          2.10 1981   0.13   0.13     0.00
  MONTH TO DATE    0.26                      0.13   0.13     0.00
  SINCE DEC 1      5.46                      7.92  -2.46    10.87
  SINCE JAN 1      2.18                      3.74  -1.56     4.71

SNOWFALL (IN)
  TODAY            0.0           7.3  1985   0.3   -0.3      0.0
  MONTH TO DATE    0.0                       0.3   -0.3      0.0
  SINCE DEC 1      7.8                      12.3   -4.5      4.6
  SINCE JUL 1      7.8                      12.9   -5.1      4.6
  SNOW DEPTH       0

DEGREE DAYS
 HEATING
  TODAY           19                        29    -10       17
  MONTH TO DATE   19                        29    -10       17
  SINCE DEC 1   1898                      1795    103     1512
  SINCE JUL 1   2620                      2595     25     2038

 COOLING
  TODAY            0                         0      0        0
  MONTH TO DATE    0                         0      0        0
  SINCE DEC 1      0                         1     -1        0
  SINCE JAN 1      0                         0      0        0
..................................................................

WIND (MPH)
  HIGHEST WIND SPEED    12   HIGHEST WIND DIRECTION     W (290)
  HIGHEST GUST SPEED    21   HIGHEST GUST DIRECTION     W (250)
  AVERAGE WIND SPEED     6.5

SKY COVER
  POSSIBLE SUNSHINE  MM
  AVERAGE SKY COVER 0.6

WEATHER CONDITIONS
 THE FOLLOWING WEATHER WAS RECORDED TODAY.
  RAIN
  LIGHT RAIN
  FOG
  FOG W/VISIBILITY <= 1/4 MILE

RELATIVE HUMIDITY (PERCENT)
 HIGHEST   100           200 PM
 LOWEST     37           200 AM
 AVERAGE    69

..........................................................

THE JACKSON KY CLIMATE NORMALS FOR TOMORROW
                         NORMAL    RECORD    YEAR
 MAXIMUM TEMPERATURE (F)   45        74      2016
 MINIMUM TEMPERATURE (F)   28         6      1996

SUNRISE AND SUNSET
FEBRUARY  1 2018......SUNRISE   737 AM EST   SUNSET   557 PM EST
FEBRUARY  2 2018......SUNRISE   736 AM EST   SUNSET   558 PM EST

-  INDICATES NEGATIVE NUMBERS.
R  INDICATES RECORD WAS SET OR TIED.
MM INDICATES DATA IS MISSING.
T  INDICATES TRACE AMOUNT.

$$

CARICO
