101
CDUS43 KJKL 150526
CLIJKL

CLIMATE REPORT
NATIONAL WEATHER SERVICE JACKSON KY
126 AM EDT THU JUN 15 2017

...................................

...THE JACKSON KY CLIMATE SUMMARY FOR JUNE 14 2017...

CLIMATE NORMAL PERIOD 1981 TO 2010
CLIMATE RECORD PERIOD 1981 TO 2017

WEATHER ITEM   OBSERVED TIME   RECORD YEAR NORMAL DEPARTURE LAST
                VALUE   (LST)  VALUE       VALUE  FROM      YEAR
                                                  NORMAL
..................................................................
TEMPERATURE (F)
 YESTERDAY
  MAXIMUM         83    140 PM  90    1988  82      1       89
                                      1984
  MINIMUM         64    604 AM  48    1985  62      2       62
  AVERAGE         74                        72      2       76

PRECIPITATION (IN)
  YESTERDAY        0.04          1.85 1993   0.16  -0.12     0.00
  MONTH TO DATE    3.04                      2.31   0.73     1.44
  SINCE JUN 1      3.04                      2.31   0.73     1.44
  SINCE JAN 1     26.46                     22.82   3.64    24.24

SNOWFALL (IN)
  YESTERDAY        0.0                       0.0    0.0      0.0
  MONTH TO DATE    0.0                       0.0    0.0      0.0
  SINCE JUN 1      0.0                       0.0    0.0      0.0
  SINCE JUL 1      4.8                      23.5  -18.7     32.5
  SNOW DEPTH       0

DEGREE DAYS
 HEATING
  YESTERDAY        0                         0      0        0
  MONTH TO DATE    4                         9     -5        1
  SINCE JUN 1      4                         9     -5        1
  SINCE JUL 1   3213                      4231  -1018     3455

 COOLING
  YESTERDAY        9                         7      2       11
  MONTH TO DATE   78                        83     -5      117
  SINCE JUN 1     78                        83     -5      117
  SINCE JAN 1    277                       219     58      258
..................................................................

WIND (MPH)
  HIGHEST WIND SPEED     7   HIGHEST WIND DIRECTION     N (350)
  HIGHEST GUST SPEED    14   HIGHEST GUST DIRECTION     W (250)
  AVERAGE WIND SPEED     0.7

SKY COVER
  POSSIBLE SUNSHINE  MM
  AVERAGE SKY COVER 0.6

WEATHER CONDITIONS
 THE FOLLOWING WEATHER WAS RECORDED YESTERDAY.
  THUNDERSTORM
  RAIN
  LIGHT RAIN
  FOG
  FOG W/VISIBILITY <= 1/4 MILE

RELATIVE HUMIDITY (PERCENT)
 HIGHEST   100           200 AM
 LOWEST     74          1200 PM
 AVERAGE    87

..........................................................

THE JACKSON KY CLIMATE NORMALS FOR TODAY
                         NORMAL    RECORD    YEAR
 MAXIMUM TEMPERATURE (F)   82        92      1988
 MINIMUM TEMPERATURE (F)   63        54      2002
                                             1995

SUNRISE AND SUNSET
JUNE 15 2017..........SUNRISE   611 AM EDT   SUNSET   856 PM EDT
JUNE 16 2017..........SUNRISE   611 AM EDT   SUNSET   857 PM EDT

-  INDICATES NEGATIVE NUMBERS.
R  INDICATES RECORD WAS SET OR TIED.
MM INDICATES DATA IS MISSING.
T  INDICATES TRACE AMOUNT.

$$
