940
CDUS43 KJKL 022127
CLIJKL

CLIMATE REPORT
NATIONAL WEATHER SERVICE JACKSON KY
427 PM EST TUE FEB 2 2016

...................................

...THE JACKSON KY CLIMATE SUMMARY FOR FEBRUARY 2 2016...
VALID TODAY AS OF 0400 PM LOCAL TIME.

CLIMATE NORMAL PERIOD 1981 TO 2010
CLIMATE RECORD PERIOD 1981 TO 2016

WEATHER ITEM   OBSERVED TIME   RECORD YEAR NORMAL DEPARTURE LAST
                VALUE   (LST)  VALUE       VALUE  FROM      YEAR
                                                  NORMAL
..................................................................
TEMPERATURE (F)
 TODAY
  MAXIMUM         74R   253 PM  73    1989  45     29       50
  MINIMUM         42    232 AM   6    1996  28     14       22
  AVERAGE         58                        36     22       36

PRECIPITATION (IN)
  TODAY            0.00          0.96 1988   0.14  -0.14     0.16
  MONTH TO DATE    0.69                      0.27   0.42     0.57
  SINCE DEC 1      8.62                      8.06   0.56     5.18
  SINCE JAN 1      3.98                      3.88   0.10     2.69

SNOWFALL (IN)
  TODAY            0.0           6.0  1996   0.3   -0.3      0.2
  MONTH TO DATE    0.0                       0.6   -0.6      0.2
  SINCE DEC 1     21.4                      12.6    8.8      2.9
  SINCE JUL 1     21.4                      13.2    8.2      4.1
  SNOW DEPTH       0

DEGREE DAYS
 HEATING
  TODAY            7                        29    -22       29
  MONTH TO DATE   20                        58    -38       52
  SINCE DEC 1   1434                      1824   -390     1776
  SINCE JUL 1   2032                      2624   -592     2766

 COOLING
  TODAY            0                         0      0        0
  MONTH TO DATE    0                         0      0        0
  SINCE DEC 1      2                         1      1        0
  SINCE JAN 1      0                         0      0        0
..................................................................

WIND (MPH)
  HIGHEST WIND SPEED    15   HIGHEST WIND DIRECTION     S (190)
  HIGHEST GUST SPEED    26   HIGHEST GUST DIRECTION     S (170)
  AVERAGE WIND SPEED     4.2

SKY COVER
  POSSIBLE SUNSHINE  MM
  AVERAGE SKY COVER 0.8

WEATHER CONDITIONS
 THE FOLLOWING WEATHER WAS RECORDED TODAY.
  FOG

RELATIVE HUMIDITY (PERCENT)
 HIGHEST    92          1000 AM
 LOWEST     44           300 PM
 AVERAGE    68

..........................................................

THE JACKSON KY CLIMATE NORMALS FOR TOMORROW
                         NORMAL    RECORD    YEAR
 MAXIMUM TEMPERATURE (F)   45        64      1992
                                             1991
 MINIMUM TEMPERATURE (F)   28         1      1996

SUNRISE AND SUNSET
FEBRUARY  2 2016......SUNRISE   736 AM EST   SUNSET   558 PM EST
FEBRUARY  3 2016......SUNRISE   736 AM EST   SUNSET   559 PM EST

-  INDICATES NEGATIVE NUMBERS.
R  INDICATES RECORD WAS SET OR TIED.
MM INDICATES DATA IS MISSING.
T  INDICATES TRACE AMOUNT.

$$

CARICO
