000
CDUS43 KJKL 170536
CLIJKL

CLIMATE REPORT
NATIONAL WEATHER SERVICE JACKSON KY
1236 AM EST SAT JAN 17 2015

...................................

...THE JACKSON KY CLIMATE SUMMARY FOR JANUARY 16 2015...

CLIMATE NORMAL PERIOD 1981 TO 2010
CLIMATE RECORD PERIOD 1981 TO 2015


WEATHER ITEM   OBSERVED TIME   RECORD YEAR NORMAL DEPARTURE LAST
                VALUE   (LST)  VALUE       VALUE  FROM      YEAR
                                                  NORMAL
..................................................................
TEMPERATURE (F)
 YESTERDAY
  MAXIMUM         44    426 PM  68    1990  43      1       37
  MINIMUM         27    812 AM -10    1982  27      0       20
  AVERAGE         36                        35      1       29

PRECIPITATION (IN)
  YESTERDAY        0.00          0.76 2013   0.12  -0.12      T
  MONTH TO DATE    1.30                      1.84  -0.54     2.38
  SINCE DEC 1      3.79                      6.02  -2.23     9.47
  SINCE JAN 1      1.30                      1.84  -0.54     2.38

SNOWFALL (IN)
  YESTERDAY        0.0           3.4  2003   0.3   -0.3       T
  MONTH TO DATE    0.7                       3.5   -2.8      3.3
  SINCE DEC 1      0.7                       8.4   -7.7      4.7
  SINCE JUL 1      1.9                       9.0   -7.1      7.6
  SNOW DEPTH       T

DEGREE DAYS
 HEATING
  YESTERDAY       29                        30     -1       36
  MONTH TO DATE  557                       480     77      516
  SINCE DEC 1   1312                      1314     -2     1274
  SINCE JUL 1   2302                      2114    188     2161

 COOLING
  YESTERDAY        0                         0      0        0
  MONTH TO DATE    0                         0      0        0
  SINCE DEC 1      0                         1     -1        0
  SINCE JAN 1      0                         0      0        0
..................................................................


WIND (MPH)
  HIGHEST WIND SPEED     9   HIGHEST WIND DIRECTION     W (260)
  HIGHEST GUST SPEED    15   HIGHEST GUST DIRECTION     W (280)
  AVERAGE WIND SPEED     3.2


SKY COVER
  POSSIBLE SUNSHINE  MM
  AVERAGE SKY COVER 0.4


WEATHER CONDITIONS
 THE FOLLOWING WEATHER WAS RECORDED YESTERDAY.
  FOG


RELATIVE HUMIDITY (PERCENT)
 HIGHEST    92           800 AM
 LOWEST     57           300 PM
 AVERAGE    75

..........................................................


THE JACKSON KY CLIMATE NORMALS FOR TODAY
                         NORMAL    RECORD    YEAR
 MAXIMUM TEMPERATURE (F)   43        62      1990
 MINIMUM TEMPERATURE (F)   27       -15      1982


SUNRISE AND SUNSET
JANUARY 17 2015.......SUNRISE   746 AM EST   SUNSET   541 PM EST
JANUARY 18 2015.......SUNRISE   746 AM EST   SUNSET   542 PM EST


-  INDICATES NEGATIVE NUMBERS.
R  INDICATES RECORD WAS SET OR TIED.
MM INDICATES DATA IS MISSING.
T  INDICATES TRACE AMOUNT.




$$
