000
CDUS43 KJKL 130547
CLIJKL

CLIMATE REPORT
NATIONAL WEATHER SERVICE JACKSON KY
147 AM EDT MON MAR 13 2017

...................................

...THE JACKSON KY CLIMATE SUMMARY FOR MARCH 12 2017...

CLIMATE NORMAL PERIOD 1981 TO 2010
CLIMATE RECORD PERIOD 1981 TO 2017

WEATHER ITEM   OBSERVED TIME   RECORD YEAR NORMAL DEPARTURE LAST
                VALUE   (LST)  VALUE       VALUE  FROM      YEAR
                                                  NORMAL
..................................................................
TEMPERATURE (F)
 YESTERDAY
  MAXIMUM         45    413 PM  85    1990  56    -11       75
  MINIMUM         24    709 AM  11    1998  36    -12       51
  AVERAGE         35                        46    -11       63

PRECIPITATION (IN)
  YESTERDAY        0.00          0.70 2010   0.14  -0.14      T
  MONTH TO DATE    1.70                      1.59   0.11     0.90
  SINCE MAR 1      1.70                      1.59   0.11     0.90
  SINCE JAN 1      9.27                      8.95   0.32    10.46

SNOWFALL (IN)
  YESTERDAY        0.0           3.0  2009   0.1   -0.1      0.0
  MONTH TO DATE    T                         1.4   -1.4      2.8
  SINCE MAR 1      T                         1.4   -1.4      2.8
  SINCE JUL 1      4.6                      21.0  -16.4     32.4
  SNOW DEPTH       0

DEGREE DAYS
 HEATING
  YESTERDAY       30                        19     11        2
  MONTH TO DATE  225                       250    -25      178
  SINCE MAR 1    225                       250    -25      178
  SINCE JUL 1   2717                      3550   -833     2932

 COOLING
  YESTERDAY        0                         0      0        0
  MONTH TO DATE    0                         0      0        5
  SINCE MAR 1      0                         0      0        5
  SINCE JAN 1      2                         0      2        5
..................................................................

WIND (MPH)
  HIGHEST WIND SPEED     9   HIGHEST WIND DIRECTION    NW (300)
  HIGHEST GUST SPEED    13   HIGHEST GUST DIRECTION    NW (300)
  AVERAGE WIND SPEED     2.3

SKY COVER
  POSSIBLE SUNSHINE  MM
  AVERAGE SKY COVER 0.0

WEATHER CONDITIONS
 THE FOLLOWING WEATHER WAS RECORDED YESTERDAY.
  NO SIGNIFICANT WEATHER WAS OBSERVED.

RELATIVE HUMIDITY (PERCENT)
 HIGHEST    50           100 AM
 LOWEST     22           400 PM
 AVERAGE    36
..........................................................

THE JACKSON KY CLIMATE NORMALS FOR TODAY
                         NORMAL    RECORD    YEAR
 MAXIMUM TEMPERATURE (F)   56        82      1990
 MINIMUM TEMPERATURE (F)   36        17      1998

SUNRISE AND SUNSET
MARCH 13 2017.........SUNRISE   747 AM EDT   SUNSET   739 PM EDT
MARCH 14 2017.........SUNRISE   745 AM EDT   SUNSET   740 PM EDT

-  INDICATES NEGATIVE NUMBERS.
R  INDICATES RECORD WAS SET OR TIED.
MM INDICATES DATA IS MISSING.
T  INDICATES TRACE AMOUNT.

$$
