000
CDUS43 KJKL 050828 RRA
CLIJKL

CLIMATE REPORT
NATIONAL WEATHER SERVICE JACKSON KY
428 AM EDT TUE SEP 5 2017

...................................

...THE JACKSON KY CLIMATE SUMMARY FOR SEPTEMBER 4 2017...

CLIMATE NORMAL PERIOD 1981 TO 2010
CLIMATE RECORD PERIOD 1981 TO 2017


WEATHER ITEM   OBSERVED TIME   RECORD YEAR NORMAL DEPARTURE LAST
                VALUE   (LST)  VALUE       VALUE  FROM      YEAR
                                                  NORMAL
..................................................................

TEMPERATURE (F)
 YESTERDAY
  MAXIMUM         83    334 PM  94    2007  82      1       83
  MINIMUM         62    311 AM  47    1997  62      0       58
  AVERAGE         73                        72      1       71

PRECIPITATION (IN)
  YESTERDAY        0.00          1.02 2014   0.11  -0.11     0.00
  MONTH TO DATE    2.25                      0.43   1.82      T
  SINCE SEP 1      2.25                      0.43   1.82      T
  SINCE JAN 1     40.57                     33.98   6.59    40.99

SNOWFALL (IN)
  YESTERDAY        0.0                       0.0    0.0      0.0
  MONTH TO DATE    0.0                       0.0    0.0      0.0
  SINCE SEP 1      0.0                       0.0    0.0      0.0
  SINCE JUL 1      0.0                       0.0    0.0      0.0
  SNOW DEPTH       0

DEGREE DAYS
 HEATING
  YESTERDAY        0                         0      0        0
  MONTH TO DATE    3                         0      3        0
  SINCE SEP 1      3                         0      3        0
  SINCE JUL 1      3                         2      1        0

 COOLING
  YESTERDAY        8                         7      1        6
  MONTH TO DATE   13                        30    -17       20
  SINCE SEP 1     13                        30    -17       20
  SINCE JAN 1   1015                      1008      7     1252
..................................................................

WIND (MPH)
  HIGHEST WIND SPEED     8   HIGHEST WIND DIRECTION     S (170)
  HIGHEST GUST SPEED    14   HIGHEST GUST DIRECTION     S (160)
  AVERAGE WIND SPEED     1.5


SKY COVER
  POSSIBLE SUNSHINE  MM
  AVERAGE SKY COVER 0.1


WEATHER CONDITIONS
 THE FOLLOWING WEATHER WAS RECORDED YESTERDAY.
  NO SIGNIFICANT WEATHER WAS OBSERVED.


RELATIVE HUMIDITY (PERCENT)
 HIGHEST    93           200 AM
 LOWEST     58           200 PM
 AVERAGE    76
..........................................................

THE JACKSON KY CLIMATE NORMALS FOR TODAY
                         NORMAL    RECORD    YEAR
 MAXIMUM TEMPERATURE (F)   82        95      2007
 MINIMUM TEMPERATURE (F)   62        46      1997


SUNRISE AND SUNSET
SEPTEMBER  5 2017.....SUNRISE   707 AM EDT   SUNSET   756 PM EDT
SEPTEMBER  6 2017.....SUNRISE   708 AM EDT   SUNSET   754 PM EDT


-  INDICATES NEGATIVE NUMBERS.
R  INDICATES RECORD WAS SET OR TIED.
MM INDICATES DATA IS MISSING.
T  INDICATES TRACE AMOUNT.
$$
