000
CDUS43 KJKL 210550
CLIJKL

CLIMATE REPORT
NATIONAL WEATHER SERVICE JACKSON KY
1250 AM EST SAT FEB 21 2015
...................................

...THE JACKSON KY CLIMATE SUMMARY FOR FEBRUARY 20 2015...

CLIMATE NORMAL PERIOD 1981 TO 2010
CLIMATE RECORD PERIOD 1981 TO 2015

WEATHER ITEM   OBSERVED TIME   RECORD YEAR NORMAL DEPARTURE LAST
                VALUE   (LST)  VALUE       VALUE  FROM      YEAR
                                                  NORMAL
..................................................................
TEMPERATURE (F)
 YESTERDAY
  MAXIMUM         24   1159 PM  73    1997  49    -25       71
  MINIMUM         -7R   659 AM  16    2009  31    -38       45
  AVERAGE          9                        40    -31       58

PRECIPITATION (IN)
  YESTERDAY        0.00          1.07 1989   0.14  -0.14     0.00
  MONTH TO DATE    2.36                      2.66  -0.30     3.25
  SINCE DEC 1      6.97                     10.45  -3.48    13.49
  SINCE JAN 1      4.48                      6.27  -1.79     6.40

SNOWFALL (IN)
  YESTERDAY        0.0           0.4  2006   0.2   -0.2      0.0
                                      2005
                                      1999
  MONTH TO DATE   20.8                       5.4   15.4      7.5
  SINCE DEC 1     23.5                      17.4    6.1     22.9
  SINCE JUL 1     24.7                      18.0    6.7     25.8
  SNOW DEPTH       0

DEGREE DAYS
 HEATING
  YESTERDAY       56                        25     31        7
  MONTH TO DATE  751                       544    207      596
  SINCE DEC 1   2475                      2310    165     2493
  SINCE JUL 1   3465                      3110    355     3380

 COOLING
  YESTERDAY        0                         0      0        0
  MONTH TO DATE    0                         0      0        0
  SINCE DEC 1      0                         1     -1        0
  SINCE JAN 1      0                         0      0        0
..................................................................

WIND (MPH)
  HIGHEST WIND SPEED     7   HIGHEST WIND DIRECTION    SW (210)
  HIGHEST GUST SPEED    12   HIGHEST GUST DIRECTION    SE (150)
  AVERAGE WIND SPEED     2.7

SKY COVER
  POSSIBLE SUNSHINE  MM
  AVERAGE SKY COVER 0.3

WEATHER CONDITIONS
 THE FOLLOWING WEATHER WAS RECORDED YESTERDAY.
  NO SIGNIFICANT WEATHER WAS OBSERVED.

RELATIVE HUMIDITY (PERCENT)
 HIGHEST    75           800 AM
 LOWEST     28           400 PM
 AVERAGE    52
..........................................................

THE JACKSON KY CLIMATE NORMALS FOR TODAY
                         NORMAL    RECORD    YEAR
 MAXIMUM TEMPERATURE (F)   49        72      1997
 MINIMUM TEMPERATURE (F)   31        14      1988

SUNRISE AND SUNSET
FEBRUARY 21 2015......SUNRISE   716 AM EST   SUNSET   619 PM EST
FEBRUARY 22 2015......SUNRISE   714 AM EST   SUNSET   620 PM EST

-  INDICATES NEGATIVE NUMBERS.
R  INDICATES RECORD WAS SET OR TIED.
MM INDICATES DATA IS MISSING.
T  INDICATES TRACE AMOUNT.

$$
