000
CDUS43 KJKL 300541
CLIJKL

CLIMATE REPORT
NATIONAL WEATHER SERVICE JACKSON KY
140 AM EDT SUN MAR 30 2014

...................................

...THE JACKSON KY CLIMATE SUMMARY FOR MARCH 29 2014...

CLIMATE NORMAL PERIOD 1981 TO 2010
CLIMATE RECORD PERIOD 1981 TO 2014

WEATHER ITEM   OBSERVED TIME   RECORD YEAR NORMAL DEPARTURE LAST
                VALUE   (LST)  VALUE       VALUE  FROM      YEAR
                                                  NORMAL
..................................................................
TEMPERATURE (F)
 YESTERDAY
  MAXIMUM         57    117 AM  84    1998  62     -5       59
  MINIMUM         32R  1159 PM  32    2013  41     -9       32
                                      1991
  AVERAGE         45                        52     -7       46

PRECIPITATION (IN)
  YESTERDAY        1.52R         0.72 1991   0.14   1.38     0.00
  MONTH TO DATE    5.47                      3.86   1.61     4.46
  SINCE MAR 1      5.47                      3.86   1.61     4.46
  SINCE JAN 1     13.09                     11.22   1.87    12.10

SNOWFALL (IN)
  YESTERDAY        1.0                       0.0    1.0      0.0
  MONTH TO DATE   10.6                       2.8    7.8     10.7
  SINCE MAR 1     10.6                       2.8    7.8     10.7
  SINCE JUL 1     37.6                      22.4   15.2     20.0
  SNOW DEPTH       0

DEGREE DAYS
 HEATING
  YESTERDAY       20                        14      6       19
  MONTH TO DATE  631                       527    104      755
  SINCE MAR 1    631                       527    104      755
  SINCE JUL 1   4232                      3827    405     3981

 COOLING
  YESTERDAY        0                         1     -1        0
  MONTH TO DATE    0                         1     -1        0
  SINCE MAR 1      0                         1     -1        0
  SINCE JAN 1      0                         1     -1        0
..................................................................

WIND (MPH)
  HIGHEST WIND SPEED    16   HIGHEST WIND DIRECTION    NW (310)
  HIGHEST GUST SPEED    26   HIGHEST GUST DIRECTION    NW (320)
  AVERAGE WIND SPEED     6.7

SKY COVER
  POSSIBLE SUNSHINE  MM
  AVERAGE SKY COVER 0.9

WEATHER CONDITIONS
 THE FOLLOWING WEATHER WAS RECORDED YESTERDAY.
  HEAVY RAIN
  RAIN
  LIGHT RAIN
  LIGHT SNOW
  FOG
  FOG W/VISIBILITY <= 1/4 MILE

RELATIVE HUMIDITY (PERCENT)
 HIGHEST    96           400 AM
 LOWEST     77          1200 AM
 AVERAGE    87
..........................................................

THE JACKSON KY CLIMATE NORMALS FOR TODAY
                         NORMAL    RECORD    YEAR
 MAXIMUM TEMPERATURE (F)   63        85      1998
 MINIMUM TEMPERATURE (F)   42        27      1991

SUNRISE AND SUNSET
MARCH 30 2014.........SUNRISE   722 AM EDT   SUNSET   754 PM EDT
MARCH 31 2014.........SUNRISE   720 AM EDT   SUNSET   755 PM EDT

-  INDICATES NEGATIVE NUMBERS.
R  INDICATES RECORD WAS SET OR TIED.
MM INDICATES DATA IS MISSING.
T  INDICATES TRACE AMOUNT.

$$
GREIF
