000
CDUS43 KJKL 200521
CLIJKL

CLIMATE REPORT
NATIONAL WEATHER SERVICE JACKSON KY
121 AM EDT WED APR 20 2016

...................................

...THE JACKSON KY CLIMATE SUMMARY FOR APRIL 19 2016...

CLIMATE NORMAL PERIOD 1981 TO 2010
CLIMATE RECORD PERIOD 1981 TO 2016

WEATHER ITEM   OBSERVED TIME   RECORD YEAR NORMAL DEPARTURE LAST
                VALUE   (LST)  VALUE       VALUE  FROM      YEAR
                                                  NORMAL
..................................................................
TEMPERATURE (F)
 YESTERDAY
  MAXIMUM         83    303 PM  89    2002  69     14       69
  MINIMUM         59    648 AM  24    1983  48     11       61
  AVERAGE         71                        58     13       65

PRECIPITATION (IN)
  YESTERDAY        0.00          0.83 1998   0.13  -0.13     0.27
  MONTH TO DATE    0.74                      2.36  -1.62     9.38
  SINCE MAR 1      3.12                      6.48  -3.36    15.64
  SINCE JAN 1     12.68                     13.84  -1.16    21.82

SNOWFALL (IN)
  YESTERDAY        0.0           0.0  2002   0.0    0.0      0.0
  MONTH TO DATE    0.1                       0.9   -0.8      0.0
  SINCE MAR 1      2.9                       3.8   -0.9      3.7
  SINCE JUL 1     32.5                      23.4    9.1     29.1
  SNOW DEPTH       0

DEGREE DAYS
 HEATING
  YESTERDAY        0                         8     -8        0
  MONTH TO DATE  205                       196      9       91
  SINCE MAR 1    544                       749   -205      639
  SINCE JUL 1   3298                      4049   -751     4404

 COOLING
  YESTERDAY        6                         1      5        0
  MONTH TO DATE   16                        19     -3       25
  SINCE MAR 1     24                        26     -2       25
  SINCE JAN 1     24                        26     -2       25
..................................................................

WIND (MPH)
  HIGHEST WIND SPEED     9   HIGHEST WIND DIRECTION    NW (330)
  HIGHEST GUST SPEED    15   HIGHEST GUST DIRECTION     W (290)
  AVERAGE WIND SPEED     3.2

SKY COVER
  POSSIBLE SUNSHINE  MM
  AVERAGE SKY COVER 0.1

WEATHER CONDITIONS
 THE FOLLOWING WEATHER WAS RECORDED YESTERDAY.
  NO SIGNIFICANT WEATHER WAS OBSERVED.

RELATIVE HUMIDITY (PERCENT)
 HIGHEST    46           700 AM
 LOWEST     21           200 PM
 AVERAGE    34
..........................................................

THE JACKSON KY CLIMATE NORMALS FOR TODAY
                         NORMAL    RECORD    YEAR
 MAXIMUM TEMPERATURE (F)   70        86      1992
                                             1985
 MINIMUM TEMPERATURE (F)   48        27      1983

SUNRISE AND SUNSET
APRIL 20 2016.........SUNRISE   651 AM EDT   SUNSET   814 PM EDT
APRIL 21 2016.........SUNRISE   650 AM EDT   SUNSET   815 PM EDT

-  INDICATES NEGATIVE NUMBERS.
R  INDICATES RECORD WAS SET OR TIED.
MM INDICATES DATA IS MISSING.
T  INDICATES TRACE AMOUNT.

$$

GEOGERIAN
