000
CDUS43 KJKL 310544
CLIJKL

CLIMATE REPORT
NATIONAL WEATHER SERVICE JACKSON KY
1226 AM EST SUN DEC 31 2017

...................................

...THE JACKSON KY CLIMATE SUMMARY FOR DECEMBER 30 2017...

CLIMATE NORMAL PERIOD 1981 TO 2010
CLIMATE RECORD PERIOD 1981 TO 2017

WEATHER ITEM   OBSERVED TIME   RECORD YEAR NORMAL DEPARTURE LAST
                VALUE   (LST)  VALUE       VALUE  FROM      YEAR
                                                  NORMAL
..................................................................
TEMPERATURE (F)
 YESTERDAY
  MAXIMUM         29    124 PM  68    1990  43    -14       41
  MINIMUM         16   1159 PM   0    1983  27    -11       29
  AVERAGE         23                        35    -12       35

PRECIPITATION (IN)
  YESTERDAY           T          2.29 1990   0.12  -0.12      T
  MONTH TO DATE    3.28                      4.06  -0.78     6.04
  SINCE DEC 1      3.28                      4.06  -0.78     6.04
  SINCE JAN 1     51.52                     48.22   3.30    52.77

SNOWFALL (IN)
  YESTERDAY          T           2.0  2000   0.2   -0.2       T
  MONTH TO DATE    1.0                       4.7   -3.7      0.3
  SINCE DEC 1      1.0                       4.7   -3.7      0.3
  SINCE JUL 1      1.0                       5.3   -4.3      0.3
  SNOW DEPTH       0

DEGREE DAYS
 HEATING
  YESTERDAY       42                        30     12       30
  MONTH TO DATE  830                       805     25      769
  SINCE DEC 1    830                       805     25      769
  SINCE JUL 1   1552                      1605    -53     1295

 COOLING
  YESTERDAY        0                         0      0        0
  MONTH TO DATE    0                         0      0        0
  SINCE DEC 1      0                         0      0        0
  SINCE JAN 1   1200                      1154     46     1580
..................................................................

WIND (MPH)
  HIGHEST WIND SPEED    13   HIGHEST WIND DIRECTION    NW (300)
  HIGHEST GUST SPEED    22   HIGHEST GUST DIRECTION     W (270)
  AVERAGE WIND SPEED     4.5

SKY COVER
  POSSIBLE SUNSHINE  MM
  AVERAGE SKY COVER 0.9

WEATHER CONDITIONS
 THE FOLLOWING WEATHER WAS RECORDED YESTERDAY.
  FOG
  HAZE

RELATIVE HUMIDITY (PERCENT)
 HIGHEST    81           300 PM
 LOWEST     62           600 PM
 AVERAGE    72
..........................................................

THE JACKSON KY CLIMATE NORMALS FOR TODAY
                         NORMAL    RECORD    YEAR
 MAXIMUM TEMPERATURE (F)   43        67      1984
 MINIMUM TEMPERATURE (F)   27         4      1983

SUNRISE AND SUNSET
DECEMBER 31 2017......SUNRISE   748 AM EST   SUNSET   525 PM EST
JANUARY  1 2018.......SUNRISE   748 AM EST   SUNSET   526 PM EST

-  INDICATES NEGATIVE NUMBERS.
R  INDICATES RECORD WAS SET OR TIED.
MM INDICATES DATA IS MISSING.
T  INDICATES TRACE AMOUNT.

$$

SHALLENBERGER
