608
CDUS43 KJKL 140527
CLIJKL

CLIMATE REPORT
NATIONAL WEATHER SERVICE JACKSON KY
127 AM EDT SAT OCT 14 2017

...................................

...THE JACKSON KY CLIMATE SUMMARY FOR OCTOBER 13 2017...

CLIMATE NORMAL PERIOD 1981 TO 2010
CLIMATE RECORD PERIOD 1981 TO 2017


WEATHER ITEM   OBSERVED TIME   RECORD YEAR NORMAL DEPARTURE LAST
                VALUE   (LST)  VALUE       VALUE  FROM      YEAR
                                                  NORMAL
..................................................................
TEMPERATURE (F)
 YESTERDAY
  MAXIMUM         81    310 PM  84    1985  69     12       63
  MINIMUM         52    728 AM  29    2006  49      3       53
  AVERAGE         67                        59      8       58

PRECIPITATION (IN)
  YESTERDAY        0.00          1.66 1994   0.10  -0.10     0.17
  MONTH TO DATE    2.80                      1.30   1.50     0.19
  SINCE SEP 1      6.13                      4.76   1.37     1.51
  SINCE JAN 1     44.45                     38.31   6.14    42.50

SNOWFALL (IN)
  YESTERDAY        0.0                       0.0    0.0      0.0
  MONTH TO DATE    0.0                       0.0    0.0      0.0
  SINCE SEP 1      0.0                       0.0    0.0      0.0
  SINCE JUL 1      0.0                       0.0    0.0      0.0
  SNOW DEPTH       0

DEGREE DAYS
 HEATING
  YESTERDAY        0                         7     -7        7
  MONTH TO DATE   10                        77    -67       38
  SINCE SEP 1     44                       127    -83       54
  SINCE JUL 1     44                       129    -85       54

 COOLING
  YESTERDAY        2                         1      1        0
  MONTH TO DATE   54                        19     35       18
  SINCE SEP 1    188                       162     26      266
  SINCE JAN 1   1190                      1140     50     1498
..................................................................


WIND (MPH)
  HIGHEST WIND SPEED     6   HIGHEST WIND DIRECTION    NW (320)
  HIGHEST GUST SPEED    12   HIGHEST GUST DIRECTION     W (250)
  AVERAGE WIND SPEED     0.9


SKY COVER
  POSSIBLE SUNSHINE  MM
  AVERAGE SKY COVER 0.0


WEATHER CONDITIONS
 THE FOLLOWING WEATHER WAS RECORDED YESTERDAY.
  FOG


RELATIVE HUMIDITY (PERCENT)
 HIGHEST   100           800 AM
 LOWEST     45           300 PM
 AVERAGE    73

..........................................................


THE JACKSON KY CLIMATE NORMALS FOR TODAY
                         NORMAL    RECORD    YEAR
 MAXIMUM TEMPERATURE (F)   69        81      1992
                                             1989
                                             1985
 MINIMUM TEMPERATURE (F)   48        28      1988


SUNRISE AND SUNSET
OCTOBER 14 2017.......SUNRISE   741 AM EDT   SUNSET   657 PM EDT
OCTOBER 15 2017.......SUNRISE   742 AM EDT   SUNSET   656 PM EDT


-  INDICATES NEGATIVE NUMBERS.
R  INDICATES RECORD WAS SET OR TIED.
MM INDICATES DATA IS MISSING.
T  INDICATES TRACE AMOUNT.




$$
