000
CDUS43 KJKL 112024
CLIJKL

CLIMATE REPORT
NATIONAL WEATHER SERVICE JACKSON KY
424 PM EDT TUE APR 11 2017

...................................

...THE JACKSON KY CLIMATE SUMMARY FOR APRIL 11 2017...
VALID TODAY AS OF 0400 PM LOCAL TIME.

CLIMATE NORMAL PERIOD 1981 TO 2010
CLIMATE RECORD PERIOD 1981 TO 2017

WEATHER ITEM   OBSERVED TIME   RECORD YEAR NORMAL DEPARTURE LAST
                VALUE   (LST)  VALUE       VALUE  FROM      YEAR
                                                  NORMAL
..................................................................
TEMPERATURE (F)
 TODAY
  MAXIMUM         80    234 PM  85    2011  67     13       74
                                      2001
  MINIMUM         61    619 AM  27    1989  45     16       53
  AVERAGE         71                        56     15       64

PRECIPITATION (IN)
  TODAY            0.00          0.88 2008   0.13  -0.13     0.07
  MONTH TO DATE    1.04                      1.38  -0.34     0.65
  SINCE MAR 1      5.46                      5.50  -0.04     3.03
  SINCE JAN 1     13.03                     12.86   0.17    12.59

SNOWFALL (IN)
  TODAY            0.0           T    1990   0.0    0.0      0.0
  MONTH TO DATE    0.0                       0.6   -0.6      0.1
  SINCE MAR 1      0.2                       3.5   -3.3      2.9
  SINCE JUL 1      4.8                      23.1  -18.3     32.5
  SNOW DEPTH       0

DEGREE DAYS
 HEATING
  TODAY            0                        10    -10        1
  MONTH TO DATE   80                       126    -46      174
  SINCE MAR 1    588                       679    -91      513
  SINCE JUL 1   3080                      3979   -899     3267

 COOLING
  TODAY            6                         1      5        0
  MONTH TO DATE   17                        11      6        0
  SINCE MAR 1     23                        18      5        8
  SINCE JAN 1     25                        18      7        8
..................................................................

WIND (MPH)
  HIGHEST WIND SPEED    13   HIGHEST WIND DIRECTION     W (260)
  HIGHEST GUST SPEED    20   HIGHEST GUST DIRECTION    SW (220)
  AVERAGE WIND SPEED     5.3

SKY COVER
  POSSIBLE SUNSHINE  MM
  AVERAGE SKY COVER 0.3

WEATHER CONDITIONS
 THE FOLLOWING WEATHER WAS RECORDED TODAY.
  NO SIGNIFICANT WEATHER WAS OBSERVED.

RELATIVE HUMIDITY (PERCENT)
 HIGHEST    47           200 PM
 LOWEST     26          1200 AM
 AVERAGE    37

..........................................................

THE JACKSON KY CLIMATE NORMALS FOR TOMORROW
                         NORMAL    RECORD    YEAR
 MAXIMUM TEMPERATURE (F)   67        83      2014
 MINIMUM TEMPERATURE (F)   46        30      2012

SUNRISE AND SUNSET
APRIL 11 2017.........SUNRISE   704 AM EDT   SUNSET   805 PM EDT
APRIL 12 2017.........SUNRISE   702 AM EDT   SUNSET   806 PM EDT

-  INDICATES NEGATIVE NUMBERS.
R  INDICATES RECORD WAS SET OR TIED.
MM INDICATES DATA IS MISSING.
T  INDICATES TRACE AMOUNT.

$$

CARICO
