000
CDUS43 KJKL 070552
CLIJKL

CLIMATE REPORT
NATIONAL WEATHER SERVICE JACKSON KY
1236 AM EST TUE MAR 7 2017

...................................

...THE JACKSON KY CLIMATE SUMMARY FOR MARCH 6 2017...

CLIMATE NORMAL PERIOD 1981 TO 2010
CLIMATE RECORD PERIOD 1981 TO 2017

WEATHER ITEM   OBSERVED TIME   RECORD YEAR NORMAL DEPARTURE LAST
                VALUE   (LST)  VALUE       VALUE  FROM      YEAR
                                                  NORMAL
..................................................................
TEMPERATURE (F)
 YESTERDAY
  MAXIMUM         60    322 PM  77    1983  54      6       55
  MINIMUM         50    913 AM   8    2015  34     16       35
  AVERAGE         55                        44     11       45

PRECIPITATION (IN)
  YESTERDAY        0.04          0.90 1992   0.13  -0.09     0.00
  MONTH TO DATE    0.96                      0.79   0.17     0.86
  SINCE MAR 1      0.96                      0.79   0.17     0.86
  SINCE JAN 1      8.53                      8.15   0.38    10.42

SNOWFALL (IN)
  YESTERDAY        0.0           1.5  2013   0.1   -0.1      0.0
  MONTH TO DATE    T                         0.7   -0.7      2.8
  SINCE MAR 1      T                         0.7   -0.7      2.8
  SINCE JUL 1      4.6                      20.3  -15.7     32.4
  SNOW DEPTH       0

DEGREE DAYS
 HEATING
  YESTERDAY       10                        21    -11       20
  MONTH TO DATE  112                       131    -19      158
  SINCE MAR 1    112                       131    -19      158
  SINCE JUL 1   2604                      3431   -827     2912

 COOLING
  YESTERDAY        0                         0      0        0
  MONTH TO DATE    0                         0      0        0
  SINCE MAR 1      0                         0      0        0
  SINCE JAN 1      2                         0      2        0
..................................................................

WIND (MPH)
  HIGHEST WIND SPEED    10   HIGHEST WIND DIRECTION     S (180)
  HIGHEST GUST SPEED    17   HIGHEST GUST DIRECTION    SW (220)
  AVERAGE WIND SPEED     4.1

SKY COVER
  POSSIBLE SUNSHINE  MM
  AVERAGE SKY COVER 0.9

WEATHER CONDITIONS
 THE FOLLOWING WEATHER WAS RECORDED YESTERDAY.
  LIGHT RAIN

RELATIVE HUMIDITY (PERCENT)
 HIGHEST    77          1000 AM
 LOWEST     30          1200 AM
 AVERAGE    54
..........................................................

THE JACKSON KY CLIMATE NORMALS FOR TODAY
                         NORMAL    RECORD    YEAR
 MAXIMUM TEMPERATURE (F)   54        80      2000
 MINIMUM TEMPERATURE (F)   35        15      1996

SUNRISE AND SUNSET
MARCH  7 2017.........SUNRISE   656 AM EST   SUNSET   633 PM EST
MARCH  8 2017.........SUNRISE   654 AM EST   SUNSET   634 PM EST

-  INDICATES NEGATIVE NUMBERS.
R  INDICATES RECORD WAS SET OR TIED.
MM INDICATES DATA IS MISSING.
T  INDICATES TRACE AMOUNT.

$$
SHALLENBERGER
