000
CDUS43 KJKL 042022
CLIJKL

CLIMATE REPORT
NATIONAL WEATHER SERVICE JACKSON KY
321 PM EST TUE NOV 4 2014


...................................

...THE JACKSON KY CLIMATE SUMMARY FOR NOVEMBER 4 2014...
VALID TODAY AS OF 0300 PM LOCAL TIME.

CLIMATE NORMAL PERIOD 1981 TO 2010
CLIMATE RECORD PERIOD 1981 TO 2014


WEATHER ITEM   OBSERVED TIME   RECORD YEAR NORMAL DEPARTURE LAST
                VALUE   (LST)  VALUE       VALUE  FROM      YEAR
                                                  NORMAL
..................................................................
TEMPERATURE (F)
 TODAY
  MAXIMUM         65    217 PM  82    2003  62      3       62
  MINIMUM         47    635 AM  20    1991  43      4       38
  AVERAGE         56                        53      3       50

PRECIPITATION (IN)
  TODAY            0.00          1.08 2004   0.12  -0.12     0.00
  MONTH TO DATE    0.14                      0.50  -0.36     0.38
  SINCE SEP 1     10.26                      7.15   3.11     3.78
  SINCE JAN 1     48.56                     40.70   7.86    47.00

SNOWFALL (IN)
  TODAY            0.0                       0.0    0.0      0.0
  MONTH TO DATE    0.8                       0.0    0.8      0.0
  SINCE SEP 1      0.8                       0.1    0.7      0.1
  SINCE JUL 1      0.8                       0.1    0.7      0.1
  SNOW DEPTH       0

DEGREE DAYS
 HEATING
  TODAY            9                        13     -4       15
  MONTH TO DATE   83                        49     34       49
  SINCE SEP 1    379                       344     35      317
  SINCE JUL 1    382                       346     36      319

 COOLING
  TODAY            0                         0      0        0
  MONTH TO DATE    0                         0      0        0
  SINCE SEP 1    164                       172     -8      174
  SINCE JAN 1   1165                      1150     15     1069
..................................................................


WIND (MPH)
  HIGHEST WIND SPEED    10   HIGHEST WIND DIRECTION     S (180)
  HIGHEST GUST SPEED    21   HIGHEST GUST DIRECTION     W (250)
  AVERAGE WIND SPEED     4.0


SKY COVER
  POSSIBLE SUNSHINE  MM
  AVERAGE SKY COVER 0.0


WEATHER CONDITIONS
 THE FOLLOWING WEATHER WAS RECORDED TODAY.
  NO SIGNIFICANT WEATHER WAS OBSERVED.


RELATIVE HUMIDITY (PERCENT)
 HIGHEST    42           800 AM
 LOWEST     30           200 AM
 AVERAGE    36

..........................................................


THE JACKSON KY CLIMATE NORMALS FOR TOMORROW
                         NORMAL    RECORD    YEAR
 MAXIMUM TEMPERATURE (F)   62        79      1994
 MINIMUM TEMPERATURE (F)   43        17      1991


SUNRISE AND SUNSET
NOVEMBER  4 2014......SUNRISE   701 AM EST   SUNSET   532 PM EST
NOVEMBER  5 2014......SUNRISE   702 AM EST   SUNSET   531 PM EST


-  INDICATES NEGATIVE NUMBERS.
R  INDICATES RECORD WAS SET OR TIED.
MM INDICATES DATA IS MISSING.
T  INDICATES TRACE AMOUNT.




$$
