000
CDUS43 KJKL 222018
CLIJKL

CLIMATE REPORT
NATIONAL WEATHER SERVICE JACKSON KY
419 PM EDT TUE APR 22 2014

...................................

...THE JACKSON KY CLIMATE SUMMARY FOR APRIL 22 2014...
VALID TODAY AS OF 0400 PM LOCAL TIME.

CLIMATE NORMAL PERIOD 1981 TO 2010
CLIMATE RECORD PERIOD 1981 TO 2014

WEATHER ITEM   OBSERVED TIME   RECORD YEAR NORMAL DEPARTURE LAST
                VALUE   (LST)  VALUE       VALUE  FROM      YEAR
                                                  NORMAL
..................................................................
TEMPERATURE (F)
 TODAY
  MAXIMUM         75    208 PM  89    1985  70      5       72
  MINIMUM         57    733 AM  29    1986  49      8       45
  AVERAGE         66                        59      7       59

PRECIPITATION (IN)
  TODAY            0.04          1.53 1984   0.13  -0.09     0.00
  MONTH TO DATE    2.47                      2.74  -0.27     2.43
  SINCE MAR 1      7.98                      6.86   1.12     7.06
  SINCE JAN 1     15.60                     14.22   1.38    14.70

SNOWFALL (IN)
  TODAY            0.0                       0.0    0.0      0.0
  MONTH TO DATE    1.0                       1.0    0.0      0.0
  SINCE MAR 1     11.9                       3.9    8.0     10.7
  SINCE JUL 1     38.9                      23.5   15.4     20.0
  SNOW DEPTH       0

DEGREE DAYS
 HEATING
  TODAY            0                         7     -7        6
  MONTH TO DATE  128                       219    -91      190
  SINCE MAR 1    795                       772     23      975
  SINCE JUL 1   4396                      4072    324     4201

 COOLING
  TODAY            1                         2     -1        0
  MONTH TO DATE   29                        25      4       39
  SINCE MAR 1     29                        32     -3       39
  SINCE JAN 1     29                        32     -3       39
..................................................................

WIND (MPH)
  HIGHEST WIND SPEED    15   HIGHEST WIND DIRECTION    NW (300)
  HIGHEST GUST SPEED    23   HIGHEST GUST DIRECTION     W (270)
  AVERAGE WIND SPEED     4.6

SKY COVER
  POSSIBLE SUNSHINE  MM
  AVERAGE SKY COVER 0.9

WEATHER CONDITIONS
 THE FOLLOWING WEATHER WAS RECORDED TODAY.
  RAIN
  LIGHT RAIN
  FOG
  HAZE

RELATIVE HUMIDITY (PERCENT)
 HIGHEST    84           900 AM
 LOWEST     42          1200 AM
 AVERAGE    63
..........................................................

THE JACKSON KY CLIMATE NORMALS FOR TOMORROW
                         NORMAL    RECORD    YEAR
 MAXIMUM TEMPERATURE (F)   70        88      1988
 MINIMUM TEMPERATURE (F)   49        25      1986

SUNRISE AND SUNSET
APRIL 22 2014.........SUNRISE   649 AM EDT   SUNSET   815 PM EDT
APRIL 23 2014.........SUNRISE   648 AM EDT   SUNSET   816 PM EDT

-  INDICATES NEGATIVE NUMBERS.
R  INDICATES RECORD WAS SET OR TIED.
MM INDICATES DATA IS MISSING.
T  INDICATES TRACE AMOUNT.

$$

TAB
