000
CDUS43 KJKL 232024
CLIJKL

CLIMATE REPORT
NATIONAL WEATHER SERVICE JACKSON KY
424 PM EDT MON MAY 23 2016

...................................

...THE JACKSON KY CLIMATE SUMMARY FOR MAY 23 2016...
VALID TODAY AS OF 0400 PM LOCAL TIME.

CLIMATE NORMAL PERIOD 1981 TO 2010
CLIMATE RECORD PERIOD 1981 TO 2016

WEATHER ITEM   OBSERVED TIME   RECORD YEAR NORMAL DEPARTURE LAST
                VALUE   (LST)  VALUE       VALUE  FROM      YEAR
                                                  NORMAL
..................................................................
TEMPERATURE (F)
 TODAY
  MAXIMUM         74    207 PM  87    1994  76     -2       79
  MINIMUM         50    616 AM  47    2006  56     -6       51
                                      2002
                                      2001
  AVERAGE         62                        66     -4       65

PRECIPITATION (IN)
  TODAY            0.00          1.22 2011   0.17  -0.17     0.00
  MONTH TO DATE    6.40                      3.81   2.59     1.28
  SINCE MAR 1     12.60                     11.76   0.84    17.83
  SINCE JAN 1     22.16                     19.12   3.04    24.01

SNOWFALL (IN)
  TODAY            0.0                       0.0    0.0      0.0
  MONTH TO DATE    0.0                       0.0    0.0      0.0
  SINCE MAR 1      2.9                       3.9   -1.0      3.7
  SINCE JUL 1     32.5                      23.5    9.0     29.1
  SNOW DEPTH       0

DEGREE DAYS
 HEATING
  TODAY            3                         2      1        0
  MONTH TO DATE  137                        86     51       44
  SINCE MAR 1    700                       907   -207      801
  SINCE JUL 1   3454                      4207   -753     4566

 COOLING
  TODAY            0                         4     -4        0
  MONTH TO DATE   22                        59    -37      108
  SINCE MAR 1     76                       105    -29      133
  SINCE JAN 1     76                       105    -29      133
..................................................................

WIND (MPH)
  HIGHEST WIND SPEED     7   HIGHEST WIND DIRECTION     E (90)
  HIGHEST GUST SPEED    10   HIGHEST GUST DIRECTION     E (70)
  AVERAGE WIND SPEED     0.4

SKY COVER
  POSSIBLE SUNSHINE  MM
  AVERAGE SKY COVER 0.2

WEATHER CONDITIONS
 THE FOLLOWING WEATHER WAS RECORDED TODAY.
  NO SIGNIFICANT WEATHER WAS OBSERVED.

RELATIVE HUMIDITY (PERCENT)
 HIGHEST    89           400 AM
 LOWEST     44           200 PM
 AVERAGE    67

..........................................................

THE JACKSON KY CLIMATE NORMALS FOR TOMORROW
                         NORMAL    RECORD    YEAR
 MAXIMUM TEMPERATURE (F)   76        88      1991
 MINIMUM TEMPERATURE (F)   57        48      2013

SUNRISE AND SUNSET
MAY 23 2016...........SUNRISE   618 AM EDT   SUNSET   843 PM EDT
MAY 24 2016...........SUNRISE   617 AM EDT   SUNSET   844 PM EDT

-  INDICATES NEGATIVE NUMBERS.
R  INDICATES RECORD WAS SET OR TIED.
MM INDICATES DATA IS MISSING.
T  INDICATES TRACE AMOUNT.

$$

CARICO
