000
CDUS43 KJKL 162117
CLIJKL

CLIMATE REPORT
NATIONAL WEATHER SERVICE JACKSON KY
417 PM EST MON FEB 16 2015

...................................

...THE JACKSON KY CLIMATE SUMMARY FOR FEBRUARY 16 2015...
VALID TODAY AS OF 0400 PM LOCAL TIME.

CLIMATE NORMAL PERIOD 1981 TO 2010
CLIMATE RECORD PERIOD 1981 TO 2015

WEATHER ITEM   OBSERVED TIME   RECORD YEAR NORMAL DEPARTURE LAST
                VALUE   (LST)  VALUE       VALUE  FROM      YEAR
                                                  NORMAL
..................................................................
TEMPERATURE (F)
 TODAY
  MAXIMUM         16    143 AM  72    2006  48    -32       37
  MINIMUM         11    913 AM   2    1991  30    -19       23
  AVERAGE         14                        39    -25       30

PRECIPITATION (IN)
  TODAY            1.01          1.90 2003   0.13   0.88     0.03
  MONTH TO DATE    1.81                      2.12  -0.31     2.98
  SINCE DEC 1      6.42                      9.91  -3.49    13.22
  SINCE JAN 1      3.93                      5.73  -1.80     6.13

SNOWFALL (IN)
  TODAY            9.0                       0.3    8.7      0.4
  MONTH TO DATE   13.1                       4.5    8.6      7.5
  SINCE DEC 1     15.8                      16.5   -0.7     22.9
  SINCE JUL 1     17.0                      17.1   -0.1     25.8
  SNOW DEPTH       1

DEGREE DAYS
 HEATING
  TODAY           51                        26     25       35
  MONTH TO DATE  533                       442     91      536
  SINCE DEC 1   2257                      2208     49     2433
  SINCE JUL 1   3247                      3008    239     3320

 COOLING
  TODAY            0                         0      0        0
  MONTH TO DATE    0                         0      0        0
  SINCE DEC 1      0                         1     -1        0
  SINCE JAN 1      0                         0      0        0
..................................................................

WIND (MPH)
  HIGHEST WIND SPEED     8   HIGHEST WIND DIRECTION    NE (40)
  HIGHEST GUST SPEED    14   HIGHEST GUST DIRECTION    NE (60)
  AVERAGE WIND SPEED     4.0

SKY COVER
  POSSIBLE SUNSHINE  MM
  AVERAGE SKY COVER 1.0

WEATHER CONDITIONS
 THE FOLLOWING WEATHER WAS RECORDED TODAY.
  HEAVY SNOW
  SNOW
  LIGHT SNOW
  FOG
  FOG W/VISIBILITY <= 1/4 MILE

RELATIVE HUMIDITY (PERCENT)
 HIGHEST    88           300 PM
 LOWEST     51           100 AM
 AVERAGE    70

..........................................................

THE JACKSON KY CLIMATE NORMALS FOR TOMORROW
                         NORMAL    RECORD    YEAR
 MAXIMUM TEMPERATURE (F)   48        70      2011
 MINIMUM TEMPERATURE (F)   30        14      1996

SUNRISE AND SUNSET
FEBRUARY 16 2015......SUNRISE   722 AM EST   SUNSET   613 PM EST
FEBRUARY 17 2015......SUNRISE   721 AM EST   SUNSET   614 PM EST

-  INDICATES NEGATIVE NUMBERS.
R  INDICATES RECORD WAS SET OR TIED.
MM INDICATES DATA IS MISSING.
T  INDICATES TRACE AMOUNT.

$$

CARICO

...SNOW DEPTH FROM 7 AM...
