000
CDUS43 KJKL 102119
CLIJKL

CLIMATE REPORT
NATIONAL WEATHER SERVICE JACKSON KY
419 PM EST FRI NOV 10 2017

...................................

...THE JACKSON KY CLIMATE SUMMARY FOR NOVEMBER 10 2017...
VALID TODAY AS OF 0400 PM LOCAL TIME.

CLIMATE NORMAL PERIOD 1981 TO 2010
CLIMATE RECORD PERIOD 1981 TO 2017

WEATHER ITEM   OBSERVED TIME   RECORD YEAR NORMAL DEPARTURE LAST
                VALUE   (LST)  VALUE       VALUE  FROM      YEAR
                                                  NORMAL
..................................................................
TEMPERATURE (F)
 TODAY
  MAXIMUM         45   1227 AM  78    2002  60    -15       62
  MINIMUM         31    801 AM  28    1991  41    -10       36
  AVERAGE         38                        51    -13       49

PRECIPITATION (IN)
  TODAY            0.00          1.07 1987   0.12  -0.12     0.00
  MONTH TO DATE    0.47                      1.23  -0.76     0.14
  SINCE SEP 1      9.09                      7.88   1.21     2.97
  SINCE JAN 1     47.41                     41.43   5.98    43.96

SNOWFALL (IN)
  TODAY            0.0           T    1996   0.0    0.0      0.0
                                      1987
  MONTH TO DATE    0.0                       0.1   -0.1      0.0
  SINCE SEP 1      T                         0.2   -0.2      0.0
  SINCE JUL 1      T                         0.2   -0.2      0.0
  SNOW DEPTH       0

DEGREE DAYS
 HEATING
  TODAY           27                        15     12       16
  MONTH TO DATE  107                       132    -25       78
  SINCE SEP 1    341                       427    -86      200
  SINCE JUL 1    341                       429    -88      200

 COOLING
  TODAY            0                         0      0        0
  MONTH TO DATE    5                         0      5       20
  SINCE SEP 1    198                       172     26      346
  SINCE JAN 1   1200                      1150     50     1578
..................................................................

WIND (MPH)
  HIGHEST WIND SPEED     9   HIGHEST WIND DIRECTION     N (340)
  HIGHEST GUST SPEED    16   HIGHEST GUST DIRECTION    NW (320)
  AVERAGE WIND SPEED     2.9

SKY COVER
  POSSIBLE SUNSHINE  MM
  AVERAGE SKY COVER 0.2

WEATHER CONDITIONS
 THE FOLLOWING WEATHER WAS RECORDED TODAY.
  NO SIGNIFICANT WEATHER WAS OBSERVED.

RELATIVE HUMIDITY (PERCENT)
 HIGHEST    82           600 AM
 LOWEST     39           300 PM
 AVERAGE    61
..........................................................

THE JACKSON KY CLIMATE NORMALS FOR TOMORROW
                         NORMAL    RECORD    YEAR
 MAXIMUM TEMPERATURE (F)   59        73      2012
 MINIMUM TEMPERATURE (F)   41        26      1987

SUNRISE AND SUNSET
NOVEMBER 10 2017......SUNRISE   708 AM EST   SUNSET   526 PM EST
NOVEMBER 11 2017......SUNRISE   709 AM EST   SUNSET   525 PM EST

-  INDICATES NEGATIVE NUMBERS.
R  INDICATES RECORD WAS SET OR TIED.
MM INDICATES DATA IS MISSING.
T  INDICATES TRACE AMOUNT.

$$

TAB
