118
CDUS43 KJKL 170527
CLIJKL

CLIMATE REPORT
NATIONAL WEATHER SERVICE JACKSON KY
127 AM EDT FRI MAR 17 2017
...................................

...THE JACKSON KY CLIMATE SUMMARY FOR MARCH 16 2017...

CLIMATE NORMAL PERIOD 1981 TO 2010
CLIMATE RECORD PERIOD 1981 TO 2017

WEATHER ITEM   OBSERVED TIME   RECORD YEAR NORMAL DEPARTURE LAST
                VALUE   (LST)  VALUE       VALUE  FROM      YEAR
                                                  NORMAL
..................................................................
TEMPERATURE (F)
 YESTERDAY
  MAXIMUM         43    515 PM  78    2015  58    -15       72
                                      1995
  MINIMUM         18R   646 AM  18    1988  37    -19       54
  AVERAGE         31                        47    -16       63

PRECIPITATION (IN)
  YESTERDAY        0.00          1.08 2002   0.13  -0.13      T
  MONTH TO DATE    1.84                      2.12  -0.28     1.19
  SINCE MAR 1      1.84                      2.12  -0.28     1.19
  SINCE JAN 1      9.41                      9.48  -0.07    10.75

SNOWFALL (IN)
  YESTERDAY        0.0           0.7  2014   0.1   -0.1      0.0
  MONTH TO DATE    0.2                       1.8   -1.6      2.8
  SINCE MAR 1      0.2                       1.8   -1.6      2.8
  SINCE JUL 1      4.8                      21.4  -16.6     32.4
  SNOW DEPTH       0

DEGREE DAYS
 HEATING
  YESTERDAY       34                        18     16        2
  MONTH TO DATE  357                       323     34      181
  SINCE MAR 1    357                       323     34      181
  SINCE JUL 1   2849                      3623   -774     2935

 COOLING
  YESTERDAY        0                         0      0        0
  MONTH TO DATE    0                         0      0        7
  SINCE MAR 1      0                         0      0        7
  SINCE JAN 1      2                         0      2        7
..................................................................

WIND (MPH)
  HIGHEST WIND SPEED    12   HIGHEST WIND DIRECTION    NW (310)
  HIGHEST GUST SPEED    18   HIGHEST GUST DIRECTION    NW (310)
  AVERAGE WIND SPEED     3.0

SKY COVER
  POSSIBLE SUNSHINE  MM
  AVERAGE SKY COVER 0.0

WEATHER CONDITIONS
 THE FOLLOWING WEATHER WAS RECORDED YESTERDAY.
  NO SIGNIFICANT WEATHER WAS OBSERVED.

RELATIVE HUMIDITY (PERCENT)
 HIGHEST    62           500 AM
 LOWEST     24           500 PM
 AVERAGE    43
..........................................................

THE JACKSON KY CLIMATE NORMALS FOR TODAY
                         NORMAL    RECORD    YEAR
 MAXIMUM TEMPERATURE (F)   58        79      1989
 MINIMUM TEMPERATURE (F)   38        20      1994

SUNRISE AND SUNSET
MARCH 17 2017.........SUNRISE   741 AM EDT   SUNSET   743 PM EDT
MARCH 18 2017.........SUNRISE   739 AM EDT   SUNSET   744 PM EDT

-  INDICATES NEGATIVE NUMBERS.
R  INDICATES RECORD WAS SET OR TIED.
MM INDICATES DATA IS MISSING.
T  INDICATES TRACE AMOUNT.

$$
