749
CDUS43 KJKL 132120
CLIJKL

CLIMATE REPORT
NATIONAL WEATHER SERVICE JACKSON KY
420 PM EST TUE FEB 13 2018

...................................

...THE JACKSON KY CLIMATE SUMMARY FOR FEBRUARY 13 2018...
VALID TODAY AS OF 0400 PM LOCAL TIME.

CLIMATE NORMAL PERIOD 1981 TO 2010
CLIMATE RECORD PERIOD 1981 TO 2018

WEATHER ITEM   OBSERVED TIME   RECORD YEAR NORMAL DEPARTURE LAST
                VALUE   (LST)  VALUE       VALUE  FROM      YEAR
                                                  NORMAL
..................................................................
TEMPERATURE (F)
 TODAY
  MAXIMUM         48    359 PM  72    1990  47      1       49
  MINIMUM         29   1233 AM   7    1988  29      0       31
  AVERAGE         39                        38      1       40

PRECIPITATION (IN)
  TODAY            0.01          1.26 1989   0.13  -0.12     0.00
  MONTH TO DATE    4.65                      1.72   2.93     1.26
  SINCE DEC 1      9.85                      9.51   0.34    12.13
  SINCE JAN 1      6.57                      5.33   1.24     5.97

SNOWFALL (IN)
  TODAY            0.0           2.6  2014   0.3   -0.3      0.0
  MONTH TO DATE    2.6                       3.7   -1.1       T
  SINCE DEC 1     10.4                      15.7   -5.3      4.6
  SINCE JUL 1     10.4                      16.3   -5.9      4.6
  SNOW DEPTH       0

DEGREE DAYS
 HEATING
  TODAY           26                        27     -1       25
  MONTH TO DATE  373                       364      9      269
  SINCE DEC 1   2252                      2130    122     1764
  SINCE JUL 1   2974                      2930     44     2290

 COOLING
  TODAY            0                         0      0        0
  MONTH TO DATE    0                         0      0        0
  SINCE DEC 1      0                         1     -1        0
  SINCE JAN 1      0                         0      0        0
..................................................................

WIND (MPH)
  HIGHEST WIND SPEED     9   HIGHEST WIND DIRECTION    NE (50)
  HIGHEST GUST SPEED    19   HIGHEST GUST DIRECTION    NE (30)
  AVERAGE WIND SPEED     3.0

SKY COVER
  POSSIBLE SUNSHINE  MM
  AVERAGE SKY COVER 0.9

WEATHER CONDITIONS
 THE FOLLOWING WEATHER WAS RECORDED TODAY.
  LT FREEZING RAIN
  FOG

RELATIVE HUMIDITY (PERCENT)
 HIGHEST    92           700 AM
 LOWEST     78           400 AM
 AVERAGE    85

..........................................................

THE JACKSON KY CLIMATE NORMALS FOR TOMORROW
                         NORMAL    RECORD    YEAR
 MAXIMUM TEMPERATURE (F)   47        71      1990
 MINIMUM TEMPERATURE (F)   30         9      2015

SUNRISE AND SUNSET
FEBRUARY 13 2018......SUNRISE   725 AM EST   SUNSET   610 PM EST
FEBRUARY 14 2018......SUNRISE   724 AM EST   SUNSET   612 PM EST

-  INDICATES NEGATIVE NUMBERS.
R  INDICATES RECORD WAS SET OR TIED.
MM INDICATES DATA IS MISSING.
T  INDICATES TRACE AMOUNT.

$$

CARICO
